000
CXUS54 KLZK 011231
CF6MEZ
PRELIMINARY LOCAL CLIMATOLOGICAL DATA (WS FORM: F-6)
STATION: MENA AIRPORT
MONTH: MARCH
YEAR: 2024
LATITUDE: 34 9 N
LONGITUDE: 94 15 W
TEMPERATURE IN F: :PCPN: SNOW: WIND :SUNSHINE: SKY :PK WND
================================================================================
1 2 3 4 5 6A 6B 7 8 9 10 11 12 13 14 15 16 17 18
12Z AVG MX 2MIN
DY MAX MIN AVG DEP HDD CDD WTR SNW DPTH SPD SPD DIR MIN PSBL S-S WX SPD DR
================================================================================
1 60 31 46 0 19 0 0.00 M M 1.0 7 270 M M 3 1 M M
2 73 33 53 7 12 0 0.00 M M 2.9 8 150 M M 2 12 M M
3 74 58 66 19 0 1 0.00 M M 4.2 7 99 M M 5 16 99
4 77 62 70 23 0 5 0.00 M M 4.1 8 240 M M 5 18 230
5 75 51 63 16 2 0 T M M 2.8 7 280 M M 3 1 M M
6 74 46 60 12 5 0 0.00 M M 2.1 8 80 M M 2 M M
7 60 53 57 9 8 0 1.12 M M M M M M M M M M
8 61 44 53 5 12 0 0.51 M M M M M M M M M M
9 53 34 44 -4 21 0 0.00 M M M M M M M M M M
10 63 26 45 -4 20 0 0.00 M M M M M M M M M M
11 65 28 47 -2 18 0 0.00 M M 2.1 7 99 M M 0 M M
12 71 38 55 6 10 0 0.00 M M 3.5 9 240 M M 1 18 240
13 74 61 68 19 0 3 T M M 4.6 7 99 M M 5 1 M M
14 79 59 69 19 0 4 2.47 M M 5.7 29 310 M M 7 13 39 320
15 64 52 58 8 7 0 0.27 M M 4.3 10 360 M M 8 18 M M
16 68 42 55 5 10 0 0.03 M M 2.1 6 100 M M 2 1 M M
17 63 48 56 6 9 0 T M M 5.9 12 10 M M 5 17 30
18 51 27 39 -12 26 0 0.00 M M 7.0 16 320 M M 0 27 300
19 65 23 44 -7 21 0 0.00 M M 4.6 13 270 M M 0 8 18 260
20 72 39 56 5 9 0 0.00 M M 2.4 9 260 M M 0 M M
21 63 41 52 0 13 0 0.01 M M 2.3 12 100 M M 5 1 M M
22 61 51 56 4 9 0 0.30 M M 3.5 8 330 M M 4 1 20 330
23 65 40 53 1 12 0 T M M 4.6 9 80 M M 0 8 M M
24 65 44 55 3 10 0 0.00 M M 6.7 12 110 M M 3 27 130
25 61 43 52 -1 13 0 3.02 M M 3.8 15 290 M M 6 1 29 290
26 54 33 44 -9 21 0 0.00 M M 10.0 18 280 M M 0 30 280
27 62 27 45 -8 20 0 0.00 M M 2.8 9 90 M M 2 M M
28 68 33 51 -2 14 0 0.00 M M 1.5 9 270 M M 1 M M
29 75 42 59 5 6 0 0.00 M M 4.8 10 240 M M 0 22 220
30 70 59 65 11 0 0 0.00 M M 4.8 9 240 M M 9 18 230
31 70 64 67 13 0 2 T M M 4.1 8 230 M M 9 1 16 99
================================================================================
SM 2056 1332 327 15 7.73 M 108.1 M 87
================================================================================
AV 66.3 43.0 4.0 FASTST M M 3 MAX(MPH)
MISC ----> 29 310 39 320
================================================================================
NOTES:
# LAST OF SEVERAL OCCURRENCES
COLUMN 17 PEAK WIND IN M.P.H.
PRELIMINARY LOCAL CLIMATOLOGICAL DATA (WS FORM: F-6) , PAGE 2
STATION: MENA AIRPORT
MONTH: MARCH
YEAR: 2024
LATITUDE: 34 9 N
LONGITUDE: 94 15 W
[TEMPERATURE DATA] [PRECIPITATION DATA] SYMBOLS USED IN COLUMN 16
AVERAGE MONTHLY: 54.6 TOTAL FOR MONTH: 7.73 1 = FOG OR MIST
DPTR FM NORMAL: 4.4 DPTR FM NORMAL: 2.71 2 = FOG REDUCING VISIBILITY
HIGHEST: 79 ON 14 GRTST 24HR 3.02 ON 25-25 TO 1/4 MILE OR LESS
LOWEST: 23 ON 19 3 = THUNDER
SNOW, ICE PELLETS, HAIL 4 = ICE PELLETS
TOTAL MONTH: M 5 = HAIL
GRTST 24HR M ON M 6 = FREEZING RAIN OR DRIZZLE
GRTST DEPTH: M ON M 7 = DUSTSTORM OR SANDSTORM:
VSBY 1/2 MILE OR LESS
8 = SMOKE OR HAZE
[NO. OF DAYS WITH] [WEATHER - DAYS WITH] 9 = BLOWING SNOW
X = TORNADO
MAX 32 OR BELOW: 0 0.01 INCH OR MORE: 8
MAX 90 OR ABOVE: 0 0.10 INCH OR MORE: 6
MIN 32 OR BELOW: 6 0.50 INCH OR MORE: 4
MIN 0 OR BELOW: 0 1.00 INCH OR MORE: 3
[HDD (BASE 65) ]
TOTAL THIS MO. 327 CLEAR (SCALE 0-3) 16
DPTR FM NORMAL -138 PTCLDY (SCALE 4-7) 9
TOTAL FM JUL 1 2881 CLOUDY (SCALE 8-10) 6
DPTR FM NORMAL -469
[CDD (BASE 65) ]
TOTAL THIS MO. 15
DPTR FM NORMAL 9 [PRESSURE DATA]
TOTAL FM JAN 1 28 HIGHEST SLP M ON M
DPTR FM NORMAL 22 LOWEST SLP M ON M
[REMARKS]
#FINAL-03-24#