000
CXUS54 KLZK 011332
CF6MEZ
PRELIMINARY LOCAL CLIMATOLOGICAL DATA (WS FORM: F-6)
STATION: MENA AIRPORT
MONTH: FEBRUARY
YEAR: 2024
LATITUDE: 34 9 N
LONGITUDE: 94 15 W
TEMPERATURE IN F: :PCPN: SNOW: WIND :SUNSHINE: SKY :PK WND
================================================================================
1 2 3 4 5 6A 6B 7 8 9 10 11 12 13 14 15 16 17 18
12Z AVG MX 2MIN
DY MAX MIN AVG DEP HDD CDD WTR SNW DPTH SPD SPD DIR MIN PSBL S-S WX SPD DR
================================================================================
1 67 33 50 10 15 0 0.00 M M 1.4 7 250 M M 0 M M
2 65 47 56 16 9 0 0.00 M M 2.7 6 110 M M 6 M M
3 58 47 53 13 12 0 0.05 M M 5.6 10 90 M M 9 1 28 100
4 53 40 47 7 18 0 0.02 M M 3.5 7 50 M M 8 1 M M
5 60 34 47 7 18 0 0.00 M M 5.1 10 340 M M 2 18 0
6 64 28 46 5 19 0 0.00 M M 2.0 6 60 M M 0 M M
7 65 35 50 9 15 0 T M M 2.7 8 130 M M 0 M M
8 66 55 61 20 4 0 T M M 5.6 8 240 M M 5 1 M M
9 69 50 60 19 5 0 0.00 M M 4.8 9 240 M M 3 18 18 230
10 62 49 56 15 9 0 T M M 2.2 7 260 M M 4 1 M M
11 50 42 46 4 19 0 0.13 M M 8.3 12 90 M M 10 1 M M
12 43 32 38 -4 27 0 0.03 M M 6.5 14 300 M M 7 1 22 300
13 60 29 45 3 20 0 0.00 M M 3.7 10 260 M M 0 M M
14 64 28 46 4 19 0 0.00 M M 2.2 10 270 M M 0 M M
15 70 48 59 17 6 0 0.00 M M 3.5 9 260 M M 1 18 18 240
16 66 35 51 8 14 0 0.00 M M 8.7 23 290 M M 7 27 10
17 43 24 34 -9 31 0 0.00 M M 8.4 13 30 M M 4 20 20
18 52 14 33 -10 32 0 0.00 M M 1.7 7 250 M M 0 M M
19 58 20 39 -4 26 0 0.00 M M 1.7 6 99 M M 0 M M
20 73 28 51 7 14 0 T M M 2.5 10 280 M M 0 M M
21 76 54 65 21 0 0 0.00 M M 6.3 12 240 M M 2 23 250
22 78 60 69 25 0 4 0.00 M M 9.3 15 280 M M 3 25 300
23 65 39 52 8 13 0 0.00 M M 7.3 16 290 M M 0 22 330
24 69 40 55 10 10 0 0.00 M M 5.2 9 270 M M 0 8 17 270
25 77 40 59 14 6 0 0.00 M M 6.3 13 240 M M 0 25 240
26 78 59 69 24 0 4 0.00 M M 5.3 9 240 M M 3 M M
27 72 67 70 24 0 5 0.00 M M 7.9 12 220 M M 3 28 240
28 68 32 50 4 15 0 0.00 M M 8.0 18 280 M M 1 30 M
29 47 25 36 -10 29 0 0.03 M M 3.6 10 90 M M 4 1 M M
================================================================================
SM 1838 1134 405 13 0.26 M 141.9 M 82
================================================================================
AV 63.4 39.1 4.9 FASTST M M 3 MAX(MPH)
MISC ----> 23 290 30 9999
================================================================================
NOTES:
# LAST OF SEVERAL OCCURRENCES
COLUMN 17 PEAK WIND IN M.P.H.
PRELIMINARY LOCAL CLIMATOLOGICAL DATA (WS FORM: F-6) , PAGE 2
STATION: MENA AIRPORT
MONTH: FEBRUARY
YEAR: 2024
LATITUDE: 34 9 N
LONGITUDE: 94 15 W
[TEMPERATURE DATA] [PRECIPITATION DATA] SYMBOLS USED IN COLUMN 16
AVERAGE MONTHLY: 51.2 TOTAL FOR MONTH: 0.26 1 = FOG OR MIST
DPTR FM NORMAL: 8.7 DPTR FM NORMAL: -3.69 2 = FOG REDUCING VISIBILITY
HIGHEST: 78 ON 22,26 GRTST 24HR 0.13 ON 11-11 TO 1/4 MILE OR LESS
LOWEST: 14 ON 18 3 = THUNDER
SNOW, ICE PELLETS, HAIL 4 = ICE PELLETS
TOTAL MONTH: M 5 = HAIL
GRTST 24HR M ON M 6 = FREEZING RAIN OR DRIZZLE
GRTST DEPTH: M ON M 7 = DUSTSTORM OR SANDSTORM:
VSBY 1/2 MILE OR LESS
8 = SMOKE OR HAZE
[NO. OF DAYS WITH] [WEATHER - DAYS WITH] 9 = BLOWING SNOW
X = TORNADO
MAX 32 OR BELOW: 0 0.01 INCH OR MORE: 5
MAX 90 OR ABOVE: 0 0.10 INCH OR MORE: 1
MIN 32 OR BELOW: 10 0.50 INCH OR MORE: 0
MIN 0 OR BELOW: 0 1.00 INCH OR MORE: 0
[HDD (BASE 65) ]
TOTAL THIS MO. 405 CLEAR (SCALE 0-3) 18
DPTR FM NORMAL -225 PTCLDY (SCALE 4-7) 8
TOTAL FM JUL 1 2554 CLOUDY (SCALE 8-10) 3
DPTR FM NORMAL -371
[CDD (BASE 65) ]
TOTAL THIS MO. 13
DPTR FM NORMAL 13 [PRESSURE DATA]
TOTAL FM JAN 1 13 HIGHEST SLP M ON M
DPTR FM NORMAL 13 LOWEST SLP M ON M
[REMARKS]
#FINAL-02-24#