000
CXUS54 KBRO 010800
CF6MFE
PRELIMINARY LOCAL CLIMATOLOGICAL DATA (WS FORM: F-6)
STATION: MCALLEN
MONTH: JUNE
YEAR: 2022
LATITUDE: 26 10 N
LONGITUDE: 98 14 W
TEMPERATURE IN F: :PCPN: SNOW: WIND :SUNSHINE: SKY :PK WND
================================================================================
1 2 3 4 5 6A 6B 7 8 9 10 11 12 13 14 15 16 17 18
12Z AVG MX 2MIN
DY MAX MIN AVG DEP HDD CDD WTR SNW DPTH SPD SPD DIR MIN PSBL S-S WX SPD DR
================================================================================
1 93 76 85 -2 0 20 T 0.0 0 12.7 22 120 M M 4 30 130
2 95 74 85 -2 0 20 0.00 0.0 0 9.2 23 100 M M 2 32 90
3 94 74 84 -3 0 19 0.00 0.0 0 6.6 16 120 M M 0 22 90
4 96 71 84 -3 0 19 0.00 0.0 0 8.0 20 130 M M 0 24 140
5 96 73 85 -2 0 20 0.00 0.0 0 14.0 21 120 M M 0 29 120
6 96 77 87 0 0 22 0.00 0.0 0 18.3 25 140 M M 1 38 140
7 96 78 87 0 0 22 0.00 0.0 0 16.5 24 150 M M 2 8 33 150
8 97 76 87 -1 0 22 0.00 0.0 0 12.7 22 110 M M 4 1 30 110
9 96 79 88 0 0 23 0.00 0.0 0 12.4 24 110 M M 5 32 120
10 99 78 89 1 0 24 0.00 0.0 0 13.4 24 130 M M 2 44 120
11 101 78 90 2 0 25 0.00 0.0 0 15.0 23 120 M M 2 29 120
12 101 79 90 2 0 25 0.00 0.0 0 17.3 25 140 M M 4 37 140
13 94 78 86 -2 0 21 0.00 0.0 0 19.0 29 140 M M 5 40 140
14 93 78 86 -2 0 21 0.02 0.0 0 16.9 25 140 M M 4 33 150
15 97 78 88 0 0 23 0.00 0.0 0 14.3 28 130 M M 4 39 120
16 98 75 87 -1 0 22 0.00 0.0 0 10.9 23 110 M M 4 1 31 130
17 97 73 85 -3 0 20 T 0.0 0 10.5 23 120 M M 3 1 29 120
18 96 76 86 -2 0 21 T 0.0 0 9.7 21 120 M M 1 29 120
19 97 76 87 -1 0 22 0.09 0.0 0 9.9 24 110 M M 3 8 31 90
20 98 75 87 -1 0 22 0.00 0.0 0 10.3 21 100 M M 2 29 120
21 97 78 88 0 0 23 0.02 0.0 0 9.2 23 120 M M 3 33 80
22 98 76 87 -1 0 22 T 0.0 0 9.4 22 130 M M 3 31 110
23 98 72 85 -3 0 20 0.00 0.0 0 8.8 22 120 M M 1 29 140
24 99 72 86 -2 0 21 0.00 0.0 0 11.6 24 120 M M 0 32 120
25 99 74 87 -1 0 22 0.00 0.0 0 13.3 24 110 M M 1 36 120
26 98 76 87 -1 0 22 0.00 0.0 0 9.5 22 100 M M 1 30 90
27 100 75 88 0 0 23 0.00 0.0 0 7.5 30 120 M M 1 3 41 130
28 100 78 89 1 0 24 0.00 0.0 0 7.9 21 50 M M 2 3 29 80
29 98 77 88 0 0 23 0.00 0.0 0 9.3 21 80 M M 2 29 90
30 100 75 88 0 0 23 0.00 0.0 0 7.0 20 90 M M 0 25 110
================================================================================
SM 2917 2275 0 656 0.13 0.0 351.1 M 66
================================================================================
AV 97.2 75.8 11.7 FASTST M M 2 MAX(MPH)
MISC ----> 30 120 44 120
================================================================================
NOTES:
# LAST OF SEVERAL OCCURRENCES
COLUMN 17 PEAK WIND IN M.P.H.
PRELIMINARY LOCAL CLIMATOLOGICAL DATA (WS FORM: F-6) , PAGE 2
STATION: MCALLEN
MONTH: JUNE
YEAR: 2022
LATITUDE: 26 10 N
LONGITUDE: 98 14 W
[TEMPERATURE DATA] [PRECIPITATION DATA] SYMBOLS USED IN COLUMN 16
AVERAGE MONTHLY: 86.5 TOTAL FOR MONTH: 0.13 1 = FOG OR MIST
DPTR FM NORMAL: -1.2 DPTR FM NORMAL: -2.92 2 = FOG REDUCING VISIBILITY
HIGHEST: 101 ON 12,11 GRTST 24HR 0.09 ON 19-19 TO 1/4 MILE OR LESS
LOWEST: 71 ON 4 3 = THUNDER
SNOW, ICE PELLETS, HAIL 4 = ICE PELLETS
TOTAL MONTH: 0.0 INCH 5 = HAIL
GRTST 24HR 0.0 6 = FREEZING RAIN OR DRIZZLE
GRTST DEPTH: 0 7 = DUSTSTORM OR SANDSTORM:
VSBY 1/2 MILE OR LESS
8 = SMOKE OR HAZE
[NO. OF DAYS WITH] [WEATHER - DAYS WITH] 9 = BLOWING SNOW
X = TORNADO
MAX 32 OR BELOW: 0 0.01 INCH OR MORE: 3
MAX 90 OR ABOVE: 30 0.10 INCH OR MORE: 0
MIN 32 OR BELOW: 0 0.50 INCH OR MORE: 0
MIN 0 OR BELOW: 0 1.00 INCH OR MORE: 0
[HDD (BASE 65) ]
TOTAL THIS MO. 0 CLEAR (SCALE 0-3) 20
DPTR FM NORMAL 0 PTCLDY (SCALE 4-7) 10
TOTAL FM JUL 1 579 CLOUDY (SCALE 8-10) 0
DPTR FM NORMAL 126
[CDD (BASE 65) ]
TOTAL THIS MO. 656
DPTR FM NORMAL -25 [PRESSURE DATA]
TOTAL FM JAN 1 2017 HIGHEST SLP M ON M
DPTR FM NORMAL -141 LOWEST SLP 29.63 ON 6
[REMARKS]
#FINAL-06-22#