000
CXUS54 KBRO 010635
CLMMFE
CLIMATE REPORT
NATIONAL WEATHER SERVICE BROWNSVILLE, TX
135 AM CDT MON APR 01 2024
...................................
...THE MCALLEN CLIMATE SUMMARY FOR THE MONTH OF MARCH 2024...
CLIMATE NORMAL PERIOD 1991 TO 2020
CLIMATE RECORD PERIOD 1961 TO 2024
WEATHER OBSERVED NORMAL DEPART LAST YEAR`S
VALUE DATE(S) VALUE FROM VALUE DATE(S)
NORMAL
................................................................
TEMPERATURE (F)
HIGHEST 94 03/22 95 -1 101 03/12
03/24
LOWEST 50 03/01 42 8 45 03/19
AVG. MAXIMUM 83.4 83.2 0.2
AVG. MINIMUM 64.1 62.7 1.4
MEAN 73.8 72.9 0.9 74.8
DAYS MAX >= 90 6 5.7 0.3
DAYS MAX <= 32 0 0.0 0.0
DAYS MIN <= 32 0 0.0 0.0
DAYS MIN <= 0 0 0.0 0.0
PRECIPITATION (INCHES)
TOTALS 0.35 1.38 -1.03 3.56
DAILY AVG. 0.01 0.04 -0.03 0.11
DAYS >= .01 1 4.4 -3.4 7
DAYS >= .10 1 1.8 -0.8 2
DAYS >= .50 0 0.5 -0.5 1
DAYS >= 1.00 0 0.3 -0.3 1
GREATEST
24 HR. TOTAL 0.35 03/21 TO 03/21
STORM TOTAL 0.35
(MM/DD(HH))
SNOWFALL (INCHES)
TOTALS 0.0 MM MM 0.0
SINCE 7/1 0.0 MM MM MM
DEGREE DAYS
HEATING TOTAL 10 28 -18 35
SINCE 7/1 393 445 -52 MM
COOLING TOTAL 290 274 16 347
SINCE 1/1 486 494 -8 MM
................................................................
WIND (MPH)
AVERAGE WIND SPEED 10.2
HIGHEST WIND SPEED/DIRECTION 30/150 DATE 03/24
HIGHEST GUST SPEED/DIRECTION 42/130 DATE 03/24
SKY COVER
POSSIBLE SUNSHINE (PERCENT) MM
AVERAGE SKY COVER 0.52
NUMBER OF DAYS FAIR 10
NUMBER OF DAYS PC 14
NUMBER OF DAYS CLOUDY 7
AVERAGE RH (PERCENT) 70
WEATHER CONDITIONS. NUMBER OF DAYS WITH
THUNDERSTORM 0 MIXED PRECIP 0
HEAVY RAIN 1 RAIN 0
LIGHT RAIN 5 FREEZING RAIN 0
LT FREEZING RAIN 0 HAIL 0
HEAVY SNOW 0 SNOW 0
LIGHT SNOW 0 SLEET 0
FOG 15 FOG W/VIS <= 1/4 MILE 1
HAZE 10
- INDICATES NEGATIVE NUMBERS.
R INDICATES RECORD WAS SET OR TIED.
MM INDICATES DATA IS MISSING.
T INDICATES TRACE AMOUNT.
$$