000
CXUS56 KMFR 010930
CF6MFR
PRELIMINARY LOCAL CLIMATOLOGICAL DATA (WS FORM: F-6)
STATION: MEDFORD OR
MONTH: OCTOBER
YEAR: 2021
LATITUDE: 42 22 N
LONGITUDE: 122 52 W
TEMPERATURE IN F: :PCPN: SNOW: WIND :SUNSHINE: SKY :PK WND
================================================================================
1 2 3 4 5 6A 6B 7 8 9 10 11 12 13 14 15 16 17 18
12Z AVG MX 2MIN
DY MAX MIN AVG DEP HDD CDD WTR SNW DPTH SPD SPD DIR MIN PSBL S-S WX SPD DR
================================================================================
1 80 52 66 4 0 1 0.00 0.0 0 3.9 13 300 M M 2 19 310
2 81 48 65 3 0 0 0.00 0.0 0 0.9 9 320 M M 0 13 310
3 84 48 66 4 0 1 0.00 0.0 0 1.3 7 180 M M 0 9 140
4 83 51 67 6 0 2 0.00 0.0 0 2.3 10 330 M M 1 16 310
5 74 49 62 1 3 0 0.27 0.0 0 5.6 22 300 M M 3 1 31 290
6 62 44 53 -7 12 0 T 0.0 0 3.2 9 290 M M 5 12 290
7 66 41 54 -6 11 0 0.00 0.0 0 2.4 10 270 M M 2 15 320
8 64 42 53 -7 12 0 0.00 0.0 0 3.4 13 310 M M 6 16 300
9 69 39 54 -5 11 0 0.00 0.0 0 2.2 12 290 M M 0 15 280
10 62 43 53 -6 12 0 0.01 0.0 0 4.7 20 360 M M 8 28 350
11 57 37 47 -11 18 0 T 0.0 0 6.3 17 350 M M 5 25 360
12 60 29 45 -13 20 0 0.04 0.0 0 2.0 9 30 M M 4 13 290
13 60 44 52 -5 13 0 0.05 0.0 0 2.7 13 290 M M 7 1 19 320
14 65 38 52 -5 13 0 0.00 0.0 M 1.6 9 160 M M 2 18 12 10
15 73 35 54 -2 11 0 0.00 0.0 M 1.3 8 170 M M 0 1 11 180
16 76 37 57 1 8 0 0.00 0.0 M 1.3 9 180 M M 0 12 180
17 65 39 52 -4 13 0 0.11 0.0 0 4.9 21 300 M M 5 31 300
18 58 40 49 -6 16 0 T 0.0 0 1.9 10 80 M M 6 14 360
19 64 36 50 -5 15 0 T 0.0 0 12.2 33 130 M M 3 45 140
20 57 47 52 -2 13 0 0.33 0.0 0 3.5 25 150 M M 8 12 39 160
21 75 43 59 5 6 0 0.66 M M 10.7 32 130 M M 7 128 40 140
22 60 50 55 1 10 0 0.27 M M 3.7 13 70 M M 9 1 16 70
23 58 49 54 1 11 0 0.16 0.0 0 7.8 26 140 M M 9 1 33 140
24 60 42 51 -2 14 0 0.15 0.0 0 9.7 25 140 M M 8 1 37 200
25 59 39 49 -3 16 0 0.01 0.0 0 3.8 13 260 M M 6 12 16 190
26 56 47 52 0 13 0 0.02 0.0 0 2.6 12 20 M M 10 1 14 20
27 65 52 59 7 6 0 0.03 0.0 0 1.1 6 230 M M 10 1 8 60
28 74 49 62 11 3 0 0.00 0.0 0 1.4 6 190 M M 2 M M
29 66 51 59 8 6 0 0.00 0.0 0 1.8 9 360 M M 8 11 350
30 64 53 59 9 6 0 0.76 0.0 0 3.4 17 360 M M 9 13 18 360
31 65 49 57 7 8 0 T 0.0 0 2.5 7 20 M M 7 9 190
================================================================================
SM 2062 1363 300 4 2.87 0.0 116.1 M 152
================================================================================
AV 66.5 44.0 3.7 FASTST M M 5 MAX(MPH)
MISC ----> 33 130 45 140
================================================================================
NOTES:
# LAST OF SEVERAL OCCURRENCES
COLUMN 17 PEAK WIND IN M.P.H.
PRELIMINARY LOCAL CLIMATOLOGICAL DATA (WS FORM: F-6) , PAGE 2
STATION: MEDFORD OR
MONTH: OCTOBER
YEAR: 2021
LATITUDE: 42 22 N
LONGITUDE: 122 52 W
[TEMPERATURE DATA] [PRECIPITATION DATA] SYMBOLS USED IN COLUMN 16
AVERAGE MONTHLY: 55.2 TOTAL FOR MONTH: 2.87 1 = FOG OR MIST
DPTR FM NORMAL: -0.9 DPTR FM NORMAL: 1.65 2 = FOG REDUCING VISIBILITY
HIGHEST: 84 ON 3 GRTST 24HR 0.93 ON 21-22 TO 1/4 MILE OR LESS
LOWEST: 29 ON 12 3 = THUNDER
SNOW, ICE PELLETS, HAIL 4 = ICE PELLETS
TOTAL MONTH: 0.0 INCH 5 = HAIL
GRTST 24HR 0.0 6 = FREEZING RAIN OR DRIZZLE
GRTST DEPTH: 0 7 = DUSTSTORM OR SANDSTORM:
VSBY 1/2 MILE OR LESS
8 = SMOKE OR HAZE
[NO. OF DAYS WITH] [WEATHER - DAYS WITH] 9 = BLOWING SNOW
X = TORNADO
MAX 32 OR BELOW: 0 0.01 INCH OR MORE: 14
MAX 90 OR ABOVE: 0 0.10 INCH OR MORE: 8
MIN 32 OR BELOW: 1 0.50 INCH OR MORE: 2
MIN 0 OR BELOW: 0 1.00 INCH OR MORE: 0
[HDD (BASE 65) ]
TOTAL THIS MO. 300 CLEAR (SCALE 0-3) 12
DPTR FM NORMAL 12 PTCLDY (SCALE 4-7) 14
TOTAL FM JUL 1 336 CLOUDY (SCALE 8-10) 5
DPTR FM NORMAL -7
[CDD (BASE 65) ]
TOTAL THIS MO. 4
DPTR FM NORMAL -8 [PRESSURE DATA]
TOTAL FM JAN 1 1333 HIGHEST SLP M ON M
DPTR FM NORMAL 424 LOWEST SLP 29.21 ON 24
[REMARKS]
#FINAL-10-21#