000
CXUS54 KBMX 020755
CF6MGM
PRELIMINARY LOCAL CLIMATOLOGICAL DATA (WS FORM: F-6)
STATION: MONTGOMERY
MONTH: SEPTEMBER
YEAR: 2021
LATITUDE: 32 17 N
LONGITUDE: 86 24 W
TEMPERATURE IN F: :PCPN: SNOW: WIND :SUNSHINE: SKY :PK WND
================================================================================
1 2 3 4 5 6A 6B 7 8 9 10 11 12 13 14 15 16 17 18
12Z AVG MX 2MIN
DY MAX MIN AVG DEP HDD CDD WTR SNW DPTH SPD SPD DIR MIN PSBL S-S WX SPD DR
================================================================================
1 92 71 82 1 0 17 0.20 0.0 0 6.5 35 310 M M 2 13 49 330
2 90 71 81 0 0 16 0.00 0.0 0 4.6 10 30 M M 4 14 30
3 90 68 79 -2 0 14 0.00 0.0 M 5.7 12 30 M M 1 14 110
4 89 66 78 -2 0 13 0.00 0.0 M 4.2 9 40 M M 0 14 60
5 90 67 79 -1 0 14 0.00 0.0 0 3.8 14 200 M M 4 18 190
6 89 71 80 0 0 15 0.71 0.0 0 4.0 21 260 M M 4 13 29 250
7 91 72 82 2 0 17 0.00 0.0 0 2.7 10 170 M M 3 13 16 150
8 87 73 80 0 0 15 0.01 0.0 0 3.1 15 50 M M 3 3 20 50
9 87 64 76 -4 0 11 0.00 0.0 0 6.6 15 340 M M 3 1 20 320
10 85 58 72 -7 0 7 0.00 0.0 M 3.9 13 330 M M 1 16 20
11 88 66 77 -2 0 12 0.00 0.0 M 6.1 14 100 M M 2 17 140
12 90 70 80 1 0 15 T 0.0 0 5.3 13 100 M M 3 15 130
13 90 71 81 2 0 16 0.16 0.0 0 3.9 17 220 M M 4 1 23 230
14 85 73 79 1 0 14 0.01 0.0 0 1.9 10 240 M M 5 15 240
15 76 72 74 -4 0 9 0.91 0.0 0 7.0 15 80 M M 8 1 19 80
16 85 72 79 1 0 14 0.76 0.0 0 7.1 15 130 M M 9 13 22 130
17 83 74 79 1 0 14 0.03 0.0 0 5.8 12 100 M M 8 14 120
18 86 73 80 3 0 15 1.90 0.0 M 3.7 15 20 M M 7 18 18 30
19 81 74 78 1 0 13 0.14 0.0 0 5.4 13 120 M M 8 1 19 120
20 88 74 81 4 0 16 0.01 0.0 0 3.2 9 160 M M 7 1 13 150
21 89 73 81 4 0 16 T 0.0 0 2.0 10 300 M M 4 1 14 300
22 80 60 70 -6 0 5 T 0.0 0 8.3 20 290 M M 4 18 27 290
23 78 55 67 -9 0 2 0.00 0.0 0 6.9 17 30 M M 0 23 40
24 80 53 67 -9 0 2 0.00 0.0 0 3.1 9 360 M M 0 14 50
25 83 52 68 -7 0 3 0.00 0.0 0 1.6 9 350 M M 0 13 330
26 85 56 71 -4 0 6 0.00 0.0 0 1.7 8 20 M M 0 12 350
27 87 59 73 -2 0 8 0.00 0.0 0 1.7 8 120 M M 0 11 70
28 88 60 74 0 0 9 0.00 0.0 0 1.8 8 150 M M 2 1 11 150
29 89 66 78 4 0 13 0.00 0.0 0 1.7 10 120 M M 2 1 11 120
30 87 68 78 4 0 13 0.00 0.0 0 1.1 8 300 M M 0 1 10 290
================================================================================
SM 2588 2002 0 354 4.84 0.0 124.4 M 98
================================================================================
AV 86.3 66.7 4.1 FASTST M M 3 MAX(MPH)
MISC ----> 35 310 49 330
================================================================================
NOTES:
# LAST OF SEVERAL OCCURRENCES
COLUMN 17 PEAK WIND IN M.P.H.
PRELIMINARY LOCAL CLIMATOLOGICAL DATA (WS FORM: F-6) , PAGE 2
STATION: MONTGOMERY
MONTH: SEPTEMBER
YEAR: 2021
LATITUDE: 32 17 N
LONGITUDE: 86 24 W
[TEMPERATURE DATA] [PRECIPITATION DATA] SYMBOLS USED IN COLUMN 16
AVERAGE MONTHLY: 76.5 TOTAL FOR MONTH: 4.84 1 = FOG OR MIST
DPTR FM NORMAL: -1.3 DPTR FM NORMAL: 1.15 2 = FOG REDUCING VISIBILITY
HIGHEST: 92 ON 1 GRTST 24HR 1.90 ON 18-18 TO 1/4 MILE OR LESS
LOWEST: 52 ON 25 3 = THUNDER
SNOW, ICE PELLETS, HAIL 4 = ICE PELLETS
TOTAL MONTH: 0.0 INCH 5 = HAIL
GRTST 24HR 0.0 6 = FREEZING RAIN OR DRIZZLE
GRTST DEPTH: 0 7 = DUSTSTORM OR SANDSTORM:
VSBY 1/2 MILE OR LESS
8 = SMOKE OR HAZE
[NO. OF DAYS WITH] [WEATHER - DAYS WITH] 9 = BLOWING SNOW
X = TORNADO
MAX 32 OR BELOW: 0 0.01 INCH OR MORE: 11
MAX 90 OR ABOVE: 7 0.10 INCH OR MORE: 7
MIN 32 OR BELOW: 0 0.50 INCH OR MORE: 4
MIN 0 OR BELOW: 0 1.00 INCH OR MORE: 1
[HDD (BASE 65) ]
TOTAL THIS MO. 0 CLEAR (SCALE 0-3) 16
DPTR FM NORMAL -2 PTCLDY (SCALE 4-7) 12
TOTAL FM JUL 1 0 CLOUDY (SCALE 8-10) 2
DPTR FM NORMAL 0
[CDD (BASE 65) ]
TOTAL THIS MO. 354
DPTR FM NORMAL -32 [PRESSURE DATA]
TOTAL FM JAN 1 2245 HIGHEST SLP 30.26 ON 12
DPTR FM NORMAL -120 LOWEST SLP 29.75 ON 1
[REMARKS]
#FINAL-09-21#