000
CXUS51 KPBZ 011328
CLMMGW
CLIMATE REPORT
NATIONAL WEATHER SERVICE PITTSBURGH PA
928 AM EDT SAT JUL 01 2023
...................................
...THE MORGANTOWN WV CLIMATE SUMMARY FOR THE MONTH OF JUNE 2023...
CLIMATE NORMAL PERIOD 1991 TO 2020
CLIMATE RECORD PERIOD 1872 TO 2023
WEATHER OBSERVED NORMAL DEPART LAST YEAR`S
VALUE DATE(S) VALUE FROM VALUE DATE(S)
NORMAL
................................................................
TEMPERATURE (F)
RECORD
HIGH 99 06/20/1893
LOW 30 06/11/1972
HIGHEST 90 06/02 90 0 95 06/15
06/22
LOWEST 44 06/08 44 0 45 06/19
AVG. MAXIMUM 78.8 80.9 -2.1 82.7
AVG. MINIMUM 57.4 59.7 -2.3 59.6
MEAN 68.1 70.3 -2.2 71.2
DAYS MAX >= 90 1 2.1 -1.1 7
DAYS MAX <= 32 0 0.0 0.0 0
DAYS MIN <= 32 0 0.0 0.0 0
DAYS MIN <= 0 0 0.0 0.0 0
PRECIPITATION (INCHES)
RECORD
MAXIMUM 13.36 1936
MINIMUM 0.87 1966
TOTALS 3.50 4.07 -0.57 3.53
DAILY AVG. 0.12 0.14 -0.02 0.12
DAYS >= .01 12 13.1 -1.1 8
DAYS >= .10 7 8.5 -1.5 6
DAYS >= .50 2 2.8 -0.8 3
DAYS >= 1.00 1 0.7 0.3 0
GREATEST
24 HR. TOTAL 1.22 06/16 TO 06/16 0.96
DEGREE DAYS
HEATING TOTAL 24 23 1 7
SINCE 7/1 4361 4961 -600 MM
COOLING TOTAL 120 182 -62 200
SINCE 1/1 174 271 -97 MM
................................................................
WIND (MPH)
AVERAGE WIND SPEED 4.3
HIGHEST WIND SPEED/DIRECTION 112/110 DATE 06/21
HIGHEST GUST SPEED/DIRECTION 27/350 DATE 06/08
AVERAGE RH (PERCENT) 67
WEATHER CONDITIONS. NUMBER OF DAYS WITH
THUNDERSTORM 4 MIXED PRECIP 0
HEAVY RAIN 3 RAIN 4
LIGHT RAIN 14 FREEZING RAIN 0
LT FREEZING RAIN 0 HAIL 0
HEAVY SNOW 0 SNOW 0
LIGHT SNOW 0 SLEET 0
FOG 19 FOG W/VIS <= 1/4 MILE 1
HAZE 14
- INDICATES NEGATIVE NUMBERS.
R INDICATES RECORD WAS SET OR TIED.
MM INDICATES DATA IS MISSING.
T INDICATES TRACE AMOUNT.
$$