000
CXUS51 KPBZ 011344
CLMMGW
CLIMATE REPORT
NATIONAL WEATHER SERVICE PITTSBURGH PA
944 AM EDT SAT APR 01 2023
...................................
...THE MORGANTOWN WV CLIMATE SUMMARY FOR THE MONTH OF MARCH 2023...
CLIMATE NORMAL PERIOD 1991 TO 2020
CLIMATE RECORD PERIOD 1872 TO 2023
WEATHER OBSERVED NORMAL DEPART LAST YEAR`S
VALUE DATE(S) VALUE FROM VALUE DATE(S)
NORMAL
................................................................
TEMPERATURE (F)
RECORD
HIGH 87 03/25/1929
LOW -4 03/13/1896
HIGHEST 75 03/01 75 0 80 03/30
LOWEST 18 03/19 13 5 12 03/13
AVG. MAXIMUM 54.2 52.6 1.6 57.5
AVG. MINIMUM 32.8 32.6 0.2 34.3
MEAN 43.5 42.6 0.9 45.9
DAYS MAX >= 90 0 0.0 0.0 0
DAYS MAX <= 32 1 1.8 -0.8 1
DAYS MIN <= 32 18 16.3 1.7 13
DAYS MIN <= 0 0 0.0 0.0 0
PRECIPITATION (INCHES)
RECORD
MAXIMUM 7.78 1933
MINIMUM 0.35 1920
TOTALS 3.16 3.65 -0.49 2.12
DAILY AVG. 0.10 0.12 -0.02 0.07
DAYS >= .01 15 14.4 0.6 13
DAYS >= .10 8 8.6 -0.6 5
DAYS >= .50 3 2.4 0.6 0
DAYS >= 1.00 0 0.6 -0.6 0
GREATEST
24 HR. TOTAL 1.22 03/23 TO 03/24 0.50
DEGREE DAYS
HEATING TOTAL 657 696 -39 586
SINCE 7/1 3882 4441 -559 MM
COOLING TOTAL 0 2 -2 0
SINCE 1/1 0 2 -2 MM
................................................................
WIND (MPH)
AVERAGE WIND SPEED 6.2
HIGHEST WIND SPEED/DIRECTION 33/130 DATE 03/25
HIGHEST GUST SPEED/DIRECTION 44/130 DATE 03/03
44/220 03/25
AVERAGE RH (PERCENT) 59
WEATHER CONDITIONS. NUMBER OF DAYS WITH
THUNDERSTORM 1 MIXED PRECIP 0
HEAVY RAIN 2 RAIN 4
LIGHT RAIN 12 FREEZING RAIN 0
LT FREEZING RAIN 0 HAIL 0
HEAVY SNOW 0 SNOW 1
LIGHT SNOW 5 SLEET 0
FOG 16 FOG W/VIS <= 1/4 MILE 1
HAZE 5
- INDICATES NEGATIVE NUMBERS.
R INDICATES RECORD WAS SET OR TIED.
MM INDICATES DATA IS MISSING.
T INDICATES TRACE AMOUNT.
$$