000
CXUS53 KFSD 012313
CF6MHE
PRELIMINARY LOCAL CLIMATOLOGICAL DATA (WS FORM: F-6)
STATION: MITCHELL SD
MONTH: APRIL
YEAR: 2022
LATITUDE: 43 46 N
LONGITUDE: 98 2 W
TEMPERATURE IN F: :PCPN: SNOW: WIND :SUNSHINE: SKY :PK WND
================================================================================
1 2 3 4 5 6A 6B 7 8 9 10 11 12 13 14 15 16 17 18
12Z AVG MX 2MIN
DY MAX MIN AVG DEP HDD CDD WTR SNW DPTH SPD SPD DIR MIN PSBL S-S WX SPD DR
================================================================================
1 47 19 33 -8 32 0 T 0.0 0 4.0 10 340 M M 5 1 13 10
2 59 26 43 1 22 0 0.00 0.0 0 8.4 20 340 M M 1 1 27 330
3 57 30 44 2 21 0 T 0.0 0 19.0 38 300 M M 4 51 300
4 61 31 46 4 19 0 0.00 0.0 0 16.0 35 160 M M 5 50 160
5 58 42 50 7 15 0 0.05 0.0 0 21.3 39 300 M M 7 1 53 310
6 53 36 45 2 20 0 0.02 T 0 29.8 45 320 M M 10 60 330
7 45 31 38 -6 27 0 0.01 T 0 31.3 43 340 M M 9 1 57 330
8 53 28 41 -3 24 0 0.00 0.0 0 16.6 30 330 M M 0 42 350
9 66 21 44 0 21 0 0.00 0.0 0 16.1 29 150 M M 0 39 160
10 51 29 40 -5 25 0 T 0.0 0 13.8 29 140 M M 5 35 140
11 62 30 46 1 19 0 0.00 0.0 0 8.7 21 200 M M 0 30 210
12 67 33 50 5 15 0 0.13 T 0 21.0 38 290 M M 9 135 49 290
13 41 24 33 -13 32 0 0.00 0.0 0 27.1 38 290 M M 3 54 280
14 40 24 32 -14 33 0 0.00 0.0 0 28.5 45 290 M M 5 61 290
15 44 22 33 -14 32 0 0.00 0.0 0 16.3 24 330 M M 3 32 320
16 46 17 32 -15 33 0 0.00 0.0 0 10.2 20 350 M M 0 26 340
17 57 27 42 -5 23 0 T T 0 20.7 32 320 M M 7 41 300
18 49 22 36 -12 29 0 0.00 0.0 0 15.9 29 330 M M 0 35 320
19 50 25 38 -10 27 0 0.00 0.0 0 22.4 39 140 M M 3 54 130
20 64 43 54 5 11 0 0.05 0.0 0 10.4 24 160 M M 4 33 150
21 68 30 49 0 16 0 0.00 0.0 0 13.5 28 130 M M 2 37 120
22 91 53 72 23 0 7 0.00 0.0 0 24.2 38 160 M M 5 52 160
23 74 40 57 7 8 0 0.01 0.0 0 24.4 38 200 M M 5 56 180
24 45 36 41 -9 24 0 T 0.0 0 23.6 33 320 M M 10 45 310
25 51 30 41 -10 24 0 T 0.0 0 15.8 25 330 M M 5 35 340
26 65 21 43 -8 22 0 0.00 0.0 0 12.8 30 90 M M 0 39 90
27 65 34 50 -2 15 0 0.00 0.0 0 18.0 26 110 M M 0 33 120
28 62 32 47 -5 18 0 0.25 0.0 0 10.5 23 90 M M 3 13 31 90
29 63 48 56 4 9 0 0.44 0.0 0 14.3 25 110 M M 8 13 32 120
30 53 41 47 -6 18 0 0.83 0.0 0 24.0 37 330 M M 10 1 49 350
================================================================================
SM 1707 925 634 7 1.79 T 538.6 M 128
================================================================================
AV 56.9 30.8 18.0 FASTST M M 4 MAX(MPH)
MISC ----> # 45 320 61 290
================================================================================
NOTES:
# LAST OF SEVERAL OCCURRENCES
-COLUMN 17 PEAK WIND IN M.P.H.
-PRECIPITATION AMOUNTS IN COLUMNS 7, 8, AND 9 ARE THE OFFICIAL PRECIPITATION
AMOUNTS FOR MITCHELL, SD
-SNOW DEPTH IN COLUMN 9 IS RECORDED AT 6AM CST (12Z)
PRELIMINARY LOCAL CLIMATOLOGICAL DATA (WS FORM: F-6) , PAGE 2
STATION: MITCHELL SD
MONTH: APRIL
YEAR: 2022
LATITUDE: 43 46 N
LONGITUDE: 98 2 W
[TEMPERATURE DATA] [PRECIPITATION DATA] SYMBOLS USED IN COLUMN 16
AVERAGE MONTHLY: 43.9 TOTAL FOR MONTH: 1.79 1 = FOG OR MIST
DPTR FM NORMAL: -3.0 DPTR FM NORMAL: -0.28 2 = FOG REDUCING VISIBILITY
HIGHEST: 91 ON 22 GRTST 24HR 1.18 ON 29-30 TO 1/4 MILE OR LESS
LOWEST: 17 ON 16 3 = THUNDER
SNOW, ICE PELLETS, HAIL 4 = ICE PELLETS
TOTAL MONTH:T 5 = HAIL
GRTST 24HR T ON 6,7,12,17 6 = FREEZING RAIN OR DRIZZLE
GRTST DEPTH:0 7 = DUSTSTORM OR SANDSTORM:
VSBY 1/2 MILE OR LESS
8 = SMOKE OR HAZE
[NO. OF DAYS WITH] [WEATHER - DAYS WITH] 9 = BLOWING SNOW
X = TORNADO
MAX 32 OR BELOW: 0 0.01 INCH OR MORE: 9
MAX 90 OR ABOVE: 1 0.10 INCH OR MORE: 4
MIN 32 OR BELOW: 20 0.50 INCH OR MORE: 1
MIN 0 OR BELOW: 0 1.00 INCH OR MORE: 0
[HDD (BASE 65) ]
TOTAL THIS MO. 634 CLEAR (SCALE 0-3) 12
DPTR FM NORMAL 88 PTCLDY (SCALE 4-7) 13
TOTAL FM JUL 1 6594 CLOUDY (SCALE 8-10) 5
DPTR FM NORMAL -311
[CDD (BASE 65) ]
TOTAL THIS MO. 7
DPTR FM NORMAL 5 [PRESSURE DATA]
TOTAL FM JAN 1 7 HIGHEST SLP 30.47 ON 18
DPTR FM NORMAL 4 LOWEST SLP 29.12 ON 23
[REMARKS]
RECORD DAILY LOW TEMPERATURE WAS ESTABLISHED ON THE 26TH WITH A LOW OF 21 DEGREES.
THE PREVIOUS RECORD WAS 23 DEGREES IN 1931.
#FINAL-04-22#