000
CXUS51 KGYX 020136
CLMMHT
PWMCLMMHT 000
TTAA00 GYX 020050
CLIMATE REPORT
NATIONAL WEATHER SERVICE GRAY ME
850 PM EDT MON APR 01 2024
...................................
...THE MANCHESTER CLIMATE SUMMARY FOR THE MONTH OF MARCH 2024...
CLIMATE NORMAL PERIOD: 1991 TO 2020
CLIMATE RECORD PERIOD: 1885 TO 2024
WEATHER OBSERVED NORMAL DEPART LAST YEAR`S
VALUE DATE(S) VALUE FROM VALUE
NORMAL
..............................................................
TEMPERATURE (F)
HIGHEST 64 03/14 67 -3
LOWEST 15 03/01 8 7
AVG. MAXIMUM 49.9 45.6 4.3
AVG. MINIMUM 32.9 27.4 5.5
MEAN 41.4 36.5 4.9
DAYS MAX >= 90 0 0.0 0.0
DAYS MAX <= 32 0 3.0 -3.0
DAYS MIN <= 32 16 22.3 -6.3
DAYS MIN <= 0 0 0.2 -0.2
PRECIPITATION (INCHES)
TOTALS 8.33 3.45 4.88
DAILY AVG. 0.27 0.11 0.16
DAYS >= .01 13 10.8 2.2
DAYS >= .10 11 6.0 5.0
DAYS >= .50 5 2.2 2.8
DAYS >= 1.00 3 0.9 2.1
GREATEST
24 HR. TOTAL 2.06 03/23
SNOWFALL (INCHES)
TOTALS 2.6
SINCE 7/1 27.5
DAYS >= TRACE 5
DAYS >= 1.0 1
GREATEST
SNOW DEPTH 2 03/23
03/24
24 HR TOTAL 2.3 03/23
DEGREE DAYS
HEATING TOTAL 709 884 -175 820
SINCE 7/1 4592 5394 -802 4698
COOLING TOTAL 0 0 0 0
SINCE 1/1 0 0 0 0
..............................................................
WIND (MPH)
AVERAGE WIND SPEED 8.6
HIGHEST WIND SPEED/DIRECTION 36/310 DATE 03/29
36/320 03/30
HIGHEST GUST SPEED/DIRECTION 52/300 DATE 03/11
SKY COVER
AVERAGE SKY COVER 0.70
AVERAGE RH (PERCENT) 62
WEATHER CONDITIONS. NUMBER OF DAYS WITH
THUNDERSTORM 0 MIXED PRECIP 0
HEAVY RAIN 3 RAIN 11
LIGHT RAIN 16 FREEZING RAIN 0
LT FREEZING RAIN 0 HAIL 0
HEAVY SNOW 0 SNOW 1
LIGHT SNOW 5 SLEET 1
FOG 17 FOG W/VIS <= 1/4 MILE 1
HAZE 4
- INDICATES NEGATIVE NUMBERS.
R INDICATES RECORD WAS SET OR TIED.
MM INDICATES DATA IS MISSING.
T INDICATES TRACE AMOUNT.
&&
HISTORICAL RECORDS AT MANCHESTER BEGAN IN 1885, BUT WITHIN THIS
RECORD THERE REMAIN NUMEROUS YEARS OF UNAVAILABLE DATA. DUE TO THIS,
HISTORICAL RECORDS SHOULD BE CONSIDERED INCOMPLETE AS SOME
SIGNIFICANT EXTREMES MAY BE MISSING FROM THE DATA. MORE CONSISTENT
MODERN RECORDS BEGAN IN 1998 AND CONTINUE TO THE PRESENT.
$$