000
CXUS51 KGYX 030116
CLMMHT
PWMCLMMHT 000
TTAA00 GYX 020421
CLIMATE REPORT
NATIONAL WEATHER SERVICE GRAY ME
0815 PM EST SAT DEC 02 2023
...................................
...THE MANCHESTER CLIMATE SUMMARY FOR THE MONTH OF NOVEMBER 2023...
CLIMATE NORMAL PERIOD: 1991 TO 2020
CLIMATE RECORD PERIOD: 1885 TO 2023
WEATHER OBSERVED NORMAL DEPART LAST YEAR`S
VALUE DATE(S) VALUE FROM VALUE
NORMAL
..............................................................
TEMPERATURE (F)
HIGHEST 68 11/07 67 1
LOWEST 18 11/21 19 -1
AVG. MAXIMUM 48.9 50.0 -1.1
AVG. MINIMUM 29.5 32.9 -3.4
MEAN 39.2 41.5 -2.3
DAYS MAX >= 90 0 0.0 0.0
DAYS MAX <= 32 0 0.7 -0.7
DAYS MIN <= 32 22 15.4 6.6
DAYS MIN <= 0 0 0.0 0.0
PRECIPITATION (INCHES)
TOTALS 2.00 3.48 -1.48
DAILY AVG. 0.07 0.12 -0.05
DAYS >= .01 7 10.3 -3.3
DAYS >= .10 4 5.7 -1.7
DAYS >= .50 1 2.3 -1.3
DAYS >= 1.00 1 0.8 0.2
GREATEST
24 HR. TOTAL 1.19 11/21 TO 11/22
SNOWFALL (INCHES)
TOTALS 1.6
SINCE 7/1 1.6
DAYS >= TRACE 4
DAYS >= 1.0 1
GREATEST
SNOW DEPTH 1 11/22
DEGREE DAYS
HEATING TOTAL 768 706 62 592
SINCE 7/1 1089 1217 -128 1051
COOLING TOTAL 0 0 0 10
SINCE 1/1 813 773 40 1020
..............................................................
WIND (MPH)
AVERAGE WIND SPEED 6.6
HIGHEST WIND SPEED/DIRECTION 30/320 DATE 11/08
HIGHEST GUST SPEED/DIRECTION 44/310 DATE 11/08
SKY COVER
AVERAGE SKY COVER 0.55
AVERAGE RH (PERCENT) 62
WEATHER CONDITIONS. NUMBER OF DAYS WITH
THUNDERSTORM 0 MIXED PRECIP 0
HEAVY RAIN 1 RAIN 3
LIGHT RAIN 6 FREEZING RAIN 1
LT FREEZING RAIN 1 HAIL 0
HEAVY SNOW 0 SNOW 0
LIGHT SNOW 5 SLEET 1
FOG 7 FOG W/VIS <= 1/4 MILE 2
HAZE 1
- INDICATES NEGATIVE NUMBERS.
R INDICATES RECORD WAS SET OR TIED.
MM INDICATES DATA IS MISSING.
T INDICATES TRACE AMOUNT.
&&
THE AVERAGE TEMPERATURE FOR THE MONTH WAS 39.2 DEGREES, WHICH WAS
2.3 DEGREES BELOW NORMAL. THE COLDEST NOVEMBER ON RECORD WAS IN 1936
WHEN THE AVERAGE TEMPERATURE WAS 33.2 DEGREES. THE WARMEST WAS 46.0
DEGREES IN 2006.
A TOTAL OF 2.00 INCHES OF PRECIPITATION FELL, WHICH WAS 1.48 INCHES
BELOW NORMAL. THE HEAVIEST PRECIPITATION FELL ON THE 21ST INTO THE
22ND WHEN A TOTAL OF 1.19 INCHES WAS RECORDED. THE DRIEST NOVEMBER
ON RECORD WAS IN 1939 WHEN ONLY 0.55 INCHES OF PRECIPITATION FELL.
THE WETTEST WAS 8.82 INCHES IN 2018.
HISTORICAL RECORDS AT MANCHESTER BEGAN IN 1885, BUT WITHIN THIS
RECORD THERE REMAIN NUMEROUS YEARS OF UNAVAILABLE DATA. DUE TO THIS,
HISTORICAL RECORDS SHOULD BE CONSIDERED INCOMPLETE AS SOME
SIGNIFICANT EXTREMES MAY BE MISSING FROM THE DATA. MORE CONSISTENT
MODERN RECORDS BEGAN IN 1998 AND CONTINUE TO THE PRESENT.
$$
HAT