000
CXUS53 KEAX 010736
CF6MKC
PRELIMINARY LOCAL CLIMATOLOGICAL DATA (WS FORM: F-6)
STATION: DOWNTOWN KANSAS CITY MO
MONTH: AUGUST
YEAR: 2023
LATITUDE: 39 7 N
LONGITUDE: 94 36 W
TEMPERATURE IN F: :PCPN: SNOW: WIND :SUNSHINE: SKY :PK WND
================================================================================
1 2 3 4 5 6A 6B 7 8 9 10 11 12 13 14 15 16 17 18
12Z AVG MX 2MIN
DY MAX MIN AVG DEP HDD CDD WTR SNW DPTH SPD SPD DIR MIN PSBL S-S WX SPD DR
================================================================================
1 93 74 84 3 0 19 T M M 9.2 20 140 M M 3 28 140
2 86 76 81 0 0 16 0.02 M M 8.8 17 90 M M 3 3 26 90
3 86 76 81 0 0 16 0.28 M M 6.7 15 280 M M 7 13 22 290
4 89 74 82 1 0 17 0.00 M M 7.2 16 290 M M 7 13 23 300
5 89 72 81 0 0 16 0.00 M M 4.5 12 260 M M 4 16 240
6 83 70 77 -4 0 12 0.02 M M 11.8 22 260 M M 6 13 35 280
7 80 66 73 -8 0 8 T M M 6.3 14 290 M M 5 1 23 300
8 88 69 79 -2 0 14 0.00 M M 5.1 13 180 M M 0 17 200
9 83 70 77 -4 0 12 0.93 M M 2.7 13 110 M M 4 13 16 100
10 89 68 79 -1 0 14 0.00 M M 3.8 13 200 M M 1 1 18 170
11 97 74 86 6 0 21 0.00 M M 7.2 14 240 M M 0 18 220
12 91 74 83 3 0 18 T M M 5.0 15 30 M M 3 3 21 60
13 82 71 77 -3 0 12 3.06 M M 5.7 26 190 M M 7 13 37 20
14 77 65 71 -9 0 6 0.00 M M 9.4 18 320 M M 4 28 310
15 78 63 71 -9 0 6 0.00 M M 5.9 14 340 M M 4 19 360
16 85 62 74 -6 0 9 0.00 M M 9.3 17 200 M M 0 24 200
17 84 66 75 -4 0 10 0.00 M M 7.5 18 330 M M 0 28 330
18 86 61 74 -5 0 9 0.00 M M 6.7 15 130 M M 0 21 120
19 102 73 88 9 0 23 0.00 M M 9.9 16 180 M M 0 24 180
20 96 77 87 8 0 22 0.00 M M 6.7 14 220 M M 0 24 220
21 98 80 89 10 0 24 0.00 M M 6.0 12 50 M M 0 18 90
22 99 79 89 11 0 24 0.00 M M 5.4 14 160 M M 2 18 19 170
23 99 82 91 13 0 26 0.00 M M 7.3 14 210 M M 1 20 160
24 102 82 92 14 0 27 0.00 M M 8.4 18 170 M M 0 26 170
25 103 82 93 15 0 28 0.00 M M 5.1 13 250 M M 1 18 210
26 86 73 80 3 0 15 0.01 M M 8.4 24 340 M M 5 33 340
27 82 69 76 -1 0 11 0.00 M M 6.0 14 20 M M 5 1 20 20
28 84 61 73 -4 0 8 0.00 M M 3.3 9 290 M M 0 13 80
29 88 65 77 0 0 12 0.00 M M 5.7 18 360 M M 0 25 350
30 85 65 75 -1 0 10 0.00 M M 6.4 16 30 M M 0 22 20
31 86 63 75 -1 0 10 0.00 M M 6.2 14 90 M M 0 22 80
================================================================================
SM 2756 2202 0 475 4.32 M 207.6 M 72
================================================================================
AV 88.9 71.0 6.7 FASTST M M 2 MAX(MPH)
MISC ----> 26 190 37 20
================================================================================
NOTES:
# LAST OF SEVERAL OCCURRENCES
COLUMN 17 PEAK WIND IN M.P.H.
PRELIMINARY LOCAL CLIMATOLOGICAL DATA (WS FORM: F-6) , PAGE 2
STATION: DOWNTOWN KANSAS CITY MO
MONTH: AUGUST
YEAR: 2023
LATITUDE: 39 7 N
LONGITUDE: 94 36 W
[TEMPERATURE DATA] [PRECIPITATION DATA] SYMBOLS USED IN COLUMN 16
AVERAGE MONTHLY: 80.0 TOTAL FOR MONTH: 4.32 1 = FOG OR MIST
DPTR FM NORMAL: 0.8 DPTR FM NORMAL: -0.36 2 = FOG REDUCING VISIBILITY
HIGHEST: 103 ON 25 GRTST 24HR 3.06 ON 13-13 TO 1/4 MILE OR LESS
LOWEST: 61 ON 28,18 3 = THUNDER
SNOW, ICE PELLETS, HAIL 4 = ICE PELLETS
TOTAL MONTH: M 5 = HAIL
GRTST 24HR M ON M 6 = FREEZING RAIN OR DRIZZLE
GRTST DEPTH: M ON M 7 = DUSTSTORM OR SANDSTORM:
VSBY 1/2 MILE OR LESS
8 = SMOKE OR HAZE
[NO. OF DAYS WITH] [WEATHER - DAYS WITH] 9 = BLOWING SNOW
X = TORNADO
MAX 32 OR BELOW: 0 0.01 INCH OR MORE: 6
MAX 90 OR ABOVE: 10 0.10 INCH OR MORE: 3
MIN 32 OR BELOW: 0 0.50 INCH OR MORE: 2
MIN 0 OR BELOW: 0 1.00 INCH OR MORE: 1
[HDD (BASE 65) ]
TOTAL THIS MO. 0 CLEAR (SCALE 0-3) 18
DPTR FM NORMAL -1 PTCLDY (SCALE 4-7) 13
TOTAL FM JUL 1 0 CLOUDY (SCALE 8-10) 0
DPTR FM NORMAL 0
[CDD (BASE 65) ]
TOTAL THIS MO. 475
DPTR FM NORMAL 33 [PRESSURE DATA]
TOTAL FM JAN 1 1515 HIGHEST SLP M ON M
DPTR FM NORMAL 59 LOWEST SLP 29.70 ON 11
[REMARKS]
#FINAL-08-23#