000
CXUS54 KFWD 010730
CF6MKN
PRELIMINARY LOCAL CLIMATOLOGICAL DATA (WS FORM: F-6)
STATION: COMANCHE
MONTH: JUNE
YEAR: 2023
LATITUDE: 31 55 N
LONGITUDE: 98 36 W
TEMPERATURE IN F: :PCPN: SNOW: WIND :SUNSHINE: SKY :PK WND
================================================================================
1 2 3 4 5 6A 6B 7 8 9 10 11 12 13 14 15 16 17 18
12Z AVG MX 2MIN
DY MAX MIN AVG DEP HDD CDD WTR SNW DPTH SPD SPD DIR MIN PSBL S-S WX SPD DR
================================================================================
1 90 64 77 M 0 12 0.00 M M 7.4 16 140 M M 0 23 150
2 92 65 79 M 0 14 0.00 M M 9.2 17 150 M M 0 1 24 0
3 90 61 76 M 0 11 0.00 M M 3.4 10 80 M M 0 16 80
4 83 63 73 M 0 8 0.72 M M 3.8 10 50 M M 0 3 32 150
5 86 64 75 M 0 10 0.00 M M 4.3 9 270 M M 0 16 40
6 89 64 77 M 0 12 0.01 M M 4.4 10 40 M M 0 17 40
7 92 64 78 M 0 13 0.00 M M 1.5 8 120 M M 0 M M
8 94 67 81 M 0 16 0.00 M M 2.8 8 360 M M 0 M M
9 101 69 85 M 0 20 0.00 M M 3.1 8 150 M M 0 M M
10 101 67 84 M 0 19 0.00 M M 7.6 14 240 M M 0 20 220
11 103 71 87 M 0 22 0.00 M M 8.3 21 190 M M 0 28 220
12 92 67 80 M 0 15 0.36 M M 8.2 16 110 M M 0 13 22 110
13 89 72 81 M 0 16 0.00 M M 4.7 9 200 M M 0 18 M M
14 99 73 86 M 0 21 0.00 M M 3.4 9 290 M M 0 1 M M
15 100 73 87 M 0 22 0.00 M M 8.2 16 210 M M 0 128 25 210
16 98 76 87 M 0 22 0.00 M M 7.8 17 210 M M 0 23 210
17 102 69 86 M 0 21 0.35 M M 6.4 16 160 M M 0 13 24 0
18 100 76 88 M 0 23 0.00 M M 6.1 17 210 M M 0 23 210
19 110 74 92 M 0 27 0.00 M M 6.7 15 180 M M 0 1 22 180
20 112 71 92 M 0 27 0.00 M M 3.6 9 250 M M 0 M M
21 103 76 90 M 0 25 0.00 M M 8.9 17 120 M M 0 24 130
22 101 74 88 M 0 23 0.01 M M 8.2 14 240 M M 0 8 22 200
23 99 74 87 M 0 22 0.01 M M 10.5 23 240 M M 0 18 32 240
24 107 74 91 M 0 26 0.00 M M 11.5 17 180 M M 0 25 200
25 110 79 95 M 0 30 0.00 M M 11.2 21 190 M M 0 29 190
26 110 79 95 M 0 30 0.00 M M 8.9 15 160 M M 0 22 160
27 110 78 94 M 0 29 0.00 M M 7.7 15 200 M M 0 21 200
28 110 78 94 M 0 29 0.00 M M 10.6 16 180 M M 0 21 210
29 107 77 92 M 0 27 0.00 M M 11.6 16 180 M M 0 23 180
30 103 73 88 M 0 23 0.00 M M 11.5 16 160 M M 0 24 160
================================================================================
SM 2983 2132 0 615 1.46 M 211.5 M 0
================================================================================
AV 99.4 71.1 7.0 FASTST M M 0 MAX(MPH)
MISC ----> 23 240 32 150
================================================================================
NOTES:
# LAST OF SEVERAL OCCURRENCES
COLUMN 17 PEAK WIND IN M.P.H.
PRELIMINARY LOCAL CLIMATOLOGICAL DATA (WS FORM: F-6) , PAGE 2
STATION: COMANCHE
MONTH: JUNE
YEAR: 2023
LATITUDE: 31 55 N
LONGITUDE: 98 36 W
[TEMPERATURE DATA] [PRECIPITATION DATA] SYMBOLS USED IN COLUMN 16
AVERAGE MONTHLY: 85.3 TOTAL FOR MONTH: 1.46 1 = FOG OR MIST
DPTR FM NORMAL: 0.0 DPTR FM NORMAL: -3.24 2 = FOG REDUCING VISIBILITY
HIGHEST: 112 ON 20 GRTST 24HR 0.72 ON 4- 4 TO 1/4 MILE OR LESS
LOWEST: 61 ON 3 3 = THUNDER
SNOW, ICE PELLETS, HAIL 4 = ICE PELLETS
TOTAL MONTH: M 5 = HAIL
GRTST 24HR M ON M 6 = FREEZING RAIN OR DRIZZLE
GRTST DEPTH: M ON M 7 = DUSTSTORM OR SANDSTORM:
VSBY 1/2 MILE OR LESS
8 = SMOKE OR HAZE
[NO. OF DAYS WITH] [WEATHER - DAYS WITH] 9 = BLOWING SNOW
X = TORNADO
MAX 32 OR BELOW: 0 0.01 INCH OR MORE: 6
MAX 90 OR ABOVE: 26 0.10 INCH OR MORE: 3
MIN 32 OR BELOW: 0 0.50 INCH OR MORE: 1
MIN 0 OR BELOW: 0 1.00 INCH OR MORE: 0
[HDD (BASE 65) ]
TOTAL THIS MO. 0 CLEAR (SCALE 0-3) 30
DPTR FM NORMAL M PTCLDY (SCALE 4-7) 0
TOTAL FM JUL 1 1715 CLOUDY (SCALE 8-10) 0
DPTR FM NORMAL M
[CDD (BASE 65) ]
TOTAL THIS MO. 615
DPTR FM NORMAL M [PRESSURE DATA]
TOTAL FM JAN 1 1130 HIGHEST SLP M ON M
DPTR FM NORMAL M LOWEST SLP M ON M
[REMARKS]
#FINAL-06-23#