000
CXUS54 KFWD 072138
CF6MKN
PRELIMINARY LOCAL CLIMATOLOGICAL DATA (WS FORM: F-6)
STATION: COMANCHE
MONTH: APRIL
YEAR: 2022
LATITUDE: 31 55 N
LONGITUDE: 98 36 W
TEMPERATURE IN F: :PCPN: SNOW: WIND :SUNSHINE: SKY :PK WND
================================================================================
1 2 3 4 5 6A 6B 7 8 9 10 11 12 13 14 15 16 17 18
12Z AVG MX 2MIN
DY MAX MIN AVG DEP HDD CDD WTR SNW DPTH SPD SPD DIR MIN PSBL S-S WX SPD DR
================================================================================
1 82 46 64 M 1 0 0.03 M M 12.7 21 340 M M 1 36 340
2 81 53 67 M 0 2 0.02 M M 6.7 13 340 M M 1 20 10
3 89 51 70 M 0 5 0.00 M M 11.9 18 150 M M 0 25 190
4 84 57 71 M 0 6 0.00 M M 8.6 16 160 M M 5 22 160
5 96 56 76 M 0 11 0.00 M M 10.4 22 250 M M 0 35 250
6 76 54 65 M 0 0 0.00 M M 16.4 28 350 M M 1 36 350
7 70 46 58 M 7 0 0.00 M M 11.4 23 340 M M 0 35 340
8 72 46 59 M 6 0 0.00 M M 11.1 22 350 M M 0 26 330
9 90 45 68 M 0 3 0.00 M M 12.1 20 190 M M 0 28 190
10 90 61 76 M 0 11 0.00 M M 16.8 23 180 M M 1 35 170
11 97 64 81 M 0 16 0.00 M M 12.0 20 190 M M 2 28 190
12 91 64 78 M 0 13 0.17 M M 14.2 22 210 M M 4 29 190
13 81 54 68 M 0 3 0.00 M M 13.4 25 180 M M 1 32 180
14 81 45 63 M 2 0 0.00 M M 8.7 17 130 M M 0 23 140
15 93 54 74 M 0 9 0.00 M M 12.9 21 200 M M 1 30 200
16 79 57 68 M 0 3 0.00 M M 9.4 20 200 M M 4 1 25 200
17 90 57 74 M 0 9 0.00 M M 5.1 14 10 M M 5 18 10
18 79 54 67 M 0 2 0.00 M M 7.7 13 50 M M 2 20 80
19 79 50 65 M 0 0 0.00 M M 14.7 23 150 M M 4 30 150
20 93 64 79 M 0 14 0.00 M M 15.4 21 220 M M 5 33 180
21 91 72 82 M 0 17 0.00 M M 16.0 22 150 M M 9 8 30 170
22 88 70 79 M 0 14 0.00 M M 19.6 32 160 M M 7 38 160
23 88 66 77 M 0 12 0.00 M M 18.7 28 170 M M 7 35 170
24 82 55 69 M 0 4 0.00 M M 13.7 21 180 M M 9 29 180
25 66 54 60 M 5 0 0.17 M M 9.3 17 20 M M 7 3 25 20
26 79 46 63 M 2 0 0.00 M M 6.5 12 110 M M 1 17 90
27 75 54 65 M 0 0 0.00 M M 8.4 13 160 M M 5 21 150
28 88 64 76 M 0 11 0.00 M M 13.6 21 180 M M 5 29 190
29 88 70 79 M 0 14 0.00 M M 16.8 24 190 M M 6 30 180
30 84 61 73 M 0 8 0.00 M M 10.2 20 10 M M 1 26 200
================================================================================
SM 2522 1690 23 187 0.39 M 364.2 M 94
================================================================================
AV 84.1 56.3 12.1 FASTST M M 3 MAX(MPH)
MISC ----> 32 160 38 160
================================================================================
NOTES:
# LAST OF SEVERAL OCCURRENCES
COLUMN 17 PEAK WIND IN M.P.H.
PRELIMINARY LOCAL CLIMATOLOGICAL DATA (WS FORM: F-6) , PAGE 2
STATION: COMANCHE
MONTH: APRIL
YEAR: 2022
LATITUDE: 31 55 N
LONGITUDE: 98 36 W
[TEMPERATURE DATA] [PRECIPITATION DATA] SYMBOLS USED IN COLUMN 16
AVERAGE MONTHLY: 70.2 TOTAL FOR MONTH: 0.39 1 = FOG OR MIST
DPTR FM NORMAL: 0.0 DPTR FM NORMAL: -2.11 2 = FOG REDUCING VISIBILITY
HIGHEST: 97 ON 11 GRTST 24HR 0.17 ON 12-12 TO 1/4 MILE OR LESS
LOWEST: 45 ON 14, 9 3 = THUNDER
SNOW, ICE PELLETS, HAIL 4 = ICE PELLETS
TOTAL MONTH: M 5 = HAIL
GRTST 24HR M ON M 6 = FREEZING RAIN OR DRIZZLE
GRTST DEPTH: M ON M 7 = DUSTSTORM OR SANDSTORM:
VSBY 1/2 MILE OR LESS
8 = SMOKE OR HAZE
[NO. OF DAYS WITH] [WEATHER - DAYS WITH] 9 = BLOWING SNOW
X = TORNADO
MAX 32 OR BELOW: 0 0.01 INCH OR MORE: 4
MAX 90 OR ABOVE: 9 0.10 INCH OR MORE: 2
MIN 32 OR BELOW: 0 0.50 INCH OR MORE: 0
MIN 0 OR BELOW: 0 1.00 INCH OR MORE: 0
[HDD (BASE 65) ]
TOTAL THIS MO. 23 CLEAR (SCALE 0-3) 16
DPTR FM NORMAL M PTCLDY (SCALE 4-7) 12
TOTAL FM JUL 1 1748 CLOUDY (SCALE 8-10) 2
DPTR FM NORMAL M
[CDD (BASE 65) ]
TOTAL THIS MO. 187
DPTR FM NORMAL M [PRESSURE DATA]
TOTAL FM JAN 1 252 HIGHEST SLP M ON M
DPTR FM NORMAL M LOWEST SLP M ON M
[REMARKS]
#FINAL-04-22#