000
CXUS54 KTSA 010850
CF6MKO
PRELIMINARY LOCAL CLIMATOLOGICAL DATA (WS FORM: F-6)
STATION: MUSKOGEE OKLAHOMA
MONTH: SEPTEMBER
YEAR: 2022
LATITUDE: 35 40 N
LONGITUDE: 95 22 W
TEMPERATURE IN F: :PCPN: SNOW: WIND :SUNSHINE: SKY :PK WND
================================================================================
1 2 3 4 5 6A 6B 7 8 9 10 11 12 13 14 15 16 17 18
12Z AVG MX 2MIN
DY MAX MIN AVG DEP HDD CDD WTR SNW DPTH SPD SPD DIR MIN PSBL S-S WX SPD DR
================================================================================
1 89 68 79 1 0 14 0.24 0.0 M 6.2 25 240 M M 4 13 34 230
2 91 69 80 2 0 15 0.01 0.0 M 5.2 13 340 M M 6 3 20 320
3 93 66 80 3 0 15 0.00 0.0 M 5.4 16 30 M M 1 12 24 20
4 92 68 80 3 0 15 0.00 0.0 M 3.4 13 340 M M 2 20 10
5 90 65 78 1 0 13 T 0.0 M 3.8 14 40 M M 2 16 40
6 94 66 80 4 0 15 0.00 0.0 M 4.9 16 340 M M 0 1 21 340
7 92 65 79 3 0 14 0.00 0.0 M 7.6 18 40 M M 0 27 40
8 92 62 77 1 0 12 0.00 0.0 M 3.4 10 110 M M 2 16 110
9 91 64 78 2 0 13 0.00 0.0 M 5.3 13 140 M M 1 19 150
10 93 62 78 3 0 13 0.00 0.0 M 7.7 21 350 M M 1 29 330
11 83 56 70 -5 0 5 T 0.0 M 10.6 22 20 M M 3 30 360
12 87 47 67 -7 0 2 0.00 0.0 M 4.0 13 290 M M 0 16 290
13 92 53 73 -1 0 8 0.00 0.0 M 6.6 16 110 M M 0 20 110
14 90 58 74 0 0 9 0.00 0.0 M 6.8 15 100 M M 0 20 140
15 90 58 74 0 0 9 0.00 0.0 M 7.1 20 110 M M 0 25 190
16 94 60 77 4 0 12 0.00 0.0 M 8.8 17 220 M M 0 31 180
17 97 67 82 9 0 17 0.00 0.0 M 9.3 18 200 M M 1 28 200
18 99 73 86 14 0 21 0.00 0.0 M 8.9 20 220 M M 1 27 230
19 100 69 85 13 0 20 0.00 0.0 M 7.2 15 220 M M 0 23 230
20 100 71 86 14 0 21 0.00 0.0 M 8.2 17 230 M M 0 28 200
21 101 74 88 17 0 23 0.00 0.0 M 7.3 15 220 M M 1 24 190
22 85 64 75 4 0 10 0.00 0.0 M 11.5 21 20 M M 4 25 360
23 96 63 80 9 0 15 0.00 0.0 M 9.6 20 140 M M 0 25 130
24 90 67 79 9 0 14 T 0.0 M 4.7 15 220 M M 3 21 220
25 90 61 76 6 0 11 T 0.0 M 9.8 24 10 M M 0 34 20
26 87 50 69 -1 0 4 0.00 0.0 M 6.0 21 350 M M 0 8 29 10
27 90 48 69 0 0 4 0.00 0.0 M 5.9 15 140 M M 0 8 21 170
28 90 57 74 5 0 9 0.00 0.0 M 8.0 17 120 M M 1 28 120
29 80 56 68 0 0 3 0.00 0.0 M 10.5 20 130 M M 0 31 130
30 84 48 66 -2 0 1 0.00 0.0 M 5.3 13 80 M M 0 8 20 130
================================================================================
SM 2742 1855 0 357 0.25 0.0 209.0 M 33
================================================================================
AV 91.4 61.8 7.0 FASTST M M 1 MAX(MPH)
MISC ----> 25 240 # 34 230
================================================================================
NOTES:
# LAST OF SEVERAL OCCURRENCES
COLUMN 17 PEAK WIND IN M.P.H.
PRELIMINARY LOCAL CLIMATOLOGICAL DATA (WS FORM: F-6) , PAGE 2
STATION: MUSKOGEE OKLAHOMA
MONTH: SEPTEMBER
YEAR: 2022
LATITUDE: 35 40 N
LONGITUDE: 95 22 W
[TEMPERATURE DATA] [PRECIPITATION DATA] SYMBOLS USED IN COLUMN 16
AVERAGE MONTHLY: 76.6 TOTAL FOR MONTH: 0.25 1 = FOG OR MIST
DPTR FM NORMAL: 3.4 DPTR FM NORMAL: -4.08 2 = FOG REDUCING VISIBILITY
HIGHEST: 101 ON 21 GRTST 24HR 0.25 ON 1- 2 TO 1/4 MILE OR LESS
LOWEST: 47 ON 12 3 = THUNDER
SNOW, ICE PELLETS, HAIL 4 = ICE PELLETS
TOTAL MONTH: 0.0 INCH 5 = HAIL
GRTST 24HR 0.0 6 = FREEZING RAIN OR DRIZZLE
GRTST DEPTH: M ON M 7 = DUSTSTORM OR SANDSTORM:
VSBY 1/2 MILE OR LESS
8 = SMOKE OR HAZE
[NO. OF DAYS WITH] [WEATHER - DAYS WITH] 9 = BLOWING SNOW
X = TORNADO
MAX 32 OR BELOW: 0 0.01 INCH OR MORE: 2
MAX 90 OR ABOVE: 23 0.10 INCH OR MORE: 1
MIN 32 OR BELOW: 0 0.50 INCH OR MORE: 0
MIN 0 OR BELOW: 0 1.00 INCH OR MORE: 0
[HDD (BASE 65) ]
TOTAL THIS MO. 0 CLEAR (SCALE 0-3) 26
DPTR FM NORMAL -15 PTCLDY (SCALE 4-7) 4
TOTAL FM JUL 1 0 CLOUDY (SCALE 8-10) 0
DPTR FM NORMAL -14
[CDD (BASE 65) ]
TOTAL THIS MO. 357
DPTR FM NORMAL 96 [PRESSURE DATA]
TOTAL FM JAN 1 2252 HIGHEST SLP 30.34 ON 29
DPTR FM NORMAL 408 LOWEST SLP 29.78 ON 9
[REMARKS]
#FINAL-09-22#