000
CXUS53 KMPX 021454
CF6MKT
PRELIMINARY LOCAL CLIMATOLOGICAL DATA (WS FORM: F-6)
STATION: MANKATO MN
MONTH: MAY
YEAR: 2021
LATITUDE: 44 13 N
LONGITUDE: 93 55 W
TEMPERATURE IN F: :PCPN: SNOW: WIND :SUNSHINE: SKY :PK WND
================================================================================
1 2 3 4 5 6A 6B 7 8 9 10 11 12 13 14 15 16 17 18
12Z AVG MX 2MIN
DY MAX MIN AVG DEP HDD CDD WTR SNW DPTH SPD SPD DIR MIN PSBL S-S WX SPD DR
================================================================================
1 90 56 73 20 0 8 0.00 M M 10.1 18 280 M M 0 8 22 170
2 68 55 62 8 3 0 T M M 7.9 21 40 M M 5 8 27 40
3 67 47 57 3 8 0 0.00 M M 15.3 25 330 M M 5 37 330
4 58 38 48 -6 17 0 0.00 M M 13.5 20 360 M M 2 31 360
5 55 37 46 -9 19 0 0.15 M M 6.1 12 30 M M 5 M M
6 61 38 50 -5 15 0 T M M 11.3 23 300 M M 4 37 320
7 58 37 48 -8 17 0 0.00 M M 9.8 17 20 M M 1 24 310
8 53 38 46 -10 19 0 0.00 M M 11.1 17 130 M M 3 22 130
9 63 38 51 -5 14 0 0.00 M M 7.4 13 360 M M 1 22 290
10 56 40 48 -8 17 0 0.00 M M 11.4 17 340 M M 5 24 30
11 61 32 47 -10 18 0 0.00 M M 4.6 10 50 M M 0 M M
12 68 40 54 -3 11 0 0.00 M M 5.3 10 200 M M 0 M M
13 71 43 57 -1 8 0 0.00 M M 10.1 20 220 M M 1 27 220
14 60 53 57 -1 8 0 T M M 9.2 16 200 M M 9 23 160
15 76 48 62 4 3 0 0.00 M M 8.0 15 120 M M 2 8 16 360
16 74 50 62 4 3 0 T M M 9.8 18 140 M M 4 12 22 140
17 78 49 64 5 1 0 0.00 M M 10.3 20 140 M M 2 1 28 130
18 67 56 62 3 3 0 0.05 M M 13.2 18 120 M M 8 1 23 130
19 74 62 68 8 0 3 0.64 M M 9.6 18 130 M M 9 1 27 150
20 74 64 69 9 0 4 0.09 M M 11.4 17 160 M M 9 28 160
21 81 62 72 12 0 7 0.68 M M 10.9 20 210 M M 7 18 25 210
22 82 66 74 14 0 9 0.00 M M 10.6 16 190 M M 5 21 190
23 80 65 73 12 0 8 T M M 8.6 13 100 M M 5 16 220
24 87 68 78 17 0 13 T M M 13.7 21 240 M M 6 31 230
25 86 63 75 14 0 10 0.09 M M 15.2 25 250 M M 4 1 40 230
26 65 56 61 -1 4 0 T M M 12.0 23 330 M M 1 31 320
27 57 42 50 -12 15 0 0.79 M M 15.2 23 50 M M 10 1 30 80
28 58 41 50 -12 15 0 T M M 10.0 18 70 M M 6 29 50
29 65 38 52 -11 13 0 0.00 M M 8.7 16 130 M M 1 20 150
30 59 50 55 -8 10 0 0.07 M M 9.3 16 210 M M 10 1 M M
31 77 50 64 1 1 0 0.00 M M 8.4 15 310 M M 1 1 21 240
================================================================================
SM 2129 1522 242 62 2.56 M 318.0 M 131
================================================================================
AV 68.7 49.1 10.3 FASTST M M 4 MAX(MPH)
MISC ----> # 25 330 40 230
================================================================================
NOTES:
# LAST OF SEVERAL OCCURRENCES
COLUMN 17 PEAK WIND IN M.P.H.
PRELIMINARY LOCAL CLIMATOLOGICAL DATA (WS FORM: F-6) , PAGE 2
STATION: MANKATO MN
MONTH: MAY
YEAR: 2021
LATITUDE: 44 13 N
LONGITUDE: 93 55 W
[TEMPERATURE DATA] [PRECIPITATION DATA] SYMBOLS USED IN COLUMN 16
AVERAGE MONTHLY: 58.9 TOTAL FOR MONTH: 2.56 1 = FOG OR MIST
DPTR FM NORMAL: 0.5 DPTR FM NORMAL: -0.89 2 = FOG REDUCING VISIBILITY
HIGHEST: 90 ON 1 GRTST 24HR 0.79 ON 27-27 TO 1/4 MILE OR LESS
LOWEST: 32 ON 11 3 = THUNDER
SNOW, ICE PELLETS, HAIL 4 = ICE PELLETS
TOTAL MONTH: M 5 = HAIL
GRTST 24HR M ON M 6 = FREEZING RAIN OR DRIZZLE
GRTST DEPTH: M ON M 7 = DUSTSTORM OR SANDSTORM:
VSBY 1/2 MILE OR LESS
8 = SMOKE OR HAZE
[NO. OF DAYS WITH] [WEATHER - DAYS WITH] 9 = BLOWING SNOW
X = TORNADO
MAX 32 OR BELOW: 0 0.01 INCH OR MORE: 8
MAX 90 OR ABOVE: 1 0.10 INCH OR MORE: 4
MIN 32 OR BELOW: 1 0.50 INCH OR MORE: 3
MIN 0 OR BELOW: 0 1.00 INCH OR MORE: 0
[HDD (BASE 65) ]
TOTAL THIS MO. 242 CLEAR (SCALE 0-3) 12
DPTR FM NORMAL 0 PTCLDY (SCALE 4-7) 14
TOTAL FM JUL 1 7188 CLOUDY (SCALE 8-10) 5
DPTR FM NORMAL -573
[CDD (BASE 65) ]
TOTAL THIS MO. 62
DPTR FM NORMAL 23 [PRESSURE DATA]
TOTAL FM JAN 1 65 HIGHEST SLP M ON M
DPTR FM NORMAL 21 LOWEST SLP M ON M
[REMARKS]
#FINAL-05-21#