000
CXUS55 KBYZ 011000
CF6MLS
PRELIMINARY LOCAL CLIMATOLOGICAL DATA (WS FORM: F-6)
STATION: MILES CITY MT
MONTH: SEPTEMBER
YEAR: 2021
LATITUDE: 46 25 N
LONGITUDE: 105 53 W
TEMPERATURE IN F: :PCPN: SNOW: WIND :SUNSHINE: SKY :PK WND
================================================================================
1 2 3 4 5 6A 6B 7 8 9 10 11 12 13 14 15 16 17 18
12Z AVG MX 2MIN
DY MAX MIN AVG DEP HDD CDD WTR SNW DPTH SPD SPD DIR MIN PSBL S-S WX SPD DR
================================================================================
1 80 58 69 2 0 4 T M M 10.6 18 350 M M 0 23 320
2 70 52 61 -6 4 0 T M M 9.5 17 10 M M 5 22 20
3 57 44 51 -15 14 0 0.09 M M 5.2 14 160 M M 6 1 19 150
4 71 40 56 -10 9 0 0.00 M M 6.4 15 230 M M 0 19 220
5 86 42 64 -2 1 0 0.00 M M 7.8 17 300 M M 0 22 300
6 91 45 68 3 0 3 0.00 M M 11.1 28 310 M M 0 8 33 330
7 85 41 63 -2 2 0 0.00 M M 8.0 20 320 M M 0 24 320
8 82 44 63 -1 2 0 0.00 M M 7.2 15 150 M M 0 18 150
9 91 50 71 7 0 6 0.00 M M 8.9 22 280 M M 0 8 25 280
10 92 55 74 10 0 9 0.00 M M 9.8 23 50 M M 0 8 28 40
11 74 54 64 1 1 0 T M M 9.0 16 60 M M 2 20 60
12 81 46 64 1 1 0 0.00 M M 4.7 14 220 M M 0 3 16 230
13 79 55 67 5 0 2 0.13 M M 9.9 26 330 M M 5 3 32 340
14 77 50 64 2 1 0 0.01 M M 5.0 14 150 M M 3 20 160
15 88 51 70 8 0 5 0.00 M M 12.0 25 280 M M 0 32 280
16 65 42 54 -7 11 0 0.00 M M 12.5 24 340 M M 5 30 340
17 80 35 58 -3 7 0 0.00 M M 10.5 23 160 M M 0 30 140
18 98 53 76 16 0 11 0.00 M M 13.6 24 180 M M 0 31 160
19 71 51 61 1 4 0 0.26 M M 8.0 24 290 M M 5 1 30 300
20 62 42 52 -7 13 0 0.07 M M 8.4 28 340 M M 5 3 33 340
21 71 37 54 -5 11 0 0.00 M M 8.5 20 230 M M 0 12 25 220
22 86 41 64 6 1 0 0.00 M M 6.8 13 190 M M 0 17 230
23 79 49 64 6 1 0 0.00 M M 11.7 23 330 M M 1 28 340
24 71 49 60 2 5 0 T M M 6.0 14 340 M M 4 18 340
25 89 46 68 11 0 3 0.00 M M 8.3 21 240 M M 0 26 230
26 90 50 70 13 0 5 0.00 M M 8.4 17 250 M M 0 24 250
27 91 49 70 14 0 5 0.00 M M 6.8 14 260 M M 0 8 19 280
28 87 48 68 12 0 3 0.04 M M 9.6 35 320 M M 1 46 350
29 64 48 56 1 9 0 0.05 M M 10.6 23 310 M M 8 30 310
30 71 36 54 -1 11 0 0.00 M M 5.0 12 180 M M 0 19 180
================================================================================
SM 2379 1403 108 56 0.65 M 259.8 M 50
================================================================================
AV 79.3 46.8 8.7 FASTST M M 2 MAX(MPH)
MISC ----> 35 320 46 350
================================================================================
NOTES:
# LAST OF SEVERAL OCCURRENCES
COLUMN 17 PEAK WIND IN M.P.H.
PRELIMINARY LOCAL CLIMATOLOGICAL DATA (WS FORM: F-6) , PAGE 2
STATION: MILES CITY MT
MONTH: SEPTEMBER
YEAR: 2021
LATITUDE: 46 25 N
LONGITUDE: 105 53 W
[TEMPERATURE DATA] [PRECIPITATION DATA] SYMBOLS USED IN COLUMN 16
AVERAGE MONTHLY: 63.0 TOTAL FOR MONTH: 0.65 1 = FOG OR MIST
DPTR FM NORMAL: 1.8 DPTR FM NORMAL: -0.42 2 = FOG REDUCING VISIBILITY
HIGHEST: 98 ON 18 GRTST 24HR 0.33 ON 19-20 TO 1/4 MILE OR LESS
LOWEST: 35 ON 17 3 = THUNDER
SNOW, ICE PELLETS, HAIL 4 = ICE PELLETS
TOTAL MONTH: M 5 = HAIL
GRTST 24HR M ON M 6 = FREEZING RAIN OR DRIZZLE
GRTST DEPTH: M ON M 7 = DUSTSTORM OR SANDSTORM:
VSBY 1/2 MILE OR LESS
8 = SMOKE OR HAZE
[NO. OF DAYS WITH] [WEATHER - DAYS WITH] 9 = BLOWING SNOW
X = TORNADO
MAX 32 OR BELOW: 0 0.01 INCH OR MORE: 7
MAX 90 OR ABOVE: 6 0.10 INCH OR MORE: 2
MIN 32 OR BELOW: 0 0.50 INCH OR MORE: 0
MIN 0 OR BELOW: 0 1.00 INCH OR MORE: 0
[HDD (BASE 65) ]
TOTAL THIS MO. 108 CLEAR (SCALE 0-3) 21
DPTR FM NORMAL -68 PTCLDY (SCALE 4-7) 8
TOTAL FM JUL 1 131 CLOUDY (SCALE 8-10) 1
DPTR FM NORMAL -80
[CDD (BASE 65) ]
TOTAL THIS MO. 56
DPTR FM NORMAL -8 [PRESSURE DATA]
TOTAL FM JAN 1 1034 HIGHEST SLP 30.41 ON 21
DPTR FM NORMAL 307 LOWEST SLP 29.42 ON 28
[REMARKS]
#FINAL-09-21#