000
CXUS55 KBYZ 011218
CLMMLS
CLIMATE REPORT
NATIONAL WEATHER SERVICE BILLINGS MT
618 AM MDT SAT APR 01 2023
...................................
...THE MILES CITY MT CLIMATE SUMMARY FOR THE MONTH OF MARCH 2023...
CLIMATE NORMAL PERIOD 1991 TO 2020
CLIMATE RECORD PERIOD 1937 TO 2023
WEATHER OBSERVED NORMAL DEPART
VALUE DATE(S) VALUE FROM
NORMAL
................................................
TEMPERATURE (F)
HIGHEST 52 03/24
LOWEST 2 03/09
AVG. MAXIMUM 33.9 46.8 -12.9
AVG. MINIMUM 16.5 22.5 -6.0
MEAN 25.2 34.7 -9.5
DAYS MAX >= 90 0
DAYS MAX <= 32 15
DAYS MIN <= 32 31
DAYS MIN <= 0 0
PRECIPITATION (INCHES)
TOTALS 0.08 0.55 -0.47
DAYS >= .01 4
DAYS >= .10 0
DAYS >= .50 0
DAYS >= 1.00 0
GREATEST
24 HR. TOTAL 0.03 03/09 TO 03/09
03/30 TO 03/31
DEGREE DAYS
HEATING TOTAL 1227 941 286
SINCE 7/1 7033 6586 447
COOLING TOTAL 0 0 0
SINCE 1/1 0 0 0
................................................
WIND (MPH)
AVERAGE WIND SPEED 10.6
HIGHEST WIND SPEED/DIRECTION 45/290 DATE 03/11
HIGHEST GUST SPEED/DIRECTION 57/280 DATE 03/11
AVERAGE RH (PERCENT) 74
WEATHER CONDITIONS. NUMBER OF DAYS WITH
THUNDERSTORM 0 MIXED PRECIP 0
HEAVY RAIN 0 RAIN 0
LIGHT RAIN 0 FREEZING RAIN 0
LT FREEZING RAIN 0 HAIL 0
HEAVY SNOW 0 SNOW 2
LIGHT SNOW 15 SLEET 0
FOG 19 FOG W/VIS <= 1/4 MILE 1
HAZE 10
- INDICATES NEGATIVE NUMBERS.
R INDICATES RECORD WAS SET OR TIED.
MM INDICATES DATA IS MISSING.
T INDICATES TRACE AMOUNT.
$$