000
CXUS51 KCAR 012113
CLMMLT
CLIMATE REPORT
NATIONAL WEATHER SERVICE CARIBOU ME
513 PM EDT WED NOV 01 2023
...................................
...THE MILLINOCKET ME CLIMATE SUMMARY FOR THE MONTH OF OCTOBER 2023...
CLIMATE NORMAL PERIOD: 1991 TO 2020
CLIMATE RECORD PERIOD: 1903 TO 2023
WEATHER OBSERVED NORMAL DEPART LAST YEAR`S
VALUE DATE(S) VALUE FROM VALUE DATE(S)
NORMAL
................................................................
TEMPERATURE (F)
RECORD
HIGH 87 10/13/1930
LOW 11 10/31/1925
HIGHEST 81 10/03 MM MM 75 10/06
LOWEST 29 10/30 MM MM 27 10/03
10/11
10/29
AVG. MAXIMUM 61.0 55.5 5.5 62.4
AVG. MINIMUM 44.2 36.5 7.7 38.4
MEAN 52.6 46.0 6.6 50.4
DAYS MAX >= 90 0 0.0 0.0 0
DAYS MAX <= 32 0 0.0 0.0 0
DAYS MIN <= 32 3 9.5 -6.5 12
DAYS MIN <= 0 0 0.0 0.0 0
PRECIPITATION (INCHES)
RECORD
MAXIMUM 7.71 2022
MINIMUM 4.62 2021
TOTALS 3.94* -0.61
DAILY AVG. 0.13 0.15 -0.02 0.25
DAYS >= .01 12 12.7 -0.7 10
DAYS >= .10 9 7.7 1.3 7
DAYS >= .50 3 2.9 0.1 5
DAYS >= 1.00 1 1.5 -0.5 5
SNOWFALL (INCHES)
RECORDS
TOTAL MM MM
TOTALS MM MM MM MM
SINCE 7/1 MM MM MM MM
SNOWDEPTH AVG. MM MM
DAYS >= 1.0 MM MM MM MM
GREATEST
SNOW DEPTH MM MM MM
24 HR TOTAL MM MM
DEGREE DAYS
HEATING TOTAL 379 590 -211 444
SINCE 7/1 544 888 -344 MM
COOLING TOTAL 3 1 2 0
SINCE 1/1 419 293 126 MM
................................................................
WIND (MPH)
AVERAGE WIND SPEED 4.1
HIGHEST WIND SPEED/DIRECTION 26/100 DATE 10/08
HIGHEST GUST SPEED/DIRECTION 45/090 DATE 10/08
SKY COVER
POSSIBLE SUNSHINE (PERCENT) MM
AVERAGE SKY COVER 0.68
NUMBER OF DAYS FAIR 3
NUMBER OF DAYS PC 11
NUMBER OF DAYS CLOUDY 17
AVERAGE RH (PERCENT) 78
WEATHER CONDITIONS. NUMBER OF DAYS WITH
THUNDERSTORM 1 MIXED PRECIP 0
HEAVY RAIN 4 RAIN 6
LIGHT RAIN 12 FREEZING RAIN 0
LT FREEZING RAIN 0 HAIL 0
HEAVY SNOW 1 SNOW 1
LIGHT SNOW 2 SLEET 0
FOG 22 FOG W/VIS <= 1/4 MILE 7
HAZE 1
- INDICATES NEGATIVE NUMBERS.
* INDICATES RECORD WAS SET OR TIED.
MM INDICATES DATA IS MISSING.
T INDICATES TRACE AMOUNT.
$$