000
CXUS54 KSHV 180908
CF6MLU
PRELIMINARY LOCAL CLIMATOLOGICAL DATA (WS FORM: F-6)
STATION: MONROE
MONTH: AUGUST
YEAR: 2022
LATITUDE: 32 30 N
LONGITUDE: 92 2 W
TEMPERATURE IN F: :PCPN: SNOW: WIND :SUNSHINE: SKY :PK WND
================================================================================
1 2 3 4 5 6A 6B 7 8 9 10 11 12 13 14 15 16 17 18
12Z AVG MX 2MIN
DY MAX MIN AVG DEP HDD CDD WTR SNW DPTH SPD SPD DIR MIN PSBL S-S WX SPD DR
================================================================================
1 97 74 86 3 0 21 0.61 0.0 0 5.1 25 210 M M 4 13 29 210
2 96 76 86 3 0 21 0.03 0.0 0 5.5 22 190 M M 3 3 28 180
3 97 74 86 3 0 21 0.45 0.0 0 4.9 20 230 M M 5 138 25 180
4 93 73 83 0 0 18 0.00 0.0 0 3.3 9 270 M M 5 1 13 100
5 94 75 85 2 0 20 0.00 0.0 0 4.5 14 180 M M 4 22 200
6 96 72 84 1 0 19 0.00 0.0 0 3.8 17 160 M M 1 1 25 120
7 97 74 86 3 0 21 0.00 0.0 0 3.9 12 200 M M 3 128 15 160
8 99 74 87 4 0 22 0.00 0.0 0 3.8 14 200 M M 1 3 18 230
9 95 73 84 1 0 19 3.53 0.0 0 3.7 33 30 M M 3 123 41 40
10 83 72 78 -5 0 13 1.74 0.0 0 1.9 10 240 M M 5 13 12 310
11 93 73 83 0 0 18 0.08 0.0 0 4.6 12 70 M M 6 1 17 40
12 95 73 84 1 0 19 0.06 0.0 0 4.8 16 70 M M 4 1 22 40
13 95 73 84 1 0 19 0.00 0.0 0 4.8 12 50 M M 3 15 50
14 95 74 85 2 0 20 0.00 0.0 0 2.4 10 230 M M 1 14 220
15 99 77 88 5 0 23 0.00 0.0 0 4.1 12 300 M M 1 15 320
16 98 78 88 5 0 23 0.00 0.0 0 5.3 10 210 M M 2 M M
17 91 76 84 1 0 19 0.00 0.0 0 5.4 12 50 M M 2 8 15 20
18 83 73 78 -5 0 13 1.56 0.0 0 4.0 15 60 M M 7 13 18 60
19 89 74 82 0 0 17 0.65 0.0 0 2.3 10 310 M M 8 128 14 310
20 91 74 83 1 0 18 0.00 0.0 0 6.2 20 200 M M 3 1 24 210
21 88 75 82 0 0 17 1.07 0.0 0 3.3 20 210 M M 6 13 25 210
22 79 74 77 -5 0 12 2.62 0.0 0 4.0 16 310 M M 8 13 22 310
23 78 74 76 -6 0 11 3.79 0.0 0 4.6 12 90 M M 10 1 16 110
24 85 75 80 -2 0 15 0.02 0.0 0 5.7 15 30 M M 10 13 18 10
25 83 73 78 -4 0 13 1.55 0.0 0 5.5 14 50 M M 9 13 17 50
26 90 75 83 1 0 18 0.36 0.0 0 4.5 10 80 M M 7 13 14 70
27 91 74 83 1 0 18 0.04 0.0 0 2.4 10 190 M M 4 128 14 200
28 93 76 85 4 0 20 0.02 0.0 0 3.7 20 210 M M 4 8 24 200
29 94 75 85 4 0 20 0.02 0.0 0 3.5 25 200 M M 3 13 32 190
30 96 74 85 4 0 20 0.00 0.0 0 1.6 10 300 M M 2 1 14 10
31 96 75 86 5 0 21 0.20 0.0 0 3.3 25 40 M M 2 138 28 40
================================================================================
SM 2849 2302 0 569 18.40 0.0 126.4 M 136
================================================================================
AV 91.9 74.3 4.1 FASTST M M 4 MAX(MPH)
MISC ----> 33 30 41 40
================================================================================
NOTES:
# LAST OF SEVERAL OCCURRENCES
COLUMN 17 PEAK WIND IN M.P.H.
PRELIMINARY LOCAL CLIMATOLOGICAL DATA (WS FORM: F-6) , PAGE 2
STATION: MONROE
MONTH: AUGUST
YEAR: 2022
LATITUDE: 32 30 N
LONGITUDE: 92 2 W
[TEMPERATURE DATA] [PRECIPITATION DATA] SYMBOLS USED IN COLUMN 16
AVERAGE MONTHLY: 83.1 TOTAL FOR MONTH: 18.40 1 = FOG OR MIST
DPTR FM NORMAL: 0.6 DPTR FM NORMAL: 14.84 2 = FOG REDUCING VISIBILITY
HIGHEST: 99 ON 15, 8 GRTST 24HR 5.91 ON 22-23 TO 1/4 MILE OR LESS
LOWEST: 72 ON 10, 6 3 = THUNDER
SNOW, ICE PELLETS, HAIL 4 = ICE PELLETS
TOTAL MONTH: 0.0 INCH 5 = HAIL
GRTST 24HR 0.0 6 = FREEZING RAIN OR DRIZZLE
GRTST DEPTH: 0 7 = DUSTSTORM OR SANDSTORM:
VSBY 1/2 MILE OR LESS
8 = SMOKE OR HAZE
[NO. OF DAYS WITH] [WEATHER - DAYS WITH] 9 = BLOWING SNOW
X = TORNADO
MAX 32 OR BELOW: 0 0.01 INCH OR MORE: 19
MAX 90 OR ABOVE: 23 0.10 INCH OR MORE: 12
MIN 32 OR BELOW: 0 0.50 INCH OR MORE: 9
MIN 0 OR BELOW: 0 1.00 INCH OR MORE: 7
[HDD (BASE 65) ]
TOTAL THIS MO. 0 CLEAR (SCALE 0-3) 12
DPTR FM NORMAL 0 PTCLDY (SCALE 4-7) 15
TOTAL FM JUL 1 0 CLOUDY (SCALE 8-10) 4
DPTR FM NORMAL 0
[CDD (BASE 65) ]
TOTAL THIS MO. 569
DPTR FM NORMAL 27 [PRESSURE DATA]
TOTAL FM JAN 1 2273 HIGHEST SLP 30.19 ON 7
DPTR FM NORMAL 295 LOWEST SLP 29.83 ON 23
[REMARKS]
#FINAL-08-22#