000
CXUS54 KSHV 011300
CF6MLU
PRELIMINARY LOCAL CLIMATOLOGICAL DATA (WS FORM: F-6)
STATION: MONROE
MONTH: APRIL
YEAR: 2021
LATITUDE: 32 30 N
LONGITUDE: 92 2 W
TEMPERATURE IN F: :PCPN: SNOW: WIND :SUNSHINE: SKY :PK WND
================================================================================
1 2 3 4 5 6A 6B 7 8 9 10 11 12 13 14 15 16 17 18
12Z AVG MX 2MIN
DY MAX MIN AVG DEP HDD CDD WTR SNW DPTH SPD SPD DIR MIN PSBL S-S WX SPD DR
================================================================================
1 63 40 52 -10 13 0 0.00 0.0 0 8.7 23 340 M M 0 30 30
2 62 37 50 -12 15 0 0.00 0.0 0 5.5 13 60 M M 0 18 40
3 71 38 55 -7 10 0 0.00 0.0 0 2.6 10 190 M M 1 13 160
4 77 53 65 2 0 0 0.00 0.0 0 2.0 10 210 M M 5 14 230
5 80 57 69 6 0 4 0.00 0.0 0 5.8 13 160 M M 3 17 170
6 81 53 67 4 0 2 0.03 0.0 0 6.2 22 220 M M 4 1 26 220
7 78 63 71 7 0 6 0.10 0.0 0 8.8 21 190 M M 7 13 30 180
8 82 53 68 4 0 3 0.00 0.0 0 6.5 18 250 M M 0 12 24 230
9 86 58 72 8 0 7 2.49 0.0 0 7.8 44 310 M M 5 138 57 300
10 76 55 66 2 0 1 0.30 0.0 0 9.2 28 330 M M 4 13 38 340
11 80 48 64 0 1 0 0.00 0.0 0 1.5 14 330 M M 0 18 17 330
12 85 50 68 3 0 3 0.00 0.0 0 3.5 10 140 M M 0 1 15 190
13 82 56 69 4 0 4 0.00 0.0 0 3.6 13 130 M M 1 1 20 140
14 63 57 60 -5 5 0 0.56 0.0 0 6.4 14 360 M M 9 13 16 20
15 73 55 64 -2 1 0 0.03 0.0 0 9.2 18 50 M M 4 26 50
16 62 57 60 -6 5 0 0.46 0.0 0 5.4 15 30 M M 10 1 20 40
17 64 53 59 -7 6 0 0.02 0.0 0 8.1 17 350 M M 7 1 23 330
18 68 49 59 -7 6 0 0.00 0.0 0 5.9 16 300 M M 3 22 310
19 73 43 58 -9 7 0 0.00 0.0 0 1.6 10 350 M M 1 12 13 30
20 78 47 63 -4 2 0 0.00 0.0 0 7.1 24 20 M M 1 1 33 350
21 63 41 52 -15 13 0 0.00 0.0 0 7.3 23 20 M M 1 31 30
22 71 41 56 -12 9 0 0.00 0.0 0 3.6 12 80 M M 2 15 70
23 71 58 65 -3 0 0 1.54 0.0 0 4.7 13 120 M M 10 13 19 120
24 78 57 68 0 0 3 0.11 0.0 0 10.2 33 300 M M 4 13 45 290
25 78 51 65 -3 0 0 0.00 0.0 0 3.1 10 90 M M 0 12 13 50
26 80 51 66 -3 0 1 0.00 0.0 0 4.6 12 140 M M 0 1 19 170
27 80 63 72 3 0 7 T 0.0 0 5.0 15 190 M M 5 1 21 190
28 86 74 80 11 0 15 0.00 0.0 0 6.4 17 190 M M 8 24 170
29 83 71 77 7 0 12 T 0.0 0 4.1 12 170 M M 4 3 15 150
30 74 63 69 -1 0 4 0.53 0.0 0 6.3 16 360 M M 8 13 20 60
================================================================================
SM 2248 1592 93 72 6.17 0.0 170.7 M 107
================================================================================
AV 74.9 53.1 5.7 FASTST M M 4 MAX(MPH)
MISC ----> 44 310 57 300
================================================================================
NOTES:
# LAST OF SEVERAL OCCURRENCES
COLUMN 17 PEAK WIND IN M.P.H.
PRELIMINARY LOCAL CLIMATOLOGICAL DATA (WS FORM: F-6) , PAGE 2
STATION: MONROE
MONTH: APRIL
YEAR: 2021
LATITUDE: 32 30 N
LONGITUDE: 92 2 W
[TEMPERATURE DATA] [PRECIPITATION DATA] SYMBOLS USED IN COLUMN 16
AVERAGE MONTHLY: 64.0 TOTAL FOR MONTH: 6.17 1 = FOG OR MIST
DPTR FM NORMAL: -1.8 DPTR FM NORMAL: 1.67 2 = FOG REDUCING VISIBILITY
HIGHEST: 86 ON 28, 9 GRTST 24HR 2.79 ON 9-10 TO 1/4 MILE OR LESS
LOWEST: 37 ON 2 3 = THUNDER
SNOW, ICE PELLETS, HAIL 4 = ICE PELLETS
TOTAL MONTH: 0.0 INCH 5 = HAIL
GRTST 24HR 0.0 6 = FREEZING RAIN OR DRIZZLE
GRTST DEPTH: 0 7 = DUSTSTORM OR SANDSTORM:
VSBY 1/2 MILE OR LESS
8 = SMOKE OR HAZE
[NO. OF DAYS WITH] [WEATHER - DAYS WITH] 9 = BLOWING SNOW
X = TORNADO
MAX 32 OR BELOW: 0 0.01 INCH OR MORE: 11
MAX 90 OR ABOVE: 0 0.10 INCH OR MORE: 8
MIN 32 OR BELOW: 0 0.50 INCH OR MORE: 4
MIN 0 OR BELOW: 0 1.00 INCH OR MORE: 2
[HDD (BASE 65) ]
TOTAL THIS MO. 93 CLEAR (SCALE 0-3) 15
DPTR FM NORMAL 13 PTCLDY (SCALE 4-7) 11
TOTAL FM JUL 1 2126 CLOUDY (SCALE 8-10) 4
DPTR FM NORMAL -99
[CDD (BASE 65) ]
TOTAL THIS MO. 72
DPTR FM NORMAL -32 [PRESSURE DATA]
TOTAL FM JAN 1 164 HIGHEST SLP 30.55 ON 2
DPTR FM NORMAL 17 LOWEST SLP 29.64 ON 24
[REMARKS]
#FINAL-04-21#