000
CXUS54 KSHV 011400
CF6MLU
PRELIMINARY LOCAL CLIMATOLOGICAL DATA (WS FORM: F-6)
STATION: MONROE
MONTH: JANUARY
YEAR: 2024
LATITUDE: 32 30 N
LONGITUDE: 92 2 W
TEMPERATURE IN F: :PCPN: SNOW: WIND :SUNSHINE: SKY :PK WND
================================================================================
1 2 3 4 5 6A 6B 7 8 9 10 11 12 13 14 15 16 17 18
12Z AVG MX 2MIN
DY MAX MIN AVG DEP HDD CDD WTR SNW DPTH SPD SPD DIR MIN PSBL S-S WX SPD DR
================================================================================
1 52 34 43 -4 22 0 0.00 0.0 0 10.0 18 40 M M 1 26 50
2 54 27 41 -6 24 0 0.00 0.0 0 5.1 13 60 M M 0 16 50
3 59 36 48 1 17 0 T 0.0 0 3.0 10 20 M M 5 16 360
4 57 29 43 -4 22 0 0.00 0.0 0 4.7 15 50 M M 0 1 20 40
5 43 35 39 -8 26 0 1.17 0.0 0 8.4 21 310 M M 8 1 28 290
6 47 40 44 -3 21 0 0.00 0.0 0 6.9 17 290 M M 10 24 290
7 60 30 45 -2 20 0 0.00 0.0 0 3.0 10 210 M M 0 128 13 200
8 61 34 48 2 17 0 1.34 0.0 0 7.3 23 290 M M 8 13 32 280
9 54 34 44 -2 21 0 0.17 0.0 0 15.5 30 280 M M 6 1 40 250
10 62 29 46 0 19 0 0.00 0.0 0 8.2 20 200 M M 0 28 200
11 73 39 56 10 9 0 T 0.0 0 6.5 16 160 M M 4 1 24 170
12 68 34 51 5 14 0 0.15 0.0 0 15.0 35 290 M M 4 13 50 320
13 56 25 41 -5 24 0 0.00 0.0 0 4.8 16 210 M M 0 23 230
14 43 22 33 -13 32 0 0.00 0.0 0 12.2 18 40 M M 8 24 50
15 23 18 21 -26 44 0 0.18 0.4 T 12.1 20 360 M M 10 1468 26 340
16 30 15 23 -24 42 0 0.00 0.0 T 9.7 18 10 M M 1 27 20
17 38 12 25 -22 40 0 0.00 0.0 T 3.3 9 140 M M 0 16 170
18 57 30 44 -3 21 0 T 0.0 0 6.7 16 200 M M 9 1 21 200
19 49 26 38 -9 27 0 0.00 0.0 0 9.8 21 20 M M 4 1 28 20
20 35 22 29 -18 36 0 0.00 0.0 0 9.9 17 50 M M 0 22 10
21 41 19 30 -17 35 0 0.00 0.0 0 6.9 15 50 M M 4 21 40
22 60 37 49 2 16 0 0.52 0.0 0 5.6 13 120 M M 10 1 24 140
23 68 54 61 14 4 0 0.69 0.0 0 5.6 13 270 M M 10 1 23 130
24 65 60 63 16 2 0 1.76 0.0 0 3.8 12 260 M M 10 13 15 90
25 68 50 59 12 6 0 0.92 0.0 0 3.7 14 80 M M 7 1 20 90
26 61 48 55 8 10 0 0.58 0.0 0 6.8 20 40 M M 10 12 26 50
27 58 49 54 7 11 0 0.13 0.0 0 10.3 18 290 M M 10 1 25 290
28 57 39 48 0 17 0 T 0.0 0 7.7 16 310 M M 5 1 24 310
29 65 34 50 2 15 0 0.00 0.0 0 1.1 9 360 M M 0 12 10
30 78 40 59 11 6 0 0.00 0.0 0 7.4 20 290 M M 0 27 300
31 66 40 53 5 12 0 0.00 0.0 0 3.0 12 60 M M 0 1 15 50
================================================================================
SM 1708 1041 632 0 7.61 0.4 224.0 M 144
================================================================================
AV 55.1 33.6 7.2 FASTST M M 5 MAX(MPH)
MISC ----> 35 290 50 320
================================================================================
NOTES:
# LAST OF SEVERAL OCCURRENCES
COLUMN 17 PEAK WIND IN M.P.H.
PRELIMINARY LOCAL CLIMATOLOGICAL DATA (WS FORM: F-6) , PAGE 2
STATION: MONROE
MONTH: JANUARY
YEAR: 2024
LATITUDE: 32 30 N
LONGITUDE: 92 2 W
[TEMPERATURE DATA] [PRECIPITATION DATA] SYMBOLS USED IN COLUMN 16
AVERAGE MONTHLY: 44.3 TOTAL FOR MONTH: 7.61 1 = FOG OR MIST
DPTR FM NORMAL: -2.5 DPTR FM NORMAL: 2.46 2 = FOG REDUCING VISIBILITY
HIGHEST: 78 ON 30 GRTST 24HR 2.38 ON 23-24 TO 1/4 MILE OR LESS
LOWEST: 12 ON 17 3 = THUNDER
SNOW, ICE PELLETS, HAIL 4 = ICE PELLETS
TOTAL MONTH: 0.4 INCH 5 = HAIL
GRTST 24HR 0.4 ON 15-15 6 = FREEZING RAIN OR DRIZZLE
GRTST DEPTH: T 7 = DUSTSTORM OR SANDSTORM:
VSBY 1/2 MILE OR LESS
8 = SMOKE OR HAZE
[NO. OF DAYS WITH] [WEATHER - DAYS WITH] 9 = BLOWING SNOW
X = TORNADO
MAX 32 OR BELOW: 2 0.01 INCH OR MORE: 11
MAX 90 OR ABOVE: 0 0.10 INCH OR MORE: 11
MIN 32 OR BELOW: 13 0.50 INCH OR MORE: 7
MIN 0 OR BELOW: 0 1.00 INCH OR MORE: 3
[HDD (BASE 65) ]
TOTAL THIS MO. 632 CLEAR (SCALE 0-3) 12
DPTR FM NORMAL 66 PTCLDY (SCALE 4-7) 11
TOTAL FM JUL 1 1369 CLOUDY (SCALE 8-10) 8
DPTR FM NORMAL -95
[CDD (BASE 65) ]
TOTAL THIS MO. 0
DPTR FM NORMAL -4 [PRESSURE DATA]
TOTAL FM JAN 1 0 HIGHEST SLP 30.66 ON 20
DPTR FM NORMAL -4 LOWEST SLP 29.42 ON 12
[REMARKS]
#FINAL-01-24#