000
CXUS54 KSHV 011500
CF6MLU
PRELIMINARY LOCAL CLIMATOLOGICAL DATA (WS FORM: F-6)
STATION: MONROE
MONTH: APRIL
YEAR: 2020
LATITUDE: 32 30 N
LONGITUDE: 92 2 W
TEMPERATURE IN F: :PCPN: SNOW: WIND :SUNSHINE: SKY :PK WND
================================================================================
1 2 3 4 5 6A 6B 7 8 9 10 11 12 13 14 15 16 17 18
12Z AVG MX 2MIN
DY MAX MIN AVG DEP HDD CDD WTR SNW DPTH SPD SPD DIR MIN PSBL S-S WX SPD DR
================================================================================
1 76 46 61 -1 4 0 0.00 0.0 0 2.6 10 340 M M 0 1 13 350
2 76 50 63 1 2 0 T 0.0 0 2.8 12 150 M M 1 16 170
3 75 59 67 5 0 2 0.03 0.0 0 3.8 10 50 M M 3 1 13 40
4 65 61 63 0 2 0 0.59 0.0 0 4.5 13 360 M M 9 1 15 20
5 78 57 68 5 0 3 0.00 0.0 0 4.4 10 70 M M 3 18 16 40
6 79 62 71 8 0 6 0.00 0.0 0 2.2 8 190 M M 1 13 160
7 84 69 77 13 0 12 T 0.0 0 7.3 17 200 M M 7 18 21 200
8 88 72 80 16 0 15 0.00 0.0 0 8.8 14 220 M M 6 18 19 200
9 77 62 70 6 0 5 T 0.0 0 9.8 28 50 M M 2 18 36 50
10 65 45 55 -9 10 0 0.00 0.0 0 8.9 20 20 M M 1 25 30
11 78 43 61 -3 4 0 0.01 0.0 0 4.3 12 160 M M 2 19 160
12 75 56 66 1 0 1 0.83 0.0 0 7.9 47 220 M M 8 13 69 220
13 59 46 53 -12 12 0 0.00 0.0 0 10.2 23 330 M M 7 29 320
14 62 42 52 -13 13 0 0.00 0.0 0 11.0 22 60 M M 2 28 60
15 65 40 53 -13 12 0 0.00 0.0 0 5.7 13 40 M M 0 17 40
16 74 39 57 -9 8 0 0.00 0.0 0 3.3 13 160 M M 0 18 150
17 78 45 62 -4 3 0 0.02 0.0 0 5.8 14 340 M M 5 1 17 220
18 68 53 61 -5 4 0 0.02 0.0 0 8.4 22 350 M M 4 13 27 340
19 65 55 60 -7 5 0 2.10 0.0 0 5.5 29 340 M M 10 13 36 350
20 74 55 65 -2 0 0 0.00 0.0 0 2.8 14 360 M M 4 1 17 350
21 83 52 68 1 0 3 0.00 0.0 0 1.9 8 80 M M 1 12 10 90
22 75 62 69 1 0 4 2.65 0.0 0 5.8 17 110 M M 5 13 29 110
23 78 59 69 1 0 4 0.01 0.0 0 7.7 20 280 M M 4 1 28 260
24 81 54 68 0 0 3 0.33 0.0 0 3.8 17 330 M M 1 13 22 340
25 76 61 69 1 0 4 0.00 0.0 0 8.6 21 290 M M 2 27 290
26 80 55 68 -1 0 3 0.00 0.0 0 3.9 15 330 M M 0 20 340
27 80 55 68 -1 0 3 0.00 0.0 0 4.3 17 160 M M 0 29 170
28 73 62 68 -1 0 3 0.06 0.0 0 6.0 16 270 M M 4 13 25 130
29 78 58 68 -2 0 3 0.54 0.0 0 11.1 33 340 M M 4 13 42 300
30 79 53 66 -4 0 1 0.00 0.0 0 5.5 17 340 M M 0 24 330
================================================================================
SM 2244 1628 79 75 7.19 0.0 178.6 M 96
================================================================================
AV 74.8 54.3 6.0 FASTST M M 3 MAX(MPH)
MISC ----> # 47 220 # 69 220
================================================================================
NOTES:
# LAST OF SEVERAL OCCURRENCES
COLUMN 17 PEAK WIND IN M.P.H.
PRELIMINARY LOCAL CLIMATOLOGICAL DATA (WS FORM: F-6) , PAGE 2
STATION: MONROE
MONTH: APRIL
YEAR: 2020
LATITUDE: 32 30 N
LONGITUDE: 92 2 W
[TEMPERATURE DATA] [PRECIPITATION DATA] SYMBOLS USED IN COLUMN 16
AVERAGE MONTHLY: 64.5 TOTAL FOR MONTH: 7.19 1 = FOG OR MIST
DPTR FM NORMAL: -1.3 DPTR FM NORMAL: 2.69 2 = FOG REDUCING VISIBILITY
HIGHEST: 88 ON 8 GRTST 24HR 2.65 ON 22-22 TO 1/4 MILE OR LESS
LOWEST: 39 ON 16 3 = THUNDER
SNOW, ICE PELLETS, HAIL 4 = ICE PELLETS
TOTAL MONTH: 0.0 INCH 5 = HAIL
GRTST 24HR 0.0 6 = FREEZING RAIN OR DRIZZLE
GRTST DEPTH: 0 7 = DUSTSTORM OR SANDSTORM:
VSBY 1/2 MILE OR LESS
8 = SMOKE OR HAZE
[NO. OF DAYS WITH] [WEATHER - DAYS WITH] 9 = BLOWING SNOW
X = TORNADO
MAX 32 OR BELOW: 0 0.01 INCH OR MORE: 12
MAX 90 OR ABOVE: 0 0.10 INCH OR MORE: 6
MIN 32 OR BELOW: 0 0.50 INCH OR MORE: 5
MIN 0 OR BELOW: 0 1.00 INCH OR MORE: 2
[HDD (BASE 65) ]
TOTAL THIS MO. 79 CLEAR (SCALE 0-3) 17
DPTR FM NORMAL -1 PTCLDY (SCALE 4-7) 10
TOTAL FM JUL 1 1839 CLOUDY (SCALE 8-10) 3
DPTR FM NORMAL -385
[CDD (BASE 65) ]
TOTAL THIS MO. 75
DPTR FM NORMAL -29 [PRESSURE DATA]
TOTAL FM JAN 1 184 HIGHEST SLP 30.28 ON 16
DPTR FM NORMAL 37 LOWEST SLP 29.37 ON 12
[REMARKS]
#FINAL-04-20#