000
CXUS55 KBOU 010900
CF6MNH
PRELIMINARY LOCAL CLIMATOLOGICAL DATA (WS FORM: F-6)
STATION: ELBERT 6W CO
MONTH: MARCH
YEAR: 2023
LATITUDE: 39 13 N
LONGITUDE: 104 38 W
TEMPERATURE IN F: :PCPN: SNOW: WIND :SUNSHINE: SKY :PK WND
================================================================================
1 2 3 4 5 6A 6B 7 8 9 10 11 12 13 14 15 16 17 18
12Z AVG MX 2MIN
DY MAX MIN AVG DEP HDD CDD WTR SNW DPTH SPD SPD DIR MIN PSBL S-S WX SPD DR
================================================================================
1 34 19 27 M 38 0 M M M 10.7 23 150 M M 4 30 160
2 36 18 27 M 38 0 M M M 6.6 10 180 M M 0 M M
3 39 18 29 M 36 0 M M M 5.9 16 360 M M 6 2 24 360
4 34 14 24 M 41 0 M M M 15.8 30 160 M M 3 1 38 160
5 46 23 35 M 30 0 M M M 12.8 35 250 M M 0 50 250
6 41 19 30 M 35 0 M M M 10.4 25 150 M M 0 30 150
7 30 21 26 M 39 0 M M M 5.8 15 210 M M 9 1 16 210
8 32 23 28 M 37 0 M M M 9.4 21 170 M M 8 1 31 170
9 41 23 32 M 33 0 M M M 10.5 22 160 M M 3 1 30 160
10 55 25 40 M 25 0 M M M 16.8 28 240 M M 0 37 240
11 45 28 37 M 28 0 M M M 8.6 14 80 M M 4 28 310
12 37 19 28 M 37 0 M M M 7.1 14 160 M M 5 20 160
13 45 21 33 M 32 0 M M M 10.8 18 190 M M 0 25 190
14 55 30 43 M 22 0 M M M 8.1 15 170 M M 0 20 170
15 63 32 48 M 17 0 M M M 11.8 22 230 M M 5 1 30 230
16 32 21 27 M 38 0 M M M 13.9 21 340 M M 10 2 26 350
17 32 18 25 M 40 0 M M M 4.4 13 10 M M 7 18 10
18 36 12 24 M 41 0 M M M 7.1 13 360 M M 0 21 350
19 48 18 33 M 32 0 M M M 9.2 15 220 M M 0 24 290
20 48 28 38 M 27 0 M M M 4.5 10 140 M M 6 23 0
21 54 27 41 M 24 0 M M M 6.7 13 230 M M 4 18 260
22 46 23 35 M 30 0 M M M 7.7 15 230 M M 2 21 230
23 46 25 36 M 29 0 M M M 9.4 18 20 M M 5 2 25 20
24 43 19 31 M 34 0 M M M 5.8 10 170 M M 4 12 M M
25 32 18 25 M 40 0 M M M 12.2 22 310 M M 4 29 310
26 34 14 24 M 41 0 M M M 7.7 15 160 M M 5 23 190
27 27 9 18 M 47 0 M M M 9.0 17 330 M M 7 26 310
28 45 7 26 M 39 0 M M M 14.0 28 170 M M 0 35 170
29 55 27 41 M 24 0 M M M 13.9 25 160 M M 0 36 150
30 59 30 45 M 20 0 M M M 18.3 30 230 M M 0 44 230
31 46 23 35 M 30 0 M M M 19.8 36 290 M M 1 46 290
================================================================================
SM 1316 652 1024 0 M M 314.5 M 102
================================================================================
AV 42.5 21.0 10.1 FASTST M M 3 MAX(MPH)
MISC ----> 36 290 50 250
================================================================================
NOTES:
# LAST OF SEVERAL OCCURRENCES
COLUMN 17 PEAK WIND IN M.P.H.
PRELIMINARY LOCAL CLIMATOLOGICAL DATA (WS FORM: F-6) , PAGE 2
STATION: ELBERT 6W CO
MONTH: MARCH
YEAR: 2023
LATITUDE: 39 13 N
LONGITUDE: 104 38 W
[TEMPERATURE DATA] [PRECIPITATION DATA] SYMBOLS USED IN COLUMN 16
AVERAGE MONTHLY: 31.7 TOTAL FOR MONTH: M 1 = FOG OR MIST
DPTR FM NORMAL: 0.0 DPTR FM NORMAL: M 2 = FOG REDUCING VISIBILITY
HIGHEST: 63 ON 15 GRTST 24HR M ON M TO 1/4 MILE OR LESS
LOWEST: 7 ON 28 3 = THUNDER
SNOW, ICE PELLETS, HAIL 4 = ICE PELLETS
TOTAL MONTH: M 5 = HAIL
GRTST 24HR M ON M 6 = FREEZING RAIN OR DRIZZLE
GRTST DEPTH: M ON M 7 = DUSTSTORM OR SANDSTORM:
VSBY 1/2 MILE OR LESS
8 = SMOKE OR HAZE
[NO. OF DAYS WITH] [WEATHER - DAYS WITH] 9 = BLOWING SNOW
X = TORNADO
MAX 32 OR BELOW: 6 0.01 INCH OR MORE: 0
MAX 90 OR ABOVE: 0 0.10 INCH OR MORE: 0
MIN 32 OR BELOW: 31 0.50 INCH OR MORE: 0
MIN 0 OR BELOW: 0 1.00 INCH OR MORE: 0
[HDD (BASE 65) ]
TOTAL THIS MO. 1024 CLEAR (SCALE 0-3) 15
DPTR FM NORMAL M PTCLDY (SCALE 4-7) 14
TOTAL FM JUL 1 6083 CLOUDY (SCALE 8-10) 2
DPTR FM NORMAL M
[CDD (BASE 65) ]
TOTAL THIS MO. 0
DPTR FM NORMAL M [PRESSURE DATA]
TOTAL FM JAN 1 0 HIGHEST SLP M ON M
DPTR FM NORMAL M LOWEST SLP M ON M
[REMARKS]
#FINAL-03-23#