000
CXUS55 KBOU 010927
CF6MNH
PRELIMINARY LOCAL CLIMATOLOGICAL DATA (WS FORM: F-6)
STATION: ELBERT 6W CO
MONTH: OCTOBER
YEAR: 2020
LATITUDE: 39 13 N
LONGITUDE: 104 38 W
TEMPERATURE IN F: :PCPN: SNOW: WIND :SUNSHINE: SKY :PK WND
================================================================================
1 2 3 4 5 6A 6B 7 8 9 10 11 12 13 14 15 16 17 18
12Z AVG MX 2MIN
DY MAX MIN AVG DEP HDD CDD WTR SNW DPTH SPD SPD DIR MIN PSBL S-S WX SPD DR
================================================================================
1 63 30 47 M 18 0 0.00 M M 3.8 9 160 M M 0 8 M M
2 64 41 53 M 12 0 0.00 M M 7.6 15 20 M M 0 24 20
3 59 34 47 M 18 0 0.00 M M 6.2 10 180 M M 0 16 20
4 72 37 55 M 10 0 0.00 M M 8.1 16 160 M M 0 23 160
5 73 39 56 M 9 0 0.00 M M 9.1 16 330 M M 0 23 330
6 77 39 58 M 7 0 0.00 M M 6.8 12 180 M M 0 M M
7 77 45 61 M 4 0 0.00 M M 8.3 13 160 M M 0 23 120
8 79 43 61 M 4 0 0.00 M M 6.9 12 30 M M 0 21 40
9 75 45 60 M 5 0 0.00 M M 7.1 12 290 M M 0 16 290
10 73 45 59 M 6 0 0.00 M M 12.8 25 150 M M 0 30 150
11 73 30 52 M 13 0 0.00 M M 13.1 29 350 M M 0 43 350
12 70 30 50 M 15 0 0.00 M M 8.1 18 290 M M 0 27 300
13 70 37 54 M 11 0 0.00 M M 12.5 23 180 M M 0 31 180
14 73 32 53 M 12 0 0.00 M M 7.9 17 70 M M 1 24 220
15 46 27 37 M 28 0 0.00 M M 7.2 15 180 M M 7 22 30
16 63 23 43 M 22 0 0.00 M M 8.8 14 230 M M 0 16 170
17 66 34 50 M 15 0 0.00 M M 8.1 17 270 M M 0 21 310
18 43 28 36 M 29 0 0.00 M M 8.0 17 180 M M 1 2 23 180
19 68 37 53 M 12 0 0.00 M M 7.2 13 310 M M 0 17 200
20 64 37 51 M 14 0 0.00 M M 9.6 16 160 M M 0 23 150
21 72 39 56 M 9 0 0.00 M M 15.9 28 180 M M 0 33 180
22 57 19 38 M 27 0 0.00 M M 9.7 15 20 M M 6 12 20 350
23 27 18 23 M 42 0 0.00 M M 12.6 25 180 M M 7 1 33 350
24 70 21 46 M 19 0 0.00 M M 9.7 18 50 M M 0 28 50
25 23 3 13 M 52 0 0.05 M M 9.9 13 350 M M 10 12 17 350
26 12 0 6 M 59 0 0.03 M M 4.7 12 280 M M 6 M M
27 36 3 20 M 45 0 0.00 M M 5.8 12 280 M M 0 M M
28 41 19 30 M 35 0 0.00 M M 11.5 18 310 M M 2 24 310
29 59 27 43 M 22 0 0.00 M M 6.3 10 190 M M 0 16 190
30 61 30 46 M 19 0 0.00 M M 8.7 16 170 M M 0 20 170
31 59 30 45 M 20 0 0.00 M M 8.5 16 30 M M 0 22 30
================================================================================
SM 1865 922 613 0 0.08 M 270.4 M 40
================================================================================
AV 60.2 29.7 8.7 FASTST M M 1 MAX(MPH)
MISC ----> 29 350 43 350
================================================================================
NOTES:
# LAST OF SEVERAL OCCURRENCES
COLUMN 17 PEAK WIND IN M.P.H.
PRELIMINARY LOCAL CLIMATOLOGICAL DATA (WS FORM: F-6) , PAGE 2
STATION: ELBERT 6W CO
MONTH: OCTOBER
YEAR: 2020
LATITUDE: 39 13 N
LONGITUDE: 104 38 W
[TEMPERATURE DATA] [PRECIPITATION DATA] SYMBOLS USED IN COLUMN 16
AVERAGE MONTHLY: 45.0 TOTAL FOR MONTH: 0.08 1 = FOG OR MIST
DPTR FM NORMAL: 0.0 DPTR FM NORMAL: M 2 = FOG REDUCING VISIBILITY
HIGHEST: 79 ON 8 GRTST 24HR 0.05 ON 25-25 TO 1/4 MILE OR LESS
LOWEST: 0 ON 26 3 = THUNDER
SNOW, ICE PELLETS, HAIL 4 = ICE PELLETS
TOTAL MONTH: M 5 = HAIL
GRTST 24HR M ON M 6 = FREEZING RAIN OR DRIZZLE
GRTST DEPTH: M ON M 7 = DUSTSTORM OR SANDSTORM:
VSBY 1/2 MILE OR LESS
8 = SMOKE OR HAZE
[NO. OF DAYS WITH] [WEATHER - DAYS WITH] 9 = BLOWING SNOW
X = TORNADO
MAX 32 OR BELOW: 3 0.01 INCH OR MORE: 2
MAX 90 OR ABOVE: 0 0.10 INCH OR MORE: 0
MIN 32 OR BELOW: 17 0.50 INCH OR MORE: 0
MIN 0 OR BELOW: 1 1.00 INCH OR MORE: 0
[HDD (BASE 65) ]
TOTAL THIS MO. 613 CLEAR (SCALE 0-3) 26
DPTR FM NORMAL M PTCLDY (SCALE 4-7) 4
TOTAL FM JUL 1 903 CLOUDY (SCALE 8-10) 1
DPTR FM NORMAL M
[CDD (BASE 65) ]
TOTAL THIS MO. 0
DPTR FM NORMAL M [PRESSURE DATA]
TOTAL FM JAN 1 289 HIGHEST SLP M ON M
DPTR FM NORMAL M LOWEST SLP M ON M
[REMARKS]
#FINAL-10-20#