000
CXUS54 KMOB 010737
CF6MOB
PRELIMINARY LOCAL CLIMATOLOGICAL DATA (WS FORM: F-6)
STATION: MOBILE
MONTH: JANUARY
YEAR: 2024
LATITUDE: 30 40 N
LONGITUDE: 88 15 W
TEMPERATURE IN F: :PCPN: SNOW: WIND :SUNSHINE: SKY :PK WND
================================================================================
1 2 3 4 5 6A 6B 7 8 9 10 11 12 13 14 15 16 17 18
12Z AVG MX 2MIN
DY MAX MIN AVG DEP HDD CDD WTR SNW DPTH SPD SPD DIR MIN PSBL S-S WX SPD DR
================================================================================
1 66 40 53 2 12 0 0.00 0.0 0 7.2 16 330 M M 3 1 23 320
2 58 31 45 -6 20 0 0.00 0.0 0 6.0 18 360 M M 2 24 350
3 53 38 46 -5 19 0 0.50 0.0 0 8.0 20 340 M M 8 18 29 340
4 58 35 47 -4 18 0 0.00 0.0 0 6.3 16 360 M M 1 20 360
5 65 36 51 0 14 0 1.42 0.0 0 11.4 32 110 M M 6 1 41 110
6 64 45 55 4 10 0 0.02 0.0 0 6.8 13 270 M M 6 18 23 300
7 59 38 49 -2 16 0 0.00 0.0 0 4.8 15 330 M M 6 21 300
8 71 46 59 8 6 0 1.80 0.0 0 16.8 36 150 M M 7 138 54 140
9 73 41 57 6 8 0 1.45 0.0 0 12.4 45 180 M M 5 138 68 150
10 59 37 48 -3 17 0 0.00 0.0 0 5.8 15 200 M M 4 19 210
11 68 44 56 5 9 0 0.00 0.0 0 8.5 17 130 M M 7 22 130
12 77 45 61 10 4 0 0.12 0.0 0 15.4 30 170 M M 8 128 43 180
13 56 33 45 -6 20 0 0.00 0.0 0 4.8 14 320 M M 4 23 300
14 67 32 50 -1 15 0 0.00 0.0 0 2.9 12 100 M M 1 14 140
15 69 38 54 3 11 0 0.02 0.0 0 6.6 20 340 M M 6 1 26 330
16 44 24 34 -17 31 0 0.25 T 0 16.1 25 340 M M 5 1468 40 320
17 45 19 32 -19 33 0 0.00 0.0 0 3.7 13 340 M M 5 19 340
18 63 27 45 -6 20 0 0.17 0.0 0 5.8 12 140 M M 7 1 16 190
19 63 36 50 -1 15 0 0.08 0.0 0 13.4 23 330 M M 4 1 33 330
20 44 27 36 -15 29 0 0.00 0.0 0 12.7 21 10 M M 1 30 350
21 48 24 36 -15 29 0 0.00 0.0 0 6.5 15 360 M M 3 21 360
22 58 36 47 -4 18 0 0.00 0.0 0 10.7 18 100 M M 7 26 100
23 67 58 63 12 2 0 0.09 0.0 0 11.7 18 100 M M 7 18 28 100
24 70 52 61 10 4 0 0.53 0.0 0 13.2 23 130 M M 8 123 31 120
25 77 63 70 19 0 5 0.87 0.0 0 9.8 26 100 M M 8 138 33 110
26 71 60 66 14 0 1 0.00 0.0 0 3.9 12 160 M M 8 12 16 170
27 69 52 61 9 4 0 0.71 0.0 0 6.8 20 310 M M 8 123 30 320
28 60 43 52 0 13 0 0.00 0.0 0 8.1 14 320 M M 5 22 310
29 62 37 50 -2 15 0 0.00 0.0 0 7.8 17 330 M M 1 24 340
30 68 33 51 -1 14 0 0.00 0.0 0 5.1 15 200 M M 4 20 170
31 68 43 56 4 9 0 0.00 0.0 0 6.2 17 330 M M 2 24 330
================================================================================
SM 1940 1213 435 6 8.03 T 265.2 M 157
================================================================================
AV 62.6 39.1 8.6 FASTST M M 5 MAX(MPH)
MISC ----> 45 180 68 150
================================================================================
NOTES:
# LAST OF SEVERAL OCCURRENCES
COLUMN 17 PEAK WIND IN M.P.H.
PRELIMINARY LOCAL CLIMATOLOGICAL DATA (WS FORM: F-6) , PAGE 2
STATION: MOBILE
MONTH: JANUARY
YEAR: 2024
LATITUDE: 30 40 N
LONGITUDE: 88 15 W
[TEMPERATURE DATA] [PRECIPITATION DATA] SYMBOLS USED IN COLUMN 16
AVERAGE MONTHLY: 50.9 TOTAL FOR MONTH: 8.03 1 = FOG OR MIST
DPTR FM NORMAL: -0.2 DPTR FM NORMAL: 2.37 2 = FOG REDUCING VISIBILITY
HIGHEST: 77 ON 25,12 GRTST 24HR 2.51 ON 8- 9 TO 1/4 MILE OR LESS
LOWEST: 19 ON 17 3 = THUNDER
SNOW, ICE PELLETS, HAIL 4 = ICE PELLETS
TOTAL MONTH: T 5 = HAIL
GRTST 24HR T ON 16-16 6 = FREEZING RAIN OR DRIZZLE
GRTST DEPTH: 0 7 = DUSTSTORM OR SANDSTORM:
VSBY 1/2 MILE OR LESS
8 = SMOKE OR HAZE
[NO. OF DAYS WITH] [WEATHER - DAYS WITH] 9 = BLOWING SNOW
X = TORNADO
MAX 32 OR BELOW: 0 0.01 INCH OR MORE: 14
MAX 90 OR ABOVE: 0 0.10 INCH OR MORE: 10
MIN 32 OR BELOW: 7 0.50 INCH OR MORE: 7
MIN 0 OR BELOW: 0 1.00 INCH OR MORE: 3
[HDD (BASE 65) ]
TOTAL THIS MO. 435 CLEAR (SCALE 0-3) 7
DPTR FM NORMAL -4 PTCLDY (SCALE 4-7) 23
TOTAL FM JUL 1 956 CLOUDY (SCALE 8-10) 1
DPTR FM NORMAL -123
[CDD (BASE 65) ]
TOTAL THIS MO. 6
DPTR FM NORMAL -2 [PRESSURE DATA]
TOTAL FM JAN 1 6 HIGHEST SLP 30.57 ON 21
DPTR FM NORMAL -2 LOWEST SLP 29.43 ON 9
[REMARKS]
#FINAL-01-24#