000
CXUS56 KSTO 070031
CF6MOD
PRELIMINARY LOCAL CLIMATOLOGICAL DATA (WS FORM: F-6)
STATION: MODESTO CA
MONTH: DECEMBER
YEAR: 2021
LATITUDE: 37 37 N
LONGITUDE: 120 57 W
TEMPERATURE IN F: :PCPN: SNOW: WIND :SUNSHINE: SKY :PK WND
================================================================================
1 2 3 4 5 6A 6B 7 8 9 10 11 12 13 14 15 16 17 18
12Z AVG MX 2MIN
DY MAX MIN AVG DEP HDD CDD WTR SNW DPTH SPD SPD DIR MIN PSBL S-S WX SPD DR
================================================================================
1 73 43 58 8 7 0 0.00 M M 1.0 6 120 M M 0 128 6 170
2 66 40 53 4 12 0 0.00 0.0 M 1.1 6 320 M M 2 128 8 320
3 63 43 53 4 12 0 0.00 M M 3.3 10 310 M M 7 128 12 320
4 56 48 52 3 13 0 0.00 0.0 M 5.9 13 300 M M 10 128 16 320
5 57 48 53 4 12 0 0.00 M M 3.2 10 110 M M 8 18 13 120
6 51 49 50 2 15 0 0.01 0.0 M 3.2 8 130 M M 10 8 11 100
7 53 47 50 2 15 0 0.07 0.0 M 2.0 8 110 M M 9 18 9 120
8 54 46 50 2 15 0 0.00 0.0 M 2.9 13 120 M M 10 18 17 130
9 58 M M M M M 0.18 0.0 M 4.5 17 300 M M 7 8 23 290
10 56 36 46 -2 19 0 0.00 M M 4.4 14 310 M M 0 8 18 300
11 57 32 45 -3 20 0 0.00 M M 3.7 12 150 M M 0 8 13 130
12 54 45 50 2 15 0 0.52 M M 7.3 13 120 M M 9 18 17 130
13 54 43 49 2 16 0 1.38 M M 15.9 28 130 M M 10 39 130
14 52 43 48 1 17 0 0.47 M M 6.3 18 300 M M 5 8 25 330
15 52 37 45 -2 20 0 0.00 M M 9.6 22 150 M M 5 8 32 150
16 53 41 47 0 18 0 0.28 M M 7.9 21 140 M M 6 1 32 140
17 49 33 41 -6 24 0 0.00 M M 4.4 13 310 M M 3 1 15 310
18 46 33 40 -7 25 0 0.00 M M 2.0 8 120 M M 8 12 10 180
19 43 30 37 -10 28 0 0.00 M M 2.0 8 310 M M 8 12 9 330
20 42 39 41 -6 24 0 0.00 M M 3.3 7 110 M M 10 1 9 120
21 44 40 42 -5 23 0 0.00 M M 2.6 9 120 M M 9 18 12 140
22 51 40 46 -1 19 0 0.16 M M 7.3 14 150 M M 10 18 21 150
23 55 50 53 7 12 0 0.70 0.0 M 7.7 17 300 M M 8 1 23 140
24 55 43 49 3 16 0 0.12 0.0 M 6.4 23 310 M M 8 1 28 300
25 52 44 48 2 17 0 0.56 0.0 M 8.6 20 150 M M 10 1 28 140
26 50 35 43 -3 22 0 0.04 0.0 M 5.8 14 280 M M 6 17 280
27 47 38 43 -3 22 0 0.46 M M 4.2 14 140 M M 7 1 18 140
28 47 36 42 -4 23 0 0.01 M M 3.2 9 140 M M 6 1 13 140
29 49 40 45 -1 20 0 0.13 M M 7.8 16 150 M M 10 1 24 150
30 55 40 48 2 17 0 0.00 0.0 M 5.8 15 320 M M 5 1 18 320
31 49 39 44 -2 21 0 0.00 0.0 M 9.7 18 330 M M 5 1 23 330
================================================================================
SM 1643 1221 539 0 5.09 0.0 163.0 M 211
================================================================================
AV 53.0 40.7 5.3 FASTST M M 7 MAX(MPH)
MISC ----> 28 130 39 130
================================================================================
NOTES:
# LAST OF SEVERAL OCCURRENCES
COLUMN 17 PEAK WIND IN M.P.H.
PRELIMINARY LOCAL CLIMATOLOGICAL DATA (WS FORM: F-6) , PAGE 2
STATION: MODESTO CA
MONTH: DECEMBER
YEAR: 2021
LATITUDE: 37 37 N
LONGITUDE: 120 57 W
[TEMPERATURE DATA] [PRECIPITATION DATA] SYMBOLS USED IN COLUMN 16
AVERAGE MONTHLY: 46.9 TOTAL FOR MONTH: 5.09 1 = FOG OR MIST
DPTR FM NORMAL: -0.6 DPTR FM NORMAL: 2.88 2 = FOG REDUCING VISIBILITY
HIGHEST: 73 ON 1 GRTST 24HR 1.80 ON 13-14 TO 1/4 MILE OR LESS
LOWEST: 30 ON 19 3 = THUNDER
SNOW, ICE PELLETS, HAIL 4 = ICE PELLETS
TOTAL MONTH: 0.0 INCH 5 = HAIL
GRTST 24HR 0.0 6 = FREEZING RAIN OR DRIZZLE
GRTST DEPTH: M ON M 7 = DUSTSTORM OR SANDSTORM:
VSBY 1/2 MILE OR LESS
8 = SMOKE OR HAZE
[NO. OF DAYS WITH] [WEATHER - DAYS WITH] 9 = BLOWING SNOW
X = TORNADO
MAX 32 OR BELOW: 0 0.01 INCH OR MORE: 15
MAX 90 OR ABOVE: 0 0.10 INCH OR MORE: 11
MIN 32 OR BELOW: 2 0.50 INCH OR MORE: 4
MIN 0 OR BELOW: 0 1.00 INCH OR MORE: 1
[HDD (BASE 65) ]
TOTAL THIS MO. 539 CLEAR (SCALE 0-3) 4
DPTR FM NORMAL -7 PTCLDY (SCALE 4-7) 14
TOTAL FM JUL 1 948 CLOUDY (SCALE 8-10) 13
DPTR FM NORMAL 13
[CDD (BASE 65) ]
TOTAL THIS MO. 0
DPTR FM NORMAL 0 [PRESSURE DATA]
TOTAL FM JAN 1 1702 HIGHEST SLP 30.33 ON 18
DPTR FM NORMAL 79 LOWEST SLP 29.69 ON 24
[REMARKS]
#FINAL-12-21#