000
CXUS53 KBIS 010830
CF6MOT
PRELIMINARY LOCAL CLIMATOLOGICAL DATA (WS FORM: F-6)
STATION: MINOT ND
MONTH: APRIL
YEAR: 2021
LATITUDE: 48 15 N
LONGITUDE: 101 16 W
TEMPERATURE IN F: :PCPN: SNOW: WIND :SUNSHINE: SKY :PK WND
================================================================================
1 2 3 4 5 6A 6B 7 8 9 10 11 12 13 14 15 16 17 18
12Z AVG MX 2MIN
DY MAX MIN AVG DEP HDD CDD WTR SNW DPTH SPD SPD DIR MIN PSBL S-S WX SPD DR
================================================================================
1 69 27 48 12 17 0 0.00 M M 16.7 29 160 M M 0 41 170
2 71 36 54 17 11 0 0.00 M M 12.6 29 270 M M 0 39 280
3 76 27 52 15 13 0 0.00 M M 10.3 28 190 M M 0 37 160
4 67 28 48 10 17 0 0.00 M M 10.4 21 100 M M 0 28 90
5 60 31 46 8 19 0 0.00 M M 13.8 25 300 M M 0 34 300
6 60 25 43 4 22 0 0.00 M M 4.6 12 340 M M 0 17 360
7 66 25 46 7 19 0 0.00 M M 5.6 15 30 M M 0 21 20
8 68 25 47 7 18 0 0.00 M M 3.4 10 50 M M 0 8 14 40
9 58 32 45 5 20 0 0.00 M M 21.8 32 300 M M 2 45 290
10 70 28 49 8 16 0 0.00 M M 8.8 17 120 M M 0 27 180
11 46 31 39 -2 26 0 M M M 15.6 30 260 M M 8 1 39 300
12 35 22 29 -13 36 0 M M M 19.5 29 320 M M 10 1 38 310
13 27 22 25 -17 40 0 T M M 18.2 24 330 M M 10 18 30 330
14 33 22 28 -15 37 0 T M M 11.8 17 330 M M 10 18 22 340
15 38 31 35 -8 30 0 T M M 8.8 15 310 M M 10 18 23 320
16 50 32 41 -3 24 0 M M M 7.9 16 330 M M 8 1 24 350
17 62 27 45 1 20 0 0.00 M M 10.5 20 280 M M 2 30 300
18 55 29 42 -3 23 0 T M M 16.2 28 340 M M 10 1 36 340
19 44 20 32 -13 33 0 T M M 9.0 22 300 M M 6 40 320
20 41 27 34 -12 31 0 M M M 11.1 24 330 M M 9 29 330
21 62 27 45 -1 20 0 0.00 M M 13.2 24 260 M M 1 36 280
22 67 35 51 5 14 0 0.00 M M 11.9 23 330 M M 0 33 180
23 44 24 34 -13 31 0 0.00 M M 12.3 23 350 M M 4 30 350
24 54 19 37 -10 28 0 T M M 7.1 16 170 M M 5 24 180
25 47 38 43 -5 22 0 T M M 8.9 16 90 M M 10 20 150
26 53 38 46 -2 19 0 T M M 4.6 10 100 M M 9 1 14 110
27 71 38 55 7 10 0 0.00 M M 6.2 17 220 M M 4 18 23 230
28 60 33 47 -2 18 0 0.00 M M 12.2 21 310 M M 5 28 310
29 68 30 49 0 16 0 0.00 M M 12.3 28 310 M M 5 36 310
30 81 44 63 13 2 0 T M M 14.8 31 170 M M 5 41 180
================================================================================
SM 1703 873 652 0 T M 340.1 M 133
================================================================================
AV 56.8 29.1 11.3 FASTST M M 4 MAX(MPH)
MISC ----> 32 300 45 290
================================================================================
NOTES:
# LAST OF SEVERAL OCCURRENCES
COLUMN 17 PEAK WIND IN M.P.H.
PRELIMINARY LOCAL CLIMATOLOGICAL DATA (WS FORM: F-6) , PAGE 2
STATION: MINOT ND
MONTH: APRIL
YEAR: 2021
LATITUDE: 48 15 N
LONGITUDE: 101 16 W
[TEMPERATURE DATA] [PRECIPITATION DATA] SYMBOLS USED IN COLUMN 16
AVERAGE MONTHLY: 42.9 TOTAL FOR MONTH: T 1 = FOG OR MIST
DPTR FM NORMAL: -0.5 DPTR FM NORMAL: -1.14 2 = FOG REDUCING VISIBILITY
HIGHEST: 81 ON 30 GRTST 24HR 0.10 ON 11-12 TO 1/4 MILE OR LESS
LOWEST: 19 ON 24 3 = THUNDER
SNOW, ICE PELLETS, HAIL 4 = ICE PELLETS
TOTAL MONTH: M 5 = HAIL
GRTST 24HR M ON M 6 = FREEZING RAIN OR DRIZZLE
GRTST DEPTH: M ON M 7 = DUSTSTORM OR SANDSTORM:
VSBY 1/2 MILE OR LESS
8 = SMOKE OR HAZE
[NO. OF DAYS WITH] [WEATHER - DAYS WITH] 9 = BLOWING SNOW
X = TORNADO
MAX 32 OR BELOW: 1 0.01 INCH OR MORE: 0
MAX 90 OR ABOVE: 0 0.10 INCH OR MORE: 0
MIN 32 OR BELOW: 23 0.50 INCH OR MORE: 0
MIN 0 OR BELOW: 0 1.00 INCH OR MORE: 0
[HDD (BASE 65) ]
TOTAL THIS MO. 652 CLEAR (SCALE 0-3) 13
DPTR FM NORMAL 1 PTCLDY (SCALE 4-7) 9
TOTAL FM JUL 1 7528 CLOUDY (SCALE 8-10) 8
DPTR FM NORMAL -840
[CDD (BASE 65) ]
TOTAL THIS MO. 0
DPTR FM NORMAL -1 [PRESSURE DATA]
TOTAL FM JAN 1 0 HIGHEST SLP 30.49 ON 14
DPTR FM NORMAL -1 LOWEST SLP 29.54 ON 11
[REMARKS]
#FINAL-04-21#