000
CXUS51 KPHI 020854
CLAMPO
CLIMATE REPORT
NATIONAL WEATHER SERVICE MOUNT HOLLY NJ
354 AM EST TUE JAN 02 2024
...................................
...THE MOUNT POCONO PA CLIMATE SUMMARY FOR THE YEAR OF 2023...
CLIMATE NORMAL PERIOD: 1991 TO 2020
CLIMATE RECORD PERIOD: 1901 TO 2024
WEATHER OBSERVED NORMAL DEPART LAST YEAR`S
VALUE DATE(S) VALUE FROM VALUE DATE(S)
NORMAL
................................................................
TEMPERATURE (F)
RECORD
HIGH 103 07/03/1911
LOW -35 01/14/1912
HIGHEST 88 06/02 MM MM 88 07/23
07/24
08/04
LOWEST -7 02/04 MM MM -9 01/22
01/27
AVG. MAXIMUM 57.5 54.8 2.7 56.0
AVG. MINIMUM 39.3 36.9 2.4 36.9
MEAN 48.4 45.8 2.6 46.4
DAYS MAX >= 90 0 0.9 -0.9 0
DAYS MAX <= 32 24 52.8 -28.8 55
DAYS MIN <= 32 138 147.0 -9.0 145
DAYS MIN <= 0 1 5.5 -4.5 12
PRECIPITATION (INCHES)
RECORD
MAXIMUM 82.69 1952
MINIMUM 31.74 1963
TOTALS 58.79 50.22 8.57 57.96
DAILY AVG. 0.16 0.14 0.02 0.16
DAYS >= .01 152 161.3 -9.3 146
DAYS >= .10 92 83.6 8.4 92
DAYS >= .50 36 30.0 6.0 38
DAYS >= 1.00 15 13.0 2.0 20
GREATEST
24 HR. TOTAL 4.64 12/17 TO 12/18 3.13
STORM TOTAL 4.64 2.21
(MM/DD(HH)) MM
DEGREE DAYS
HEATING TOTAL 6138 7247 -1109 7033
SINCE 7/1 2303 2765 -462 MM
COOLING TOTAL 278 289 -11 387
SINCE 1/1 278 288 -10 MM
FREEZE DATES
RECORD
EARLIEST MM
LATEST MM
EARLIEST 10/23
LATEST 05/18
................................................................
WIND (MPH)
AVERAGE WIND SPEED 9.0
RESULTANT WIND SPEED/DIRECTION 4/290
HIGHEST WIND SPEED/DIRECTION 40/290 DATE 03/14
HIGHEST GUST SPEED/DIRECTION 53/300 DATE 03/14
SKY COVER
POSSIBLE SUNSHINE (PERCENT) MM
AVERAGE SKY COVER 0.50
NUMBER OF DAYS FAIR 135
NUMBER OF DAYS PC 111
NUMBER OF DAYS CLOUDY 104
AVERAGE RH (PERCENT) 74
WEATHER CONDITIONS. NUMBER OF DAYS WITH
THUNDERSTORM 34 MIXED PRECIP 2
HEAVY RAIN 43 RAIN 65
LIGHT RAIN 161 FREEZING RAIN 7
LT FREEZING RAIN 13 HAIL 0
HEAVY SNOW 1 SNOW 10
LIGHT SNOW 55 SLEET 10
FOG 202 FOG W/VIS <= 1/4 MILE 64
HAZE 13
- INDICATES NEGATIVE NUMBERS.
R INDICATES RECORD WAS SET OR TIED.
MM INDICATES DATA IS MISSING.
T INDICATES TRACE AMOUNT.
$$