000
CXUS53 KMPX 011010
CF6MPX
PRELIMINARY LOCAL CLIMATOLOGICAL DATA (WS FORM: F-6)
STATION: CHANHASSEN MN
MONTH: DECEMBER
YEAR: 2021
LATITUDE: 44 50 N
LONGITUDE: 93 34 W
TEMPERATURE IN F: :PCPN: SNOW: WIND :SUNSHINE: SKY :PK WND
================================================================================
1 2 3 4 5 6A 6B 7 8 9 10 11 12 13 14 15 16 17 18
12Z AVG MX 2MIN
DY MAX MIN AVG DEP HDD CDD WTR SNW DPTH SPD SPD DIR MIN PSBL S-S WX SPD DR
================================================================================
1 50 30 40 15 25 0 0.08 0.0 0 M M M M M M M M
2 48 35 42 17 23 0 0.03 T 0 M M M M M M M M
3 42 30 36 12 29 0 T 0.0 0 M M M M M M M M
4 31 26 29 5 36 0 0.05 0.6 0 M M M M M M M M
5 37 26 32 9 33 0 0.01 0.1 T M M M M M M M M
6 27 2 15 -8 50 0 T T 0 M M M M M M M M
7 14 3 9 -14 56 0 0.10 2.6 T M M M M M M M M
8 22 -2 10 -12 55 0 0.00 0.0 2 M M M M M M M M
9 39 22 31 9 34 0 0.00 0.0 1 M M M M M M M M
10 29 22 26 4 39 0 0.67 8.0 T M M M M M M M M
11 27 18 23 2 42 0 0.04 1.0 9 M M M M M M M M
12 35 20 28 7 37 0 0.00 0.0 7 M M M M M M M M
13 43 17 30 10 35 0 0.00 0.0 7 M M M M M M M M
14 41 27 34 14 31 0 0.00 0.0 5 M M M M M M M M
15 57 35 46 26 19 0 0.26 0.0 3 M M M M M M M M
16 35 14 25 6 40 0 0.02 0.1 0 M M M M M M M M
17 19 10 15 -4 50 0 T T T M M M M M M M M
18 20 2 11 -8 54 0 0.10 1.9 2 M M M M M M M M
19 29 0 15 -3 50 0 0.00 0.0 2 M M M M M M M M
20 26 9 18 0 47 0 0.00 0.0 2 M M M M M M M M
21 20 4 12 -6 53 0 0.02 0.4 2 M M M M M M M M
22 26 1 14 -4 51 0 0.00 0.0 2 M M M M M M M M
23 39 21 30 13 35 0 0.00 0.0 2 M M M M M M M M
24 42 25 34 17 31 0 T 0.0 1 M M M M M M M M
25 25 15 20 3 45 0 0.00 0.0 0 M M M M M M M M
26 29 11 20 3 45 0 0.24 1.6 0 M M M M M M M M
27 32 4 18 2 47 0 0.06 T 2 M M M M M M M M
28 19 -4 8 -8 57 0 0.06 1.0 2 M M M M M M M M
29 7 -10 -1 -17 66 0 0.00 0.0 3 M M M M M M M M
30 24 4 14 -2 51 0 T 0.1 3 M M M M M M M M
31 17 -4 7 -9 58 0 0.01 0.3 3 M M M M M M M M
================================================================================
SM 951 413 1324 0 1.75 17.7 M M M
================================================================================
AV 30.7 13.3 M FASTST M M M MAX(MPH)
MISC ----> M M M M
================================================================================
NOTES:
# LAST OF SEVERAL OCCURRENCES
COLUMN 17 PEAK WIND IN M.P.H.
PRELIMINARY LOCAL CLIMATOLOGICAL DATA (WS FORM: F-6) , PAGE 2
STATION: CHANHASSEN MN
MONTH: DECEMBER
YEAR: 2021
LATITUDE: 44 50 N
LONGITUDE: 93 34 W
[TEMPERATURE DATA] [PRECIPITATION DATA] SYMBOLS USED IN COLUMN 16
AVERAGE MONTHLY: 22.0 TOTAL FOR MONTH: 1.75 1 = FOG OR MIST
DPTR FM NORMAL: 2.2 DPTR FM NORMAL: 0.54 2 = FOG REDUCING VISIBILITY
HIGHEST: 57 ON 15 GRTST 24HR 0.67 ON 10-10 TO 1/4 MILE OR LESS
LOWEST: -10 ON 29 3 = THUNDER
SNOW, ICE PELLETS, HAIL 4 = ICE PELLETS
TOTAL MONTH: 17.7 INCHES 5 = HAIL
GRTST 24HR 8.0 ON 10-10 6 = FREEZING RAIN OR DRIZZLE
GRTST DEPTH: 9 ON 11 7 = DUSTSTORM OR SANDSTORM:
VSBY 1/2 MILE OR LESS
8 = SMOKE OR HAZE
[NO. OF DAYS WITH] [WEATHER - DAYS WITH] 9 = BLOWING SNOW
X = TORNADO
MAX 32 OR BELOW: 19 0.01 INCH OR MORE: 15
MAX 90 OR ABOVE: 0 0.10 INCH OR MORE: 5
MIN 32 OR BELOW: 29 0.50 INCH OR MORE: 1
MIN 0 OR BELOW: 5 1.00 INCH OR MORE: 0
[HDD (BASE 65) ]
TOTAL THIS MO. 1324 CLEAR (SCALE 0-3) 0
DPTR FM NORMAL -79 PTCLDY (SCALE 4-7) 0
TOTAL FM JUL 1 2695 CLOUDY (SCALE 8-10) 31
DPTR FM NORMAL -416
[CDD (BASE 65) ]
TOTAL THIS MO. 0
DPTR FM NORMAL 0 [PRESSURE DATA]
TOTAL FM JAN 1 811 HIGHEST SLP M ON M
DPTR FM NORMAL 228 LOWEST SLP M ON M
[REMARKS]
#FINAL-12-21#