365
CXUS51 KLWX 011927
CF6MRB
PRELIMINARY LOCAL CLIMATOLOGICAL DATA (WS FORM: F-6)
STATION: MARTINSBURG WV
MONTH: SEPTEMBER
YEAR: 2020
LATITUDE: 39 24 N
LONGITUDE: 77 58 W
TEMPERATURE IN F: :PCPN: SNOW: WIND :SUNSHINE: SKY :PK WND
================================================================================
1 2 3 4 5 6A 6B 7 8 9 10 11 12 13 14 15 16 17 18
12Z AVG MX 2MIN
DY MAX MIN AVG DEP HDD CDD WTR SNW DPTH SPD SPD DIR MIN PSBL S-S WX SPD DR
================================================================================
1 71 65 68 -2 0 3 0.11 M M 2.0 8 140 M M 10 1 10 130
2 85 70 78 8 0 13 0.05 M M 5.8 12 320 M M 5 13 17 320
3 83 68 76 6 0 11 0.17 M M 2.9 22 290 M M 5 13 28 290
4 86 62 74 4 0 9 0.00 M M 5.9 16 280 M M 1 20 280
5 81 53 67 -2 0 2 0.00 M M 2.5 13 270 M M 0 17 270
6 83 53 68 -1 0 3 0.00 M M 3.8 13 150 M M 0 17 190
7 84 57 71 2 0 6 0.00 M M 4.5 14 180 M M 0 18 180
8 85 58 72 4 0 7 0.00 M M 2.7 12 140 M M 0 16 140
9 85 65 75 7 0 10 0.01 M M 2.3 10 140 M M 4 1 14 150
10 87 72 80 12 0 15 0.13 M M 3.4 10 20 M M 7 1 12 10
11 83 65 74 7 0 9 0.00 M M 5.5 13 360 M M 5 19 10
12 71 62 67 0 0 2 T M M 4.8 12 130 M M 10 17 150
13 79 58 69 3 0 4 T M M 3.2 12 140 M M 7 17 150
14 77 58 68 2 0 3 0.00 M M 7.5 18 350 M M 1 24 300
15 68 45 57 -9 8 0 0.00 M M 3.0 8 210 M M 0 14 300
16 72 40 56 -9 9 0 0.00 M M 4.0 15 160 M M 1 1 21 160
17 73 50 62 -3 3 0 0.00 M M 0.8 6 150 M M 3 1 7 20
18 74 54 64 0 1 0 0.00 M M 9.1 21 320 M M 3 1 30 320
19 66 38 52 -12 13 0 0.00 M M 4.3 18 30 M M 0 23 30
20 69 32 51 -13 14 0 0.00 M M 2.8 13 50 M M 0 17 40
21 69 38 54 -9 11 0 0.00 M M 2.1 12 70 M M 0 18 70
22 74 32 53 -10 12 0 0.00 M M 3.9 13 270 M M 0 17 290
23 83 45 64 2 1 0 0.00 M M 5.9 16 290 M M 0 24 320
24 75 54 65 3 0 0 0.00 M M 0.8 8 170 M M 0 18 11 170
25 77 52 65 3 0 0 T M M 2.7 13 140 M M 3 12 17 150
26 74 54 64 3 1 0 0.01 M M 1.3 8 20 M M 7 1 11 30
27 80 54 67 6 0 2 0.00 M M 2.6 12 140 M M 6 12 14 100
28 84 56 70 10 0 5 0.00 M M 4.9 17 160 M M 3 12 23 150
29 69 53 61 1 4 0 1.40 M M 5.7 17 320 M M 8 1 23 350
30 70 51 61 1 4 0 0.06 M M 8.6 26 270 M M 2 1 31 270
================================================================================
SM 2317 1614 81 104 1.94 M 119.3 M 91
================================================================================
AV 77.2 53.8 4.0 FASTST M M 3 MAX(MPH)
MISC ----> 26 270 31 270
================================================================================
NOTES:
# LAST OF SEVERAL OCCURRENCES
COLUMN 17 PEAK WIND IN M.P.H.
PRELIMINARY LOCAL CLIMATOLOGICAL DATA (WS FORM: F-6) , PAGE 2
STATION: MARTINSBURG WV
MONTH: SEPTEMBER
YEAR: 2020
LATITUDE: 39 24 N
LONGITUDE: 77 58 W
[TEMPERATURE DATA] [PRECIPITATION DATA] SYMBOLS USED IN COLUMN 16
AVERAGE MONTHLY: 65.5 TOTAL FOR MONTH: 1.94 1 = FOG OR MIST
DPTR FM NORMAL: 0.2 DPTR FM NORMAL: -1.63 2 = FOG REDUCING VISIBILITY
HIGHEST: 87 ON 10 GRTST 24HR 1.46 ON 29-30 TO 1/4 MILE OR LESS
LOWEST: 32 ON 22,20 3 = THUNDER
SNOW, ICE PELLETS, HAIL 4 = ICE PELLETS
TOTAL MONTH: M 5 = HAIL
GRTST 24HR M ON M 6 = FREEZING RAIN OR DRIZZLE
GRTST DEPTH: M ON M 7 = DUSTSTORM OR SANDSTORM:
VSBY 1/2 MILE OR LESS
8 = SMOKE OR HAZE
[NO. OF DAYS WITH] [WEATHER - DAYS WITH] 9 = BLOWING SNOW
X = TORNADO
MAX 32 OR BELOW: 0 0.01 INCH OR MORE: 8
MAX 90 OR ABOVE: 0 0.10 INCH OR MORE: 4
MIN 32 OR BELOW: 2 0.50 INCH OR MORE: 1
MIN 0 OR BELOW: 0 1.00 INCH OR MORE: 1
[HDD (BASE 65) ]
TOTAL THIS MO. 81 CLEAR (SCALE 0-3) 18
DPTR FM NORMAL -3 PTCLDY (SCALE 4-7) 10
TOTAL FM JUL 1 81 CLOUDY (SCALE 8-10) 2
DPTR FM NORMAL -12
[CDD (BASE 65) ]
TOTAL THIS MO. 104
DPTR FM NORMAL 11 [PRESSURE DATA]
TOTAL FM JAN 1 1181 HIGHEST SLP 30.58 ON 21
DPTR FM NORMAL 296 LOWEST SLP 29.62 ON 30
[REMARKS]
#FINAL-09-20#