000
CXUS51 KLWX 010915
CF6MRB
PRELIMINARY LOCAL CLIMATOLOGICAL DATA (WS FORM: F-6)
STATION: MARTINSBURG WV
MONTH: FEBRUARY
YEAR: 2023
LATITUDE: 39 24 N
LONGITUDE: 77 58 W
TEMPERATURE IN F: :PCPN: SNOW: WIND :SUNSHINE: SKY :PK WND
================================================================================
1 2 3 4 5 6A 6B 7 8 9 10 11 12 13 14 15 16 17 18
12Z AVG MX 2MIN
DY MAX MIN AVG DEP HDD CDD WTR SNW DPTH SPD SPD DIR MIN PSBL S-S WX SPD DR
================================================================================
1 37 23 30 -3 35 0 T M M 6.2 17 340 M M 3 1 22 350
2 40 21 31 -2 34 0 0.00 M M 4.4 18 280 M M 2 23 290
3 36 13 25 -8 40 0 T M M 17.1 33 320 M M 3 44 330
4 31 9 20 -13 45 0 0.00 M M 6.4 15 170 M M 0 23 150
5 55 21 38 5 27 0 0.00 M M 2.3 12 130 M M 1 15 140
6 48 23 36 3 29 0 0.00 M M 9.3 22 330 M M 8 29 320
7 46 20 33 -1 32 0 0.00 M M 2.7 12 140 M M 1 1 15 170
8 61 34 48 14 17 0 0.00 M M 3.5 16 290 M M 3 8 24 300
9 66 38 52 18 13 0 T M M 7.3 22 170 M M 4 33 160
10 61 43 52 18 13 0 0.00 M M 14.6 28 270 M M 2 31 270
11 47 31 39 5 26 0 0.00 M M 6.3 20 330 M M 0 27 300
12 43 31 37 3 28 0 0.17 M M 4.2 13 20 M M 5 16 20
13 57 28 43 9 22 0 0.00 M M 8.9 26 290 M M 1 35 290
14 59 28 44 9 21 0 0.00 M M 4.0 21 310 M M 0 27 320
15 71 47 59 24 6 0 0.00 M M 7.8 20 230 M M 1 27 220
16 57 45 51 16 14 0 0.45 M M 3.8 14 170 M M 6 13 19 170
17 57 29 43 8 22 0 0.40 M M 13.5 33 310 M M 8 1 43 300
18 48 23 36 0 29 0 0.00 M M 6.3 26 310 M M 1 33 290
19 60 27 44 8 21 0 0.00 M M 5.1 17 180 M M 0 29 150
20 62 39 51 15 14 0 T M M 7.2 26 260 M M 2 32 270
21 58 32 45 9 20 0 0.04 M M 10.4 37 270 M M 4 12 44 270
22 48 30 39 3 26 0 0.24 M M 4.1 10 100 M M 3 1 15 100
23 74 36 55 18 10 0 T M M 5.2 21 260 M M 2 18 28 270
24 67 32 50 13 15 0 T M M 14.1 32 270 M M 1 43 270
25 35 23 29 -8 36 0 T M M 3.1 14 170 M M 5 12 19 130
26 59 25 42 4 23 0 0.00 M M 7.7 24 280 M M 6 12 33 280
27 50 30 40 2 25 0 0.56 M M 5.0 14 150 M M 5 1 21 310
28 57 31 44 6 21 0 0.06 M M 6.7 23 290 M M 6 1 28 300
================================================================================
SM 1490 812 664 0 1.92 M 197.2 M 83
================================================================================
AV 53.2 29.0 7.0 FASTST M M 3 MAX(MPH)
MISC ----> 37 270 # 44 330
================================================================================
NOTES:
# LAST OF SEVERAL OCCURRENCES
COLUMN 17 PEAK WIND IN M.P.H.
PRELIMINARY LOCAL CLIMATOLOGICAL DATA (WS FORM: F-6) , PAGE 2
STATION: MARTINSBURG WV
MONTH: FEBRUARY
YEAR: 2023
LATITUDE: 39 24 N
LONGITUDE: 77 58 W
[TEMPERATURE DATA] [PRECIPITATION DATA] SYMBOLS USED IN COLUMN 16
AVERAGE MONTHLY: 41.1 TOTAL FOR MONTH: 1.92 1 = FOG OR MIST
DPTR FM NORMAL: 6.1 DPTR FM NORMAL: -0.22 2 = FOG REDUCING VISIBILITY
HIGHEST: 74 ON 23 GRTST 24HR 0.85 ON 16-17 TO 1/4 MILE OR LESS
LOWEST: 9 ON 4 3 = THUNDER
SNOW, ICE PELLETS, HAIL 4 = ICE PELLETS
TOTAL MONTH: M 5 = HAIL
GRTST 24HR M ON M 6 = FREEZING RAIN OR DRIZZLE
GRTST DEPTH: M ON M 7 = DUSTSTORM OR SANDSTORM:
VSBY 1/2 MILE OR LESS
8 = SMOKE OR HAZE
[NO. OF DAYS WITH] [WEATHER - DAYS WITH] 9 = BLOWING SNOW
X = TORNADO
MAX 32 OR BELOW: 1 0.01 INCH OR MORE: 7
MAX 90 OR ABOVE: 0 0.10 INCH OR MORE: 5
MIN 32 OR BELOW: 21 0.50 INCH OR MORE: 1
MIN 0 OR BELOW: 0 1.00 INCH OR MORE: 0
[HDD (BASE 65) ]
TOTAL THIS MO. 664 CLEAR (SCALE 0-3) 17
DPTR FM NORMAL -176 PTCLDY (SCALE 4-7) 10
TOTAL FM JUL 1 3241 CLOUDY (SCALE 8-10) 1
DPTR FM NORMAL -505
[CDD (BASE 65) ]
TOTAL THIS MO. 0
DPTR FM NORMAL 0 [PRESSURE DATA]
TOTAL FM JAN 1 0 HIGHEST SLP 30.67 ON 4
DPTR FM NORMAL 0 LOWEST SLP 29.47 ON 28
[REMARKS]
#FINAL-02-23#