000
CXUS54 KMAF 011110
CF6MRF
PRELIMINARY LOCAL CLIMATOLOGICAL DATA (WS FORM: F-6)
STATION: MARFA
MONTH: MARCH
YEAR: 2020
LATITUDE: 30 22 N
LONGITUDE: 104 1 W
TEMPERATURE IN F: :PCPN: SNOW: WIND :SUNSHINE: SKY :PK WND
================================================================================
1 2 3 4 5 6A 6B 7 8 9 10 11 12 13 14 15 16 17 18
12Z AVG MX 2MIN
DY MAX MIN AVG DEP HDD CDD WTR SNW DPTH SPD SPD DIR MIN PSBL S-S WX SPD DR
================================================================================
1 69 44 57 M 8 0 M M M 11.0 25 250 M M 0 31 270
2 58 45 52 M 13 0 0.03 M M 3.5 10 20 M M 7 M M
3 52 38 45 M 20 0 0.34 M M 13.0 23 290 M M 9 13 36 280
4 47 34 41 M 24 0 T M M 11.7 18 10 M M 8 1 26 260
5 66 24 45 M 20 0 M M M 6.5 15 50 M M 0 12 20 70
6 63 32 48 M 17 0 M M M 11.1 22 120 M M 0 30 150
7 72 37 55 M 10 0 M M M 8.1 16 130 M M 0 21 160
8 69 47 58 M 7 0 T M M 11.7 24 170 M M 4 33 180
9 71 43 57 M 8 0 T M M 8.0 28 300 M M 3 40 300
10 78 39 59 M 6 0 M M M 5.2 12 240 M M 1 17 210
11 78 44 61 M 4 0 M M M 4.8 12 200 M M 2 M M
12 79 48 64 M 1 0 T M M 7.0 15 280 M M 3 23 240
13 70 49 60 M 5 0 M M M 7.8 16 160 M M 0 22 160
14 79 48 64 M 1 0 M M M 7.4 18 30 M M 0 21 150
15 76 50 63 M 2 0 T M M 8.2 21 260 M M 3 1 30 230
16 81 44 63 M 2 0 M M M 6.2 13 250 M M 4 12 22 210
17 72 46 59 M 6 0 T M M 7.6 18 230 M M 3 36 220
18 73 41 57 M 8 0 0.04 M M 10.4 22 190 M M 5 38 190
19 72 43 58 M 7 0 M M M 10.4 21 230 M M 3 30 190
20 64 37 51 M 14 0 M M M 13.0 21 40 M M 0 28 20
21 71 40 56 M 9 0 M M M 8.0 14 150 M M 4 18 150
22 77 33 55 M 10 0 M M M 6.8 15 270 M M 0 8 22 240
23 84 37 61 M 4 0 M M M 9.1 17 220 M M 0 26 270
24 78 43 61 M 4 0 M M M 10.9 18 270 M M 0 30 270
25 86 36 61 M 4 0 M M M 9.0 18 260 M M 0 31 270
26 51 51 51 M 14 0 M M M 5.8 6 360 M M 0 M M
27 M M M M M M M M M M M M M M M M M
28 M M M M M M M M M M M M M M M M M
29 M M M M M M M M M M M M M M M M M
30 M M M M M M M M M M M M M M M M M
31 74 34 54 M 11 0 M M M 6.1 12 200 M M 0 M M
================================================================================
SM 1910 1107 239 0 0.41 M 228.1 M 59
================================================================================
AV 70.7 41.0 8.4 FASTST M M 2 MAX(MPH)
MISC ----> 28 300 40 300
================================================================================
NOTES:
# LAST OF SEVERAL OCCURRENCES
COLUMN 17 PEAK WIND IN M.P.H.
PRELIMINARY LOCAL CLIMATOLOGICAL DATA (WS FORM: F-6) , PAGE 2
STATION: MARFA
MONTH: MARCH
YEAR: 2020
LATITUDE: 30 22 N
LONGITUDE: 104 1 W
[TEMPERATURE DATA] [PRECIPITATION DATA] SYMBOLS USED IN COLUMN 16
AVERAGE MONTHLY: 55.9 TOTAL FOR MONTH: 0.41 1 = FOG OR MIST
DPTR FM NORMAL: 0.0 DPTR FM NORMAL: M 2 = FOG REDUCING VISIBILITY
HIGHEST: 86 ON 25 GRTST 24HR 0.34 ON 3- 3 TO 1/4 MILE OR LESS
LOWEST: 24 ON 5 3 = THUNDER
SNOW, ICE PELLETS, HAIL 4 = ICE PELLETS
TOTAL MONTH: M 5 = HAIL
GRTST 24HR M ON M 6 = FREEZING RAIN OR DRIZZLE
GRTST DEPTH: M ON M 7 = DUSTSTORM OR SANDSTORM:
VSBY 1/2 MILE OR LESS
8 = SMOKE OR HAZE
[NO. OF DAYS WITH] [WEATHER - DAYS WITH] 9 = BLOWING SNOW
X = TORNADO
MAX 32 OR BELOW: 0 0.01 INCH OR MORE: 3
MAX 90 OR ABOVE: 0 0.10 INCH OR MORE: 1
MIN 32 OR BELOW: 2 0.50 INCH OR MORE: 0
MIN 0 OR BELOW: 0 1.00 INCH OR MORE: 0
[HDD (BASE 65) ]
TOTAL THIS MO. 239 CLEAR (SCALE 0-3) 17
DPTR FM NORMAL M PTCLDY (SCALE 4-7) 9
TOTAL FM JUL 1 2709 CLOUDY (SCALE 8-10) 5
DPTR FM NORMAL M
[CDD (BASE 65) ]
TOTAL THIS MO. 0
DPTR FM NORMAL M [PRESSURE DATA]
TOTAL FM JAN 1 0 HIGHEST SLP M ON M
DPTR FM NORMAL M LOWEST SLP M ON M
[REMARKS]
#FINAL-03-20#