000
CXUS52 KMHX 010600
CF6MRH
PRELIMINARY LOCAL CLIMATOLOGICAL DATA (WS FORM: F-6)
STATION: BEAUFORT/SMITH FIELD NC
MONTH: AUGUST
YEAR: 2022
LATITUDE: 34 43 N
LONGITUDE: 76 39 W
TEMPERATURE IN F: :PCPN: SNOW: WIND :SUNSHINE: SKY :PK WND
================================================================================
1 2 3 4 5 6A 6B 7 8 9 10 11 12 13 14 15 16 17 18
12Z AVG MX 2MIN
DY MAX MIN AVG DEP HDD CDD WTR SNW DPTH SPD SPD DIR MIN PSBL S-S WX SPD DR
================================================================================
1 89 82 86 6 0 21 T 0.0 0 15.4 24 210 M M 0 29 210
2 89 81 85 5 0 20 0.00 0.0 0 13.2 22 210 M M 0 25 220
3 90 81 86 6 0 21 0.00 0.0 0 10.8 18 210 M M 1 23 200
4 89 82 86 6 0 21 0.00 0.0 0 11.3 18 200 M M 2 24 210
5 88 81 85 5 0 20 0.00 0.0 0 8.2 14 160 M M 1 19 170
6 89 77 83 3 0 18 0.04 0.0 0 6.4 18 140 M M 1 25 160
7 88 78 83 3 0 18 T 0.0 0 8.9 18 170 M M 2 23 160
8 88 81 85 5 0 20 0.00 0.0 0 12.4 17 220 M M 1 23 200
9 89 78 84 4 0 19 0.02 0.0 0 14.5 23 210 M M 1 28 210
10 90 82 86 6 0 21 0.00 0.0 0 14.7 25 220 M M 0 3 32 210
11 91 81 86 6 0 21 T 0.0 0 13.2 24 230 M M 1 29 230
12 84 69 77 -3 0 12 0.41 0.0 0 5.2 23 340 M M 5 13 28 340
13 86 67 77 -3 0 12 0.00 0.0 0 8.5 17 50 M M 0 23 30
14 87 68 78 -2 0 13 0.00 0.0 0 5.7 14 20 M M 0 18 20
15 84 70 77 -3 0 12 0.03 0.0 0 5.8 14 20 M M 3 16 20
16 82 72 77 -3 0 12 0.01 0.0 0 6.5 13 20 M M 6 17 20
17 85 70 78 -2 0 13 0.00 0.0 0 9.5 18 20 M M 4 24 20
18 85 70 78 -2 0 13 0.00 0.0 0 5.8 14 20 M M 0 20 20
19 79 70 75 -4 0 10 0.64 0.0 0 4.2 10 110 M M 6 1 14 120
20 86 76 81 2 0 16 0.00 0.0 0 8.6 16 180 M M 2 3 20 180
21 87 74 81 2 0 16 0.25 0.0 0 6.8 20 220 M M 2 13 24 220
22 85 73 79 0 0 14 0.97 0.0 0 15.0 31 230 M M 5 13 45 230
23 84 74 79 0 0 14 0.20 0.0 0 7.5 16 200 M M 5 1 20 200
24 86 74 80 1 0 15 0.00 0.0 0 3.6 10 190 M M 2 12 190
25 87 73 80 1 0 15 0.01 0.0 0 4.0 13 110 M M 2 17 90
26 86 74 80 1 0 15 T 0.0 0 5.2 12 190 M M 5 14 200
27 87 73 80 1 0 15 0.00 0.0 0 4.7 12 130 M M 1 15 120
28 87 73 80 1 0 15 0.00 0.0 0 6.0 14 110 M M 1 17 110
29 82 74 78 -1 0 13 0.71 0.0 0 4.2 15 200 M M 3 138 18 200
30 83 76 80 1 0 15 0.00 0.0 0 10.2 17 220 M M 4 21 230
31 88 77 83 5 0 18 0.00 0.0 0 8.5 15 210 M M 1 21 240
================================================================================
SM 2680 2331 0 498 3.29 0.0 264.5 M 67
================================================================================
AV 86.5 75.2 8.5 FASTST M M 2 MAX(MPH)
MISC ----> 31 230 45 230
================================================================================
NOTES:
# LAST OF SEVERAL OCCURRENCES
COLUMN 17 PEAK WIND IN M.P.H.
PRELIMINARY LOCAL CLIMATOLOGICAL DATA (WS FORM: F-6) , PAGE 2
STATION: BEAUFORT/SMITH FIELD NC
MONTH: AUGUST
YEAR: 2022
LATITUDE: 34 43 N
LONGITUDE: 76 39 W
[TEMPERATURE DATA] [PRECIPITATION DATA] SYMBOLS USED IN COLUMN 16
AVERAGE MONTHLY: 80.8 TOTAL FOR MONTH: 3.29 1 = FOG OR MIST
DPTR FM NORMAL: 1.3 DPTR FM NORMAL: -4.00 2 = FOG REDUCING VISIBILITY
HIGHEST: 91 ON 11 GRTST 24HR 1.09 ON 22-23 TO 1/4 MILE OR LESS
LOWEST: 67 ON 13 3 = THUNDER
SNOW, ICE PELLETS, HAIL 4 = ICE PELLETS
TOTAL MONTH: 0.0 INCH 5 = HAIL
GRTST 24HR 0.0 6 = FREEZING RAIN OR DRIZZLE
GRTST DEPTH: 0 7 = DUSTSTORM OR SANDSTORM:
VSBY 1/2 MILE OR LESS
8 = SMOKE OR HAZE
[NO. OF DAYS WITH] [WEATHER - DAYS WITH] 9 = BLOWING SNOW
X = TORNADO
MAX 32 OR BELOW: 0 0.01 INCH OR MORE: 11
MAX 90 OR ABOVE: 3 0.10 INCH OR MORE: 6
MIN 32 OR BELOW: 0 0.50 INCH OR MORE: 3
MIN 0 OR BELOW: 0 1.00 INCH OR MORE: 0
[HDD (BASE 65) ]
TOTAL THIS MO. 0 CLEAR (SCALE 0-3) 23
DPTR FM NORMAL 0 PTCLDY (SCALE 4-7) 8
TOTAL FM JUL 1 0 CLOUDY (SCALE 8-10) 0
DPTR FM NORMAL 0
[CDD (BASE 65) ]
TOTAL THIS MO. 498
DPTR FM NORMAL 48 [PRESSURE DATA]
TOTAL FM JAN 1 1766 HIGHEST SLP M ON M
DPTR FM NORMAL 230 LOWEST SLP 29.86 ON 17
[REMARKS]
#FINAL-08-22#