000
CXUS54 KHUN 021516
CF6MSL
PRELIMINARY LOCAL CLIMATOLOGICAL DATA (WS FORM: F-6)
STATION: MUSCLE SHOALS
MONTH: MAY
YEAR: 2022
LATITUDE: 34 45 N
LONGITUDE: 87 37 W
TEMPERATURE IN F: :PCPN: SNOW: WIND :SUNSHINE: SKY :PK WND
================================================================================
1 2 3 4 5 6A 6B 7 8 9 10 11 12 13 14 15 16 17 18
12Z AVG MX 2MIN
DY MAX MIN AVG DEP HDD CDD WTR SNW DPTH SPD SPD DIR MIN PSBL S-S WX SPD DR
================================================================================
1 81 60 71 4 0 6 0.23 0.0 0 6.3 24 170 M M 5 13 36 170
2 86 54 70 2 0 5 0.46 0.0 0 3.6 20 220 M M 5 123 33 230
3 84 67 76 8 0 11 0.10 0.0 0 10.8 26 210 M M M 39 190
4 80 63 72 4 0 7 0.00 0.0 0 3.9 10 30 M M M 16 30
5 88 62 75 7 0 10 0.11 0.0 0 8.1 22 290 M M 4 138 30 280
6 74 59 67 -2 0 2 0.14 0.0 0 12.8 30 270 M M 7 13 40 260
7 66 54 60 -9 5 0 0.00 0.0 0 6.9 16 320 M M 9 25 320
8 75 48 62 -7 3 0 0.00 0.0 0 4.7 12 140 M M 2 12 15 150
9 82 56 69 -1 0 4 0.00 0.0 0 7.2 16 160 M M 4 22 180
10 84 59 72 2 0 7 0.00 0.0 0 4.3 12 160 M M 2 1 16 140
11 89 60 75 5 0 10 0.00 0.0 0 1.4 7 80 M M 2 128 11 320
12 89 65 77 7 0 12 0.00 0.0 0 2.7 9 110 M M 3 128 12 80
13 87 60 74 3 0 9 0.00 0.0 0 5.9 15 290 M M 1 21 160
14 87 62 75 4 0 10 0.00 0.0 0 4.5 13 260 M M 2 18 16 270
15 91 65 78 7 0 13 0.11 0.0 0 3.6 22 270 M M 2 13 30 260
16 82 59 71 0 0 6 0.00 0.0 0 4.6 10 30 M M 1 16 30
17 86 54 70 -2 0 5 0.00 0.0 0 1.9 10 100 M M 0 1 15 30
18 90 56 73 1 0 8 0.00 0.0 0 7.1 20 210 M M 0 1 26 200
19 92 73 83 11 0 18 0.00 0.0 0 10.2 18 200 M M 0 25 220
20 91 72 82 10 0 17 0.00 0.0 0 11.6 22 200 M M 2 31 200
21 92 67 80 7 0 15 0.43 0.0 0 8.4 26 280 M M 3 13 41 280
22 85 66 76 3 0 11 0.36 0.0 0 4.3 13 50 M M 6 13 20 30
23 75 66 71 -2 0 6 0.07 0.0 0 6.3 12 90 M M 10 1 19 360
24 80 65 73 -1 0 8 0.67 0.0 0 7.7 28 180 M M 9 13 41 170
25 81 67 74 0 0 9 0.82 0.0 0 9.6 32 260 M M 7 13 41 270
26 81 63 72 -2 0 7 0.14 0.0 0 10.7 26 240 M M 7 1 38 250
27 73 59 66 -8 0 1 0.00 0.0 0 7.2 17 290 M M 6 23 270
28 79 55 67 -7 0 2 0.00 0.0 0 2.1 9 330 M M 5 1 12 320
29 87 56 72 -3 0 7 0.00 0.0 0 5.6 15 140 M M 1 12 20 140
30 90 65 78 3 0 13 0.00 0.0 0 7.2 17 160 M M 3 27 180
31 91 66 79 4 0 14 0.00 0.0 0 4.2 14 220 M M 1 22 170
================================================================================
SM 2598 1903 8 253 3.64 0.0 195.4 M 109
================================================================================
AV 83.8 61.4 6.3 FASTST M M 4 MAX(MPH)
MISC ----> 32 260 # 41 280
================================================================================
NOTES:
# LAST OF SEVERAL OCCURRENCES
COLUMN 17 PEAK WIND IN M.P.H.
PRELIMINARY LOCAL CLIMATOLOGICAL DATA (WS FORM: F-6) , PAGE 2
STATION: MUSCLE SHOALS
MONTH: MAY
YEAR: 2022
LATITUDE: 34 45 N
LONGITUDE: 87 37 W
[TEMPERATURE DATA] [PRECIPITATION DATA] SYMBOLS USED IN COLUMN 16
AVERAGE MONTHLY: 72.6 TOTAL FOR MONTH: 3.64 1 = FOG OR MIST
DPTR FM NORMAL: 1.3 DPTR FM NORMAL: -0.91 2 = FOG REDUCING VISIBILITY
HIGHEST: 92 ON 21,19 GRTST 24HR 1.12 ON 24-25 TO 1/4 MILE OR LESS
LOWEST: 48 ON 8 3 = THUNDER
SNOW, ICE PELLETS, HAIL 4 = ICE PELLETS
TOTAL MONTH: 0.0 INCH 5 = HAIL
GRTST 24HR 0.0 6 = FREEZING RAIN OR DRIZZLE
GRTST DEPTH: 0 7 = DUSTSTORM OR SANDSTORM:
VSBY 1/2 MILE OR LESS
8 = SMOKE OR HAZE
[NO. OF DAYS WITH] [WEATHER - DAYS WITH] 9 = BLOWING SNOW
X = TORNADO
MAX 32 OR BELOW: 0 0.01 INCH OR MORE: 12
MAX 90 OR ABOVE: 7 0.10 INCH OR MORE: 11
MIN 32 OR BELOW: 0 0.50 INCH OR MORE: 2
MIN 0 OR BELOW: 0 1.00 INCH OR MORE: 0
[HDD (BASE 65) ]
TOTAL THIS MO. 8 CLEAR (SCALE 0-3) 15
DPTR FM NORMAL -14 PTCLDY (SCALE 4-7) 11
TOTAL FM JUL 1 2565 CLOUDY (SCALE 8-10) 5
DPTR FM NORMAL -255
[CDD (BASE 65) ]
TOTAL THIS MO. 253
DPTR FM NORMAL 34 [PRESSURE DATA]
TOTAL FM JAN 1 333 HIGHEST SLP 30.25 ON 10
DPTR FM NORMAL 27 LOWEST SLP 29.64 ON 6
[REMARKS]
#FINAL-05-22#