000
CXUS53 KMKX 021806 CCA
CF6MSN
PRELIMINARY LOCAL CLIMATOLOGICAL DATA (WS FORM: F-6)
STATION: MADISON WI
MONTH: JUNE
YEAR: 2023
LATITUDE: 43 7 N
LONGITUDE: 89 20 W
TEMPERATURE IN F: :PCPN: SNOW: WIND :SUNSHINE: SKY :PK WND
================================================================================
1 2 3 4 5 6A 6B 7 8 9 10 11 12 13 14 15 16 17 18
12Z AVG MX 2MIN
DY MAX MIN AVG DEP HDD CDD WTR SNW DPTH SPD SPD DIR MIN PSBL S-S WX SPD DR
================================================================================
1 89 61 75 11 0 10 0.65 0.0 0 3.2 17 240 M M 5 3 25 230
2 89 62 76 12 0 11 0.00 0.0 0 2.7 14 150 M M 5 18 22 170
3 91 58 75 11 0 10 0.00 0.0 0 5.4 17 80 M M 4 24 70
4 84 55 70 5 0 5 0.00 0.0 0 6.3 14 90 M M 1 8 20 100
5 86 51 69 4 0 4 0.00 0.0 0 2.2 7 120 M M 2 18 11 210
6 76 60 68 3 0 3 0.07 0.0 0 5.4 15 60 M M 8 38 22 40
7 76 50 63 -3 2 0 0.00 0.0 0 8.0 16 60 M M 2 23 20
8 76 46 61 -5 4 0 0.00 0.0 0 6.0 15 60 M M 1 21 30
9 81 45 63 -3 2 0 0.00 0.0 0 2.0 13 230 M M 2 20 220
10 83 62 73 6 0 8 T 0.0 0 5.8 16 30 M M 7 24 20
11 62 45 54 -13 11 0 0.12 0.0 0 12.0 22 20 M M 9 1 29 10
12 71 38 55 -12 10 0 T 0.0 0 5.0 18 330 M M 6 12 30 320
13 68 53 61 -7 4 0 0.09 0.0 0 6.7 14 300 M M 9 1 24 280
14 82 56 69 1 0 4 0.00 0.0 0 3.6 9 130 M M 6 18 12 130
15 74 48 61 -7 4 0 0.00 0.0 0 8.7 20 40 M M 4 18 26 50
16 74 47 61 -7 4 0 0.00 0.0 0 3.8 12 60 M M 6 18 16 30
17 81 48 65 -4 0 0 0.00 0.0 0 3.2 12 160 M M 1 12 19 210
18 85 56 71 2 0 6 0.00 0.0 0 9.8 20 140 M M 6 30 150
19 87 59 73 4 0 8 0.00 0.0 0 4.6 17 110 M M 2 8 22 120
20 86 55 71 2 0 6 0.00 0.0 0 6.7 20 80 M M 0 25 70
21 89 57 73 3 0 8 0.00 0.0 0 6.3 16 120 M M 2 22 140
22 89 58 74 4 0 9 0.00 0.0 0 4.7 17 90 M M 2 18 23 40
23 90 54 72 2 0 7 0.00 0.0 0 3.0 12 60 M M 1 18 16 40
24 92 61 77 7 0 12 0.21 0.0 0 6.7 28 80 M M 6 13 35 80
25 80 67 74 4 0 9 T 0.0 0 9.8 18 170 M M 6 28 220
26 75 63 69 -2 0 4 0.00 0.0 0 10.0 20 330 M M 9 8 30 350
27 83 59 71 0 0 6 0.00 0.0 0 6.7 12 10 M M 9 8 16 340
28 85 62 74 3 0 9 0.00 0.0 0 10.4 21 170 M M 9 8 33 160
29 90 68 79 8 0 14 0.00 0.0 0 2.8 10 190 M M 7 18 14 190
30 88 63 76 5 0 11 0.00 0.0 0 2.7 9 290 M M 5 18 14 310
================================================================================
SM 2462 1667 41 164 1.14 0.0 174.2 M 142
================================================================================
AV 82.1 55.6 5.8 FASTST M M 5 MAX(MPH)
MISC ----> 28 80 35 80
================================================================================
NOTES:
# LAST OF SEVERAL OCCURRENCES
COLUMN 17 PEAK WIND IN M.P.H.
PRELIMINARY LOCAL CLIMATOLOGICAL DATA (WS FORM: F-6) , PAGE 2
STATION: MADISON WI
MONTH: JUNE
YEAR: 2023
LATITUDE: 43 7 N
LONGITUDE: 89 20 W
[TEMPERATURE DATA] [PRECIPITATION DATA] SYMBOLS USED IN COLUMN 16
AVERAGE MONTHLY: 68.8 TOTAL FOR MONTH: 1.14 1 = FOG OR MIST
DPTR FM NORMAL: 0.8 DPTR FM NORMAL: -4.14 2 = FOG REDUCING VISIBILITY
HIGHEST: 92 ON 24 GRTST 24HR 0.65 ON 31- 1 TO 1/4 MILE OR LESS
LOWEST: 38 ON 12 3 = THUNDER
SNOW, ICE PELLETS, HAIL 4 = ICE PELLETS
TOTAL MONTH: 0.0 INCH 5 = HAIL
GRTST 24HR 0.0 6 = FREEZING RAIN OR DRIZZLE
GRTST DEPTH: 0 7 = DUSTSTORM OR SANDSTORM:
VSBY 1/2 MILE OR LESS
8 = SMOKE OR HAZE
[NO. OF DAYS WITH] [WEATHER - DAYS WITH] 9 = BLOWING SNOW
X = TORNADO
MAX 32 OR BELOW: 0 0.01 INCH OR MORE: 5
MAX 90 OR ABOVE: 4 0.10 INCH OR MORE: 3
MIN 32 OR BELOW: 0 0.50 INCH OR MORE: 1
MIN 0 OR BELOW: 0 1.00 INCH OR MORE: 0
[HDD (BASE 65) ]
TOTAL THIS MO. 41 CLEAR (SCALE 0-3) 11
DPTR FM NORMAL -6 PTCLDY (SCALE 4-7) 13
TOTAL FM JUL 1 6551 CLOUDY (SCALE 8-10) 6
DPTR FM NORMAL -589
[CDD (BASE 65) ]
TOTAL THIS MO. 164
DPTR FM NORMAL 27 [PRESSURE DATA]
TOTAL FM JAN 1 205 HIGHEST SLP M ON M
DPTR FM NORMAL 29 LOWEST SLP 29.53 ON 25
[REMARKS]
#FINAL-06-23#