000
CXUS55 KMSO 012143
CF6MSO
PRELIMINARY LOCAL CLIMATOLOGICAL DATA (WS FORM: F-6)
STATION: MISSOULA MT
MONTH: APRIL
YEAR: 2020
LATITUDE: 46 55 N
LONGITUDE: 114 5 W
TEMPERATURE IN F: :PCPN: SNOW: WIND :SUNSHINE: SKY :PK WND
================================================================================
1 2 3 4 5 6A 6B 7 8 9 10 11 12 13 14 15 16 17 18
12Z AVG MX 2MIN
DY MAX MIN AVG DEP HDD CDD WTR SNW DPTH SPD SPD DIR MIN PSBL S-S WX SPD DR
================================================================================
1 38 23 31 -12 34 0 0.11 1.3 0 6.1 17 10 M M 9 128 23 10
2 38 22 30 -13 35 0 0.01 T 1 7.5 21 110 M M 8 18 24 120
3 43 21 32 -11 33 0 0.01 0.1 0 5.0 22 300 M M 8 18 27 340
4 49 24 37 -7 28 0 0.00 0.0 T 4.0 10 350 M M 6 1 14 350
5 57 31 44 0 21 0 0.01 T T 5.1 17 300 M M 8 1 20 310
6 59 32 46 2 19 0 0.02 0.0 0 6.9 24 240 M M 8 1 31 250
7 62 35 49 5 16 0 0.00 0.0 0 10.3 26 290 M M 6 32 310
8 66 28 47 3 18 0 0.00 0.0 0 4.2 17 270 M M 0 22 300
9 69 28 49 5 16 0 0.00 0.0 0 3.1 10 320 M M 0 15 320
10 71 31 51 7 14 0 T 0.0 0 7.5 29 280 M M 3 34 270
11 54 27 41 -4 24 0 0.62 1.2 0 8.5 23 80 M M 10 1238 29 80
12 38 18 28 -17 37 0 0.00 0.0 T 6.9 17 120 M M 2 20 120
13 44 22 33 -12 32 0 0.00 0.0 0 5.6 16 40 M M 2 20 40
14 53 26 40 -5 25 0 0.11 0.0 0 7.0 24 260 M M 9 28 260
15 46 33 40 -5 25 0 0.59 2.1 2 5.0 24 60 M M 9 12 30 60
16 48 23 36 -10 29 0 0.00 0.0 0 3.3 12 290 M M 0 15 10
17 64 23 44 -2 21 0 0.00 0.0 0 4.4 21 270 M M 1 8 29 270
18 59 32 46 0 19 0 T 0.0 0 4.2 26 300 M M 6 32 300
19 62 36 49 3 16 0 0.00 0.0 0 5.6 21 270 M M 8 24 280
20 67 32 50 4 15 0 0.00 0.0 0 4.6 18 320 M M 2 24 310
21 68 33 51 4 14 0 0.00 0.0 0 6.6 23 260 M M 0 28 260
22 64 32 48 1 17 0 0.02 0.0 0 6.6 21 280 M M 4 29 240
23 58 41 50 3 15 0 0.22 0.0 0 8.6 26 270 M M 8 1 35 270
24 60 35 48 1 17 0 T 0.0 0 3.8 14 280 M M 5 12 19 290
25 63 43 53 5 12 0 T 0.0 0 6.4 25 230 M M 8 31 230
26 66 43 55 7 10 0 0.00 0.0 0 9.7 23 280 M M 1 29 290
27 62 42 52 4 13 0 0.02 0.0 0 7.5 32 270 M M 6 43 280
28 69 39 54 6 11 0 0.00 0.0 0 6.0 16 270 M M 1 23 220
29 79 36 58 9 7 0 0.01 0.0 0 4.2 25 310 M M 3 33 300
30 62 43 53 4 12 0 0.03 0.0 0 8.1 25 320 M M 8 1 32 320
================================================================================
SM 1738 934 605 0 1.78 4.7 182.3 M 149
================================================================================
AV 57.9 31.1 6.1 FASTST M M 5 MAX(MPH)
MISC ----> 32 270 43 280
================================================================================
NOTES:
# LAST OF SEVERAL OCCURRENCES
COLUMN 17 PEAK WIND IN M.P.H.
PRELIMINARY LOCAL CLIMATOLOGICAL DATA (WS FORM: F-6) , PAGE 2
STATION: MISSOULA MT
MONTH: APRIL
YEAR: 2020
LATITUDE: 46 55 N
LONGITUDE: 114 5 W
[TEMPERATURE DATA] [PRECIPITATION DATA] SYMBOLS USED IN COLUMN 16
AVERAGE MONTHLY: 44.5 TOTAL FOR MONTH: 1.78 1 = FOG OR MIST
DPTR FM NORMAL: -1.2 DPTR FM NORMAL: 0.56 2 = FOG REDUCING VISIBILITY
HIGHEST: 79 ON 29 GRTST 24HR 0.77 ON 14-15 TO 1/4 MILE OR LESS
LOWEST: 18 ON 12 3 = THUNDER
SNOW, ICE PELLETS, HAIL 4 = ICE PELLETS
TOTAL MONTH: 4.7 INCHES 5 = HAIL
GRTST 24HR 2.1 ON 15-15 6 = FREEZING RAIN OR DRIZZLE
GRTST DEPTH: 2 ON 15 7 = DUSTSTORM OR SANDSTORM:
VSBY 1/2 MILE OR LESS
8 = SMOKE OR HAZE
[NO. OF DAYS WITH] [WEATHER - DAYS WITH] 9 = BLOWING SNOW
X = TORNADO
MAX 32 OR BELOW: 0 0.01 INCH OR MORE: 13
MAX 90 OR ABOVE: 0 0.10 INCH OR MORE: 5
MIN 32 OR BELOW: 18 0.50 INCH OR MORE: 2
MIN 0 OR BELOW: 0 1.00 INCH OR MORE: 0
[HDD (BASE 65) ]
TOTAL THIS MO. 605 CLEAR (SCALE 0-3) 11
DPTR FM NORMAL 25 PTCLDY (SCALE 4-7) 12
TOTAL FM JUL 1 6656 CLOUDY (SCALE 8-10) 7
DPTR FM NORMAL -108
[CDD (BASE 65) ]
TOTAL THIS MO. 0
DPTR FM NORMAL 0 [PRESSURE DATA]
TOTAL FM JAN 1 0 HIGHEST SLP 30.44 ON 16
DPTR FM NORMAL 0 LOWEST SLP 29.59 ON 5
[REMARKS]
#FINAL-04-20#