000
CXUS54 KLIX 010910
CF6MSY
PRELIMINARY LOCAL CLIMATOLOGICAL DATA (WS FORM: F-6)
STATION: NEW ORLEANS
MONTH: JANUARY
YEAR: 2023
LATITUDE: 29 58 N
LONGITUDE: 90 15 W
TEMPERATURE IN F: :PCPN: SNOW: WIND :SUNSHINE: SKY :PK WND
================================================================================
1 2 3 4 5 6A 6B 7 8 9 10 11 12 13 14 15 16 17 18
12Z AVG MX 2MIN
DY MAX MIN AVG DEP HDD CDD WTR SNW DPTH SPD SPD DIR MIN PSBL S-S WX SPD DR
================================================================================
1 73 53 63 9 2 0 T 0.0 M 4.4 10 100 M M 10 12 15 150
2 79 68 74 20 0 9 0.00 0.0 M 12.0 21 140 M M 9 12 29 150
3 77 68 73 19 0 8 0.12 0.0 M 14.4 22 190 M M 10 13 33 130
4 77 57 67 13 0 2 0.44 0.0 M 5.7 22 310 M M 3 138 36 320
5 70 50 60 6 5 0 0.00 0.0 M 3.0 14 270 M M 1 19 270
6 69 48 59 5 6 0 0.00 0.0 M 4.7 14 140 M M 1 8 19 120
7 75 52 64 10 1 0 0.00 0.0 M 7.2 15 170 M M 1 8 20 170
8 66 59 63 9 2 0 0.92 0.0 M 5.0 20 140 M M 7 1 26 130
9 63 50 57 3 8 0 0.00 0.0 M 5.8 14 50 M M 7 1 23 360
10 73 45 59 5 6 0 0.00 0.0 M 4.6 12 150 M M 4 18 16 140
11 81 65 73 19 0 8 0.00 0.0 M 9.8 21 210 M M 7 1 29 200
12 78 53 66 12 0 1 T 0.0 M 14.9 28 240 M M 6 3 41 220
13 56 42 49 -5 16 0 0.00 0.0 M 13.2 23 330 M M 4 39 340
14 55 39 47 -7 18 0 0.00 0.0 M 5.5 13 40 M M 1 19 340
15 65 36 51 -3 14 0 0.00 0.0 M 6.0 15 170 M M 1 20 160
16 72 56 64 10 1 0 0.00 0.0 M 10.6 20 150 M M 10 27 140
17 81 65 73 19 0 8 0.02 0.0 M 9.1 20 200 M M 8 12 28 220
18 77 66 72 18 0 7 0.00 0.0 M 10.3 22 170 M M 7 12 34 160
19 75 57 66 12 0 1 0.44 0.0 M 5.3 26 300 M M 6 13 40 290
20 59 54 57 3 8 0 T 0.0 M 8.8 17 40 M M 8 23 40
21 62 53 58 4 7 0 0.14 0.0 M 9.3 17 90 M M 10 18 23 90
22 58 48 53 -1 12 0 0.01 0.0 M 7.2 16 320 M M 7 1 27 320
23 57 45 51 -3 14 0 0.00 0.0 M 7.4 18 320 M M 2 30 320
24 71 47 59 5 6 0 0.44 M M 15.2 30 110 M M 8 13 44 120
25 63 47 55 0 10 0 T 0.0 M 12.8 23 280 M M 7 32 290
26 57 45 51 -4 14 0 0.00 0.0 M 8.1 15 330 M M 5 24 330
27 60 38 49 -6 16 0 0.00 0.0 M 3.5 10 110 M M 3 15 170
28 70 45 58 3 7 0 0.00 0.0 M 11.6 22 130 M M 6 28 120
29 75 60 68 13 0 3 0.38 0.0 M 6.5 15 200 M M 9 13 22 210
30 80 67 74 19 0 9 0.00 0.0 M 6.8 12 130 M M 9 12 15 210
31 78 57 68 13 0 3 T 0.0 M 5.0 15 310 M M 9 12 20 320
================================================================================
SM 2152 1635 173 59 2.91 0.0 253.7 M 186
================================================================================
AV 69.4 52.7 8.2 FASTST M M 6 MAX(MPH)
MISC ----> 30 110 44 120
================================================================================
NOTES:
# LAST OF SEVERAL OCCURRENCES
COLUMN 17 PEAK WIND IN M.P.H.
PRELIMINARY LOCAL CLIMATOLOGICAL DATA (WS FORM: F-6) , PAGE 2
STATION: NEW ORLEANS
MONTH: JANUARY
YEAR: 2023
LATITUDE: 29 58 N
LONGITUDE: 90 15 W
[TEMPERATURE DATA] [PRECIPITATION DATA] SYMBOLS USED IN COLUMN 16
AVERAGE MONTHLY: 61.1 TOTAL FOR MONTH: 2.91 1 = FOG OR MIST
DPTR FM NORMAL: 6.8 DPTR FM NORMAL: -2.27 2 = FOG REDUCING VISIBILITY
HIGHEST: 81 ON 17,11 GRTST 24HR 1.29 ON 24-25 TO 1/4 MILE OR LESS
LOWEST: 36 ON 15 3 = THUNDER
SNOW, ICE PELLETS, HAIL 4 = ICE PELLETS
TOTAL MONTH: 0.0 INCH 5 = HAIL
GRTST 24HR 0.0 6 = FREEZING RAIN OR DRIZZLE
GRTST DEPTH: M ON M 7 = DUSTSTORM OR SANDSTORM:
VSBY 1/2 MILE OR LESS
8 = SMOKE OR HAZE
[NO. OF DAYS WITH] [WEATHER - DAYS WITH] 9 = BLOWING SNOW
X = TORNADO
MAX 32 OR BELOW: 0 0.01 INCH OR MORE: 9
MAX 90 OR ABOVE: 0 0.10 INCH OR MORE: 7
MIN 32 OR BELOW: 0 0.50 INCH OR MORE: 1
MIN 0 OR BELOW: 0 1.00 INCH OR MORE: 0
[HDD (BASE 65) ]
TOTAL THIS MO. 173 CLEAR (SCALE 0-3) 7
DPTR FM NORMAL -177 PTCLDY (SCALE 4-7) 15
TOTAL FM JUL 1 602 CLOUDY (SCALE 8-10) 9
DPTR FM NORMAL -204
[CDD (BASE 65) ]
TOTAL THIS MO. 59
DPTR FM NORMAL 41 [PRESSURE DATA]
TOTAL FM JAN 1 59 HIGHEST SLP 30.45 ON 27
DPTR FM NORMAL 41 LOWEST SLP 29.74 ON 24
[REMARKS]
#FINAL-01-23#