000
CXUS54 KLIX 010810
CF6MSY
PRELIMINARY LOCAL CLIMATOLOGICAL DATA (WS FORM: F-6)
STATION: NEW ORLEANS
MONTH: AUGUST
YEAR: 2021
LATITUDE: 29 58 N
LONGITUDE: 90 15 W
TEMPERATURE IN F: :PCPN: SNOW: WIND :SUNSHINE: SKY :PK WND
================================================================================
1 2 3 4 5 6A 6B 7 8 9 10 11 12 13 14 15 16 17 18
12Z AVG MX 2MIN
DY MAX MIN AVG DEP HDD CDD WTR SNW DPTH SPD SPD DIR MIN PSBL S-S WX SPD DR
================================================================================
1 97 78 88 4 0 23 T 0.0 M 4.2 15 110 M M 5 3 19 120
2 89 78 84 0 0 19 1.00 0.0 M 2.7 22 270 M M 7 13 26 260
3 89 76 83 -1 0 18 0.83 0.0 M 3.6 23 250 M M 9 13 28 240
4 92 79 86 2 0 21 0.01 0.0 M 6.9 14 10 M M 7 20 20
5 91 73 82 -2 0 17 0.00 0.0 M 3.6 9 350 M M 6 14 360
6 91 72 82 -2 0 17 0.00 0.0 M 2.2 8 360 M M 5 13 330
7 95 76 86 2 0 21 0.00 0.0 M 3.4 9 330 M M 2 1 12 330
8 94 80 87 3 0 22 0.01 0.0 M 3.9 15 220 M M 4 3 21 220
9 94 79 87 3 0 22 T 0.0 M 3.8 18 190 M M 5 3 26 190
10 93 79 86 2 0 21 0.04 0.0 M 3.0 14 100 M M 7 3 18 110
11 93 77 85 1 0 20 0.01 0.0 M 3.5 16 180 M M 6 3 23 200
12 93 77 85 1 0 20 0.00 0.0 M 4.1 23 130 M M 7 3 29 130
13 90 76 83 -1 0 18 1.52 0.0 M 3.0 17 150 M M 5 13 21 180
14 96 76 86 2 0 21 0.00 0.0 M 3.4 10 350 M M 4 14 50
15 92 78 85 1 0 20 0.21 0.0 M 4.2 20 110 M M 6 3 28 70
16 94 79 87 3 0 22 0.00 0.0 M 5.8 12 340 M M 4 16 60
17 96 78 87 3 0 22 T 0.0 M 4.4 16 110 M M 5 3 21 120
18 95 81 88 4 0 23 0.00 0.0 M 6.2 16 160 M M 5 3 22 110
19 95 81 88 4 0 23 0.60 0.0 M 4.4 21 90 M M 7 3 25 90
20 94 80 87 3 0 22 0.00 0.0 M 4.8 13 180 M M 6 17 190
21 95 79 87 3 0 22 0.00 0.0 M 3.5 13 240 M M 5 18 250
22 98 78 88 4 0 23 0.00 0.0 M 4.2 12 190 M M 2 21 190
23 97 79 88 4 0 23 0.00 0.0 M 5.7 12 160 M M 4 3 13 300
24 98 80 89 5 0 24 0.00 0.0 M 6.0 9 310 M M 7 3 9 310
25 96 80 88 4 0 23 M 0.0 M 3.7 17 170 M M 7 3 23 170
26 92 77 85 1 0 20 0.45 0.0 M 6.2 28 100 M M 8 13 33 100
27 85 76 81 -3 0 16 0.07 0.0 M 8.9 23 130 M M 8 138 29 130
28 89 76 83 0 0 18 T 0.0 M 10.0 20 90 M M 7 24 80
29 84 75 80 -3 0 15 4.73 0.0 M 31.8 64 80 M M 9 13 88 80
30 88 79 84 1 0 19 T 0.0 M 16.8 32 180 M M 8 42 180
31 92 77 85 2 0 20 0.13 0.0 M 7.2 16 180 M M 3 3 20 170
================================================================================
SM 2877 2409 0 635 9.61 0.0 185.1 M 180
================================================================================
AV 92.8 77.7 6.0 FASTST M M 6 MAX(MPH)
MISC ----> 64 80 88 80
================================================================================
NOTES:
# LAST OF SEVERAL OCCURRENCES
COLUMN 17 PEAK WIND IN M.P.H.
PRELIMINARY LOCAL CLIMATOLOGICAL DATA (WS FORM: F-6) , PAGE 2
STATION: NEW ORLEANS
MONTH: AUGUST
YEAR: 2021
LATITUDE: 29 58 N
LONGITUDE: 90 15 W
[TEMPERATURE DATA] [PRECIPITATION DATA] SYMBOLS USED IN COLUMN 16
AVERAGE MONTHLY: 85.3 TOTAL FOR MONTH: 9.61 1 = FOG OR MIST
DPTR FM NORMAL: 1.3 DPTR FM NORMAL: 2.70 2 = FOG REDUCING VISIBILITY
HIGHEST: 98 ON 24,22 GRTST 24HR 4.73 ON 29-29 TO 1/4 MILE OR LESS
LOWEST: 72 ON 6 3 = THUNDER
SNOW, ICE PELLETS, HAIL 4 = ICE PELLETS
TOTAL MONTH: 0.0 INCH 5 = HAIL
GRTST 24HR 0.0 6 = FREEZING RAIN OR DRIZZLE
GRTST DEPTH: M ON M 7 = DUSTSTORM OR SANDSTORM:
VSBY 1/2 MILE OR LESS
8 = SMOKE OR HAZE
[NO. OF DAYS WITH] [WEATHER - DAYS WITH] 9 = BLOWING SNOW
X = TORNADO
MAX 32 OR BELOW: 0 0.01 INCH OR MORE: 13
MAX 90 OR ABOVE: 25 0.10 INCH OR MORE: 8
MIN 32 OR BELOW: 0 0.50 INCH OR MORE: 5
MIN 0 OR BELOW: 0 1.00 INCH OR MORE: 3
[HDD (BASE 65) ]
TOTAL THIS MO. 0 CLEAR (SCALE 0-3) 3
DPTR FM NORMAL 0 PTCLDY (SCALE 4-7) 25
TOTAL FM JUL 1 0 CLOUDY (SCALE 8-10) 3
DPTR FM NORMAL 0
[CDD (BASE 65) ]
TOTAL THIS MO. 635
DPTR FM NORMAL 48 [PRESSURE DATA]
TOTAL FM JAN 1 2552 HIGHEST SLP M ON M
DPTR FM NORMAL 169 LOWEST SLP 28.85 ON 29
[REMARKS]
#FINAL-08-21#