000
CXUS52 KKEY 021721 CCA
CF6MTH
PRELIMINARY LOCAL CLIMATOLOGICAL DATA (WS FORM: F-6)...CORRECTED
STATION: MARATHON
MONTH: JULY
YEAR: 2021
LATITUDE: 24 43 N
LONGITUDE: 81 5 W
TEMPERATURE IN F: :PCPN: SNOW: WIND :SUNSHINE: SKY :PK WND
================================================================================
1 2 3 4 5 6A 6B 7 8 9 10 11 12 13 14 15 16 17 18
12Z AVG MX 2MIN
DY MAX MIN AVG DEP HDD CDD WTR SNW DPTH SPD SPD DIR MIN PSBL S-S WX SPD DR
================================================================================
1 86 76 81 -4 0 16 T 0.0 0 4.5 10 190 M M 1 20 170
2 87 77 82 -3 0 17 0.00 0.0 0 4.3 14 270 M M 2 18 270
3 89 77 83 -2 0 18 0.00 0.0 0 4.7 10 330 M M 0 15 320
4 90 81 86 1 0 21 0.00 0.0 0 7.1 13 50 M M 0 17 80
5 88 76 82 -3 0 17 0.73 0.0 0 11.0 23 130 M M 4 18 40 190
6 81 74 78 -7 0 13 1.27 0.0 0 13.9 24 150 M M 6 1 40 140
7 88 78 83 -2 0 18 0.02 0.0 0 6.5 14 150 M M 2 18 25 150
8 89 81 85 0 0 20 0.00 0.0 0 6.8 10 90 M M 1 16 100
9 90 81 86 1 0 21 0.00 0.0 0 8.4 14 30 M M 2 22 360
10 89 79 84 -1 0 19 0.00 0.0 0 8.4 17 40 M M 1 23 50
11 90 79 85 0 0 20 0.05 0.0 0 9.6 18 120 M M 2 18 30 120
12 87 72 80 -5 0 15 0.67 0.0 0 10.6 24 150 M M 2 13 41 140
13 88 77 83 -2 0 18 0.57 0.0 0 9.5 21 150 M M 2 1238 37 140
14 87 78 83 -2 0 18 0.10 0.0 0 8.9 16 90 M M 3 1 25 80
15 88 78 83 -2 0 18 0.02 0.0 0 10.0 17 80 M M 2 1 26 110
16 89 77 83 -2 0 18 0.03 0.0 0 8.2 14 110 M M 1 1 23 100
17 89 78 84 -1 0 19 T 0.0 0 7.9 15 120 M M 1 22 130
18 90 81 86 1 0 21 0.00 0.0 0 8.6 14 110 M M 2 22 120
19 91 81 86 1 0 21 0.00 0.0 0 7.4 13 120 M M 1 20 110
20 90 81 86 1 0 21 T 0.0 0 7.3 13 160 M M 2 1 19 160
21 91 81 86 1 0 21 0.00 0.0 0 4.5 10 130 M M 1 17 130
22 92 79 86 1 0 21 0.00 0.0 0 3.3 8 150 M M 1 13 40
23 91 82 87 2 0 22 0.00 0.0 0 3.5 8 190 M M 2 14 190
24 90 74 82 -3 0 17 1.84 0.0 0 5.0 18 50 M M 3 138 24 30
25 89 77 83 -2 0 18 0.75 0.0 0 5.4 15 260 M M 3 138 20 260
26 89 81 85 -1 0 20 0.00 0.0 0 5.4 9 150 M M 1 3 16 130
27 90 80 85 -1 0 20 0.01 0.0 0 3.9 12 270 M M 1 3 16 290
28 90 79 85 -1 0 20 0.00 0.0 0 3.2 10 60 M M 2 15 40
29 91 76 84 -2 0 19 0.15 0.0 0 4.2 17 80 M M 2 13 28 100
30 91 79 85 -1 0 20 0.23 0.0 0 4.5 9 130 M M 1 18 15 120
31 91 83 87 1 0 22 0.00 0.0 0 4.8 9 130 M M 2 15 110
================================================================================
SM 2761 2433 0 589 6.44 0.0 211.3 M 56
================================================================================
AV 89.1 78.5 6.8 FASTST M M 2 MAX(MPH)
MISC ----> # 24 150 41 140
================================================================================
NOTES:
# LAST OF SEVERAL OCCURRENCES
COLUMN 17 PEAK WIND IN M.P.H.
PRELIMINARY LOCAL CLIMATOLOGICAL DATA (WS FORM: F-6) , PAGE 2
STATION: MARATHON
MONTH: JULY
YEAR: 2021
LATITUDE: 24 43 N
LONGITUDE: 81 5 W
[TEMPERATURE DATA] [PRECIPITATION DATA] SYMBOLS USED IN COLUMN 16
AVERAGE MONTHLY: 83.8 TOTAL FOR MONTH: 6.44 1 = FOG OR MIST
DPTR FM NORMAL: -1.4 DPTR FM NORMAL: 2.67 2 = FOG REDUCING VISIBILITY
HIGHEST: 92 ON 22 GRTST 24HR 1.84 ON 24-24 TO 1/4 MILE OR LESS
LOWEST: 72 ON 12 3 = THUNDER
SNOW, ICE PELLETS, HAIL 4 = ICE PELLETS
TOTAL MONTH: 0.0 INCH 5 = HAIL
GRTST 24HR 0.0 6 = FREEZING RAIN OR DRIZZLE
GRTST DEPTH: 0 7 = DUSTSTORM OR SANDSTORM:
VSBY 1/2 MILE OR LESS
8 = SMOKE OR HAZE
[NO. OF DAYS WITH] [WEATHER - DAYS WITH] 9 = BLOWING SNOW
X = TORNADO
MAX 32 OR BELOW: 0 0.01 INCH OR MORE: 14
MAX 90 OR ABOVE: 15 0.10 INCH OR MORE: 9
MIN 32 OR BELOW: 0 0.50 INCH OR MORE: 6
MIN 0 OR BELOW: 0 1.00 INCH OR MORE: 2
[HDD (BASE 65) ]
TOTAL THIS MO. 0 CLEAR (SCALE 0-3) 29
DPTR FM NORMAL 0 PTCLDY (SCALE 4-7) 2
TOTAL FM JUL 1 0 CLOUDY (SCALE 8-10) 0
DPTR FM NORMAL 0
[CDD (BASE 65) ]
TOTAL THIS MO. 589
DPTR FM NORMAL -36 [PRESSURE DATA]
TOTAL FM JAN 1 2889 HIGHEST SLP 30.19 ON 14
DPTR FM NORMAL 59 LOWEST SLP 29.88 ON 25
[REMARKS]
#FINAL-07-21#
CORRECTED SKY COVER DAYS TABLE.
ALIGNED SNOW, ICE PELLETS, HAIL TABLE.
ROSS