000
CXUS55 KBOI 011002
CF6MUO
PRELIMINARY LOCAL CLIMATOLOGICAL DATA (WS FORM: F-6)
STATION: MOUNTAIN HOME AFB
MONTH: MAY
YEAR: 2022
LATITUDE: 43 2 N
LONGITUDE: 115 52 W
TEMPERATURE IN F: :PCPN: SNOW: WIND :SUNSHINE: SKY :PK WND
================================================================================
1 2 3 4 5 6A 6B 7 8 9 10 11 12 13 14 15 16 17 18
12Z AVG MX 2MIN
DY MAX MIN AVG DEP HDD CDD WTR SNW DPTH SPD SPD DIR MIN PSBL S-S WX SPD DR
================================================================================
1 63 41 52 -2 13 0 0.01 M M 15.8 23 320 M M 7 30 300
2 65 37 51 -3 14 0 0.02 M M 15.3 36 280 M M 4 47 260
3 62 38 50 -4 15 0 0.15 M M 17.5 27 320 M M 7 36 300
4 70 32 51 -4 14 0 0.00 M M 5.8 12 320 M M 0 M M
5 71 47 59 4 6 0 T M M 14.7 28 110 M M 4 36 110
6 74 41 58 3 7 0 T M M 6.7 20 260 M M 4 41 300
7 58 39 49 -7 16 0 0.02 M M 10.5 33 330 M M 7 45 340
8 53 34 44 -12 21 0 0.11 M M 9.4 18 230 M M 7 22 290
9 49 28 39 -17 26 0 0.01 M M 8.2 23 30 M M 7 23 10
10 55 25 40 -17 25 0 0.00 M M 6.3 12 310 M M 3 M M
11 60 36 48 -9 17 0 0.00 M M 14.0 22 310 M M 5 31 310
12 64 31 48 -9 17 0 0.01 M M 8.2 28 320 M M 4 35 310
13 62 38 50 -7 15 0 T M M 7.5 17 350 M M 4 8 23 350
14 72 41 57 -1 8 0 T M M 6.2 15 350 M M 6 8 21 350
15 85 42 64 6 1 0 0.00 M M 12.0 21 130 M M 0 30 120
16 79 53 66 8 0 1 0.01 M M 14.6 23 20 M M 4 38 10
17 76 46 61 2 4 0 0.00 M M 12.2 18 360 M M 1 24 360
18 78 42 60 1 5 0 0.00 M M 6.0 13 350 M M 4 17 360
19 63 39 51 -8 14 0 0.00 M M 22.3 31 330 M M 5 48 310
20 64 38 51 -9 14 0 T M M 11.9 23 330 M M 2 30 330
21 69 34 52 -8 13 0 0.00 0.0 M 7.0 18 360 M M 2 36 340
22 67 40 54 -6 11 0 0.01 0.0 M 11.3 20 340 M M 3 35 330
23 70 39 55 -6 10 0 T M M M M M M M M M M
24 73 38 56 -5 9 0 0.00 M M 13.9 22 360 M M 1 30 10
25 85 41 63 2 2 0 0.00 0.0 M 5.3 13 50 M M 1 17 20
26 89 48 69 8 0 4 0.04 M M 6.4 21 320 M M 4 37 300
27 78 56 67 5 0 2 0.01 M M 9.4 27 320 M M 4 44 290
28 66 48 57 -5 8 0 0.58 M M 7.4 25 280 M M 8 3 38 300
29 52 43 48 -14 17 0 0.07 M M 18.4 29 310 M M 6 36 310
30 51 40 46 -17 19 0 0.22 M M 17.7 28 300 M M 9 35 300
31 62 45 54 -9 11 0 0.05 M M 2.5 9 270 M M 7 M M
================================================================================
SM 2085 1240 352 7 1.32 0.0 324.4 M 130
================================================================================
AV 67.3 40.0 10.8 FASTST M M 4 MAX(MPH)
MISC ----> 36 280 48 310
================================================================================
NOTES:
# LAST OF SEVERAL OCCURRENCES
COLUMN 17 PEAK WIND IN M.P.H.
PRELIMINARY LOCAL CLIMATOLOGICAL DATA (WS FORM: F-6) , PAGE 2
STATION: MOUNTAIN HOME AFB
MONTH: MAY
YEAR: 2022
LATITUDE: 43 2 N
LONGITUDE: 115 52 W
[TEMPERATURE DATA] [PRECIPITATION DATA] SYMBOLS USED IN COLUMN 16
AVERAGE MONTHLY: 53.6 TOTAL FOR MONTH: 1.32 1 = FOG OR MIST
DPTR FM NORMAL: -4.7 DPTR FM NORMAL: 0.06 2 = FOG REDUCING VISIBILITY
HIGHEST: 89 ON 26 GRTST 24HR 0.58 ON 28-28 TO 1/4 MILE OR LESS
LOWEST: 25 ON 10 3 = THUNDER
SNOW, ICE PELLETS, HAIL 4 = ICE PELLETS
TOTAL MONTH: 0.0 INCH 5 = HAIL
GRTST 24HR 0.0 6 = FREEZING RAIN OR DRIZZLE
GRTST DEPTH: M ON M 7 = DUSTSTORM OR SANDSTORM:
VSBY 1/2 MILE OR LESS
8 = SMOKE OR HAZE
[NO. OF DAYS WITH] [WEATHER - DAYS WITH] 9 = BLOWING SNOW
X = TORNADO
MAX 32 OR BELOW: 0 0.01 INCH OR MORE: 15
MAX 90 OR ABOVE: 0 0.10 INCH OR MORE: 4
MIN 32 OR BELOW: 4 0.50 INCH OR MORE: 1
MIN 0 OR BELOW: 0 1.00 INCH OR MORE: 0
[HDD (BASE 65) ]
TOTAL THIS MO. 352 CLEAR (SCALE 0-3) 8
DPTR FM NORMAL 99 PTCLDY (SCALE 4-7) 21
TOTAL FM JUL 1 5968 CLOUDY (SCALE 8-10) 2
DPTR FM NORMAL 205
[CDD (BASE 65) ]
TOTAL THIS MO. 7
DPTR FM NORMAL -29 [PRESSURE DATA]
TOTAL FM JAN 1 7 HIGHEST SLP M ON M
DPTR FM NORMAL -29 LOWEST SLP M ON M
[REMARKS]
#FINAL-05-22#