000
CXUS51 KBTV 010700
CF6MVL
PRELIMINARY LOCAL CLIMATOLOGICAL DATA (WS FORM: F-6)
STATION: MORRISVILLE VT
MONTH: MAY
YEAR: 2020
LATITUDE: 44 31 N
LONGITUDE: 72 37 W
TEMPERATURE IN F: :PCPN: SNOW: WIND :SUNSHINE: SKY :PK WND
================================================================================
1 2 3 4 5 6A 6B 7 8 9 10 11 12 13 14 15 16 17 18
12Z AVG MX 2MIN
DY MAX MIN AVG DEP HDD CDD WTR SNW DPTH SPD SPD DIR MIN PSBL S-S WX SPD DR
================================================================================
1 65 44 55 6 10 0 0.30 M M 5.4 20 350 M M 9 1 29 340
2 65 32 49 0 16 0 0.00 M M 5.0 18 360 M M 2 27 360
3 75 46 61 11 4 0 T M M 5.5 17 320 M M 6 24 340
4 55 42 49 -1 16 0 T M M 6.7 15 330 M M 8 22 330
5 49 30 40 -10 25 0 0.01 M M 6.7 18 10 M M 9 25 10
6 56 29 43 -8 22 0 0.00 M M 2.6 10 330 M M 6 15 310
7 61 28 45 -6 20 0 0.19 M M 4.7 17 310 M M 3 1 24 310
8 51 32 42 -10 23 0 0.07 M M 6.0 17 210 M M 8 1 24 250
9 39 30 35 -17 30 0 0.04 M M 9.3 23 320 M M 9 18 32 310
10 50 34 42 -10 23 0 T M M 6.2 17 210 M M 8 28 210
11 57 32 45 -8 20 0 0.96 M M 3.2 14 330 M M 8 1 20 330
12 47 32 40 -13 25 0 0.00 M M 7.3 18 330 M M 3 1 29 340
13 54 27 41 -12 24 0 0.00 M M 6.3 21 310 M M 1 31 330
14 66 28 47 -7 18 0 0.00 M M 2.7 14 180 M M 2 21 330
15 66 47 57 3 8 0 0.48 M M 2.9 21 320 M M 10 13 28 310
16 58 43 51 -3 14 0 0.08 M M 5.0 15 350 M M 9 1 23 340
17 69 41 55 1 10 0 0.00 M M 1.6 10 340 M M 7 12 14 340
18 71 42 57 2 8 0 0.00 M M 4.5 16 340 M M 2 8 21 330
19 72 33 53 -2 12 0 0.00 M M 2.8 13 160 M M 0 17 140
20 77 35 56 1 9 0 0.00 M M 2.5 9 210 M M 0 1 13 160
21 79 38 59 3 6 0 0.00 M M 2.0 13 220 M M 0 1 17 240
22 83 37 60 4 5 0 0.00 M M 3.7 14 350 M M 0 20 350
23 81 45 63 7 2 0 0.00 M M 5.4 14 30 M M 0 19 30
24 74 47 61 5 4 0 0.00 M M 7.5 16 170 M M 0 21 210
25 76 47 62 5 3 0 0.00 M M 7.4 17 160 M M 3 22 160
26 89 53 71 14 0 6 0.00 M M 2.4 10 160 M M 1 1 15 150
27 93 57 75 18 0 10 0.00 M M 4.0 17 210 M M 0 12 23 210
28 84 62 73 16 0 8 0.00 M M 6.7 20 180 M M 3 27 170
29 85 66 76 18 0 11 0.35 M M 7.1 17 210 M M 7 13 23 210
30 70 52 61 3 4 0 0.16 M M 4.1 14 340 M M 8 1 22 210
31 52 38 45 -13 20 0 0.09 M M 7.0 21 350 M M 9 1 30 340
================================================================================
SM 2069 1249 381 35 2.73 M 154.2 M 141
================================================================================
AV 66.7 40.3 5.0 FASTST M M 5 MAX(MPH)
MISC ----> 23 320 32 310
================================================================================
NOTES:
# LAST OF SEVERAL OCCURRENCES
COLUMN 17 PEAK WIND IN M.P.H.
PRELIMINARY LOCAL CLIMATOLOGICAL DATA (WS FORM: F-6) , PAGE 2
STATION: MORRISVILLE VT
MONTH: MAY
YEAR: 2020
LATITUDE: 44 31 N
LONGITUDE: 72 37 W
[TEMPERATURE DATA] [PRECIPITATION DATA] SYMBOLS USED IN COLUMN 16
AVERAGE MONTHLY: 53.5 TOTAL FOR MONTH: 2.73 1 = FOG OR MIST
DPTR FM NORMAL: -0.4 DPTR FM NORMAL: -0.54 2 = FOG REDUCING VISIBILITY
HIGHEST: 93 ON 27 GRTST 24HR 0.96 ON 11-11 TO 1/4 MILE OR LESS
LOWEST: 27 ON 13 3 = THUNDER
SNOW, ICE PELLETS, HAIL 4 = ICE PELLETS
TOTAL MONTH: M 5 = HAIL
GRTST 24HR M ON M 6 = FREEZING RAIN OR DRIZZLE
GRTST DEPTH: M ON M 7 = DUSTSTORM OR SANDSTORM:
VSBY 1/2 MILE OR LESS
8 = SMOKE OR HAZE
[NO. OF DAYS WITH] [WEATHER - DAYS WITH] 9 = BLOWING SNOW
X = TORNADO
MAX 32 OR BELOW: 0 0.01 INCH OR MORE: 11
MAX 90 OR ABOVE: 1 0.10 INCH OR MORE: 6
MIN 32 OR BELOW: 10 0.50 INCH OR MORE: 1
MIN 0 OR BELOW: 0 1.00 INCH OR MORE: 0
[HDD (BASE 65) ]
TOTAL THIS MO. 381 CLEAR (SCALE 0-3) 13
DPTR FM NORMAL 30 PTCLDY (SCALE 4-7) 10
TOTAL FM JUL 1 7881 CLOUDY (SCALE 8-10) 8
DPTR FM NORMAL -251
[CDD (BASE 65) ]
TOTAL THIS MO. 35
DPTR FM NORMAL 28 [PRESSURE DATA]
TOTAL FM JAN 1 35 HIGHEST SLP M ON M
DPTR FM NORMAL 27 LOWEST SLP 29.57 ON 3
[REMARKS]
#FINAL-05-20#