000
CXUS56 KOTX 010900
CF6MWH
PRELIMINARY LOCAL CLIMATOLOGICAL DATA (WS FORM: F-6)
STATION: MOSES LAKE WA AIRPORT
MONTH: APRIL
YEAR: 2020
LATITUDE: 47 12 N
LONGITUDE: 119 19 W
TEMPERATURE IN F: :PCPN: SNOW: WIND :SUNSHINE: SKY :PK WND
================================================================================
1 2 3 4 5 6A 6B 7 8 9 10 11 12 13 14 15 16 17 18
12Z AVG MX 2MIN
DY MAX MIN AVG DEP HDD CDD WTR SNW DPTH SPD SPD DIR MIN PSBL S-S WX SPD DR
================================================================================
1 54 26 40 -7 25 0 0.01 M M 7.6 17 260 M M 3 21 260
2 53 26 40 -7 25 0 0.00 M M 6.6 15 180 M M 4 22 210
3 55 31 43 -5 22 0 0.00 M M 12.4 28 290 M M 3 36 280
4 56 25 41 -7 24 0 0.00 M M 5.7 15 100 M M 3 19 90
5 58 37 48 0 17 0 0.00 M M 5.6 13 70 M M 7 17 360
6 67 30 49 1 16 0 0.00 M M 6.5 18 230 M M 1 26 220
7 71 37 54 6 11 0 0.00 M M 7.8 17 280 M M 0 23 280
8 70 34 52 4 13 0 0.00 M M 5.4 16 10 M M 0 19 360
9 75 35 55 6 10 0 0.00 M M 5.9 13 190 M M 0 25 180
10 80 35 58 9 7 0 0.00 M M 9.4 25 290 M M 0 36 290
11 62 38 50 1 15 0 0.00 M M 18.5 36 360 M M 2 8 44 360
12 59 26 43 -6 22 0 0.00 M M 7.0 18 360 M M 0 24 40
13 65 26 46 -3 19 0 0.00 M M 8.2 18 330 M M 0 24 340
14 73 38 56 6 9 0 0.00 M M 8.3 23 340 M M 3 28 330
15 64 42 53 3 12 0 T M M 15.3 35 10 M M 2 78 40 360
16 63 34 49 -1 16 0 0.00 M M 5.3 12 210 M M 2 16 210
17 75 31 53 3 12 0 0.00 M M 8.8 16 170 M M 0 21 140
18 72 49 61 10 4 0 T M M 6.9 13 80 M M 7 19 290
19 72 41 57 6 8 0 0.00 M M 4.8 13 170 M M 3 17 210
20 76 39 58 7 7 0 0.00 M M 4.6 14 180 M M 0 20 150
21 74 42 58 7 7 0 0.00 M M 8.2 22 290 M M 0 27 290
22 59 45 52 0 13 0 0.09 M M 5.8 14 160 M M 5 18 210
23 73 47 60 8 5 0 0.00 M M 9.4 23 290 M M 3 35 270
24 70 41 56 4 9 0 0.00 M M 4.8 12 170 M M 3 15 230
25 74 46 60 8 5 0 T M M 10.4 25 290 M M 3 31 290
26 69 41 55 2 10 0 0.00 M M 8.6 18 180 M M 1 24 180
27 76 49 63 10 2 0 0.00 M M 12.9 32 260 M M 2 40 250
28 72 41 57 4 8 0 0.00 M M 4.2 13 200 M M 1 18 19 150
29 78 50 64 10 1 0 0.00 M M 7.8 13 250 M M 0 19 210
30 72 49 61 7 4 0 0.00 M M 11.9 23 280 M M 0 30 260
================================================================================
SM 2037 1131 358 0 0.10 M 244.6 M 58
================================================================================
AV 67.9 37.7 8.2 FASTST M M 2 MAX(MPH)
MISC ----> # 36 360 # 44 360
================================================================================
NOTES:
# LAST OF SEVERAL OCCURRENCES
COLUMN 17 PEAK WIND IN M.P.H.
PRELIMINARY LOCAL CLIMATOLOGICAL DATA (WS FORM: F-6) , PAGE 2
STATION: MOSES LAKE WA AIRPORT
MONTH: APRIL
YEAR: 2020
LATITUDE: 47 12 N
LONGITUDE: 119 19 W
[TEMPERATURE DATA] [PRECIPITATION DATA] SYMBOLS USED IN COLUMN 16
AVERAGE MONTHLY: 52.8 TOTAL FOR MONTH: 0.10 1 = FOG OR MIST
DPTR FM NORMAL: 2.6 DPTR FM NORMAL: -0.60 2 = FOG REDUCING VISIBILITY
HIGHEST: 80 ON 10 GRTST 24HR 0.09 ON 22-22 TO 1/4 MILE OR LESS
LOWEST: 25 ON 4 3 = THUNDER
SNOW, ICE PELLETS, HAIL 4 = ICE PELLETS
TOTAL MONTH: M 5 = HAIL
GRTST 24HR M ON M 6 = FREEZING RAIN OR DRIZZLE
GRTST DEPTH: M ON M 7 = DUSTSTORM OR SANDSTORM:
VSBY 1/2 MILE OR LESS
8 = SMOKE OR HAZE
[NO. OF DAYS WITH] [WEATHER - DAYS WITH] 9 = BLOWING SNOW
X = TORNADO
MAX 32 OR BELOW: 0 0.01 INCH OR MORE: 2
MAX 90 OR ABOVE: 0 0.10 INCH OR MORE: 0
MIN 32 OR BELOW: 8 0.50 INCH OR MORE: 0
MIN 0 OR BELOW: 0 1.00 INCH OR MORE: 0
[HDD (BASE 65) ]
TOTAL THIS MO. 358 CLEAR (SCALE 0-3) 24
DPTR FM NORMAL -87 PTCLDY (SCALE 4-7) 6
TOTAL FM JUL 1 5046 CLOUDY (SCALE 8-10) 0
DPTR FM NORMAL -571
[CDD (BASE 65) ]
TOTAL THIS MO. 0
DPTR FM NORMAL -1 [PRESSURE DATA]
TOTAL FM JAN 1 0 HIGHEST SLP M ON M
DPTR FM NORMAL -1 LOWEST SLP 29.57 ON M
[REMARKS]
#FINAL-04-20#