000
CXUS56 KSTO 060122
CF6MYV
PRELIMINARY LOCAL CLIMATOLOGICAL DATA (WS FORM: F-6)
STATION: MARYSVILLE AIRPORT CA
MONTH: MAY
YEAR: 2020
LATITUDE: 39 5 N
LONGITUDE: 121 34 W
TEMPERATURE IN F: :PCPN: SNOW: WIND :SUNSHINE: SKY :PK WND
================================================================================
1 2 3 4 5 6A 6B 7 8 9 10 11 12 13 14 15 16 17 18
12Z AVG MX 2MIN
DY MAX MIN AVG DEP HDD CDD WTR SNW DPTH SPD SPD DIR MIN PSBL S-S WX SPD DR
================================================================================
1 83 46 65 2 0 0 0.00 0.0 0 6.1 14 140 M M 0 18 150
2 78 54 66 3 0 1 0.00 0.0 0 12.4 20 150 M M 0 27 150
3 79 51 65 1 0 0 0.00 0.0 0 5.4 13 340 M M 1 14 330
4 84 47 66 2 0 1 0.00 0.0 0 3.1 10 90 M M 0 26 40
5 87 50 69 5 0 4 0.00 0.0 0 8.0 17 140 M M 0 8 22 150
6 87 49 68 4 0 3 0.00 0.0 0 11.3 23 330 M M 0 28 330
7 93 60 77 13 0 12 0.00 0.0 0 6.9 20 330 M M 0 27 360
8 95 51 73 8 0 8 0.00 0.0 0 2.9 12 40 M M 0 8 31 330
9 95 55 75 10 0 10 0.00 0.0 0 7.7 15 180 M M 0 17 180
10 84 57 71 6 0 6 0.00 0.0 0 13.6 22 110 M M 0 27 110
11 74 54 64 -2 1 0 0.08 0.0 0 11.8 22 180 M M 5 1 26 180
12 73 55 64 -2 1 0 0.04 0.0 0 12.3 22 200 M M 5 1 30 200
13 68 52 60 -6 5 0 0.01 0.0 0 9.6 16 210 M M 5 20 160
14 73 55 64 -2 1 0 T 0.0 0 9.8 17 140 M M 8 21 190
15 80 51 66 0 0 1 0.00 0.0 0 4.6 12 340 M M 0 19 310
16 84 59 72 5 0 7 0.07 0.0 0 11.0 21 160 M M 2 18 25 160
17 76 59 68 1 0 3 0.10 0.0 0 13.2 23 200 M M 7 1 28 200
18 71 50 61 -6 4 0 0.41 0.0 0 7.8 22 180 M M 7 13 31 180
19 74 48 61 -6 4 0 0.00 0.0 0 5.6 18 150 M M 4 24 140
20 78 55 67 -1 0 2 0.00 0.0 0 5.8 17 150 M M 2 25 150
21 85 51 68 0 0 3 0.00 0.0 0 5.0 15 180 M M 0 18 180
22 79 54 67 -1 0 2 0.00 0.0 0 9.1 20 320 M M 0 25 350
23 86 55 71 3 0 6 0.00 0.0 0 8.2 16 330 M M 0 21 320
24 93 51 72 4 0 7 0.00 0.0 0 3.2 13 360 M M 0 16 300
25 97 57 77 8 0 12 0.00 0.0 0 3.5 9 180 M M 0 14 210
26 102 63 83 14 0 18 0.00 0.0 0 3.0 10 160 M M 0 14 240
27 103 66 85 16 0 20 0.00 0.0 0 3.8 10 210 M M 0 15 200
28 102 65 84 15 0 19 0.00 0.0 0 6.0 15 140 M M 0 20 140
29 90 61 76 6 0 11 T 0.0 0 9.7 24 150 M M 0 32 150
30 80 59 70 0 0 5 0.15 0.0 0 8.2 22 140 M M 4 13 28 150
31 81 59 70 0 0 5 0.00 0.0 0 4.7 13 210 M M 2 16 190
================================================================================
SM 2614 1699 16 166 0.86 0.0 233.3 M 52
================================================================================
AV 84.3 54.8 7.5 FASTST M M 2 MAX(MPH)
MISC ----> # 24 150 # 32 150
================================================================================
NOTES:
# LAST OF SEVERAL OCCURRENCES
COLUMN 17 PEAK WIND IN M.P.H.
PRELIMINARY LOCAL CLIMATOLOGICAL DATA (WS FORM: F-6) , PAGE 2
STATION: MARYSVILLE AIRPORT CA
MONTH: MAY
YEAR: 2020
LATITUDE: 39 5 N
LONGITUDE: 121 34 W
[TEMPERATURE DATA] [PRECIPITATION DATA] SYMBOLS USED IN COLUMN 16
AVERAGE MONTHLY: 69.6 TOTAL FOR MONTH: 0.86 1 = FOG OR MIST
DPTR FM NORMAL: 3.0 DPTR FM NORMAL: -0.22 2 = FOG REDUCING VISIBILITY
HIGHEST: 103 ON 27 GRTST 24HR 0.41 ON 18-18 TO 1/4 MILE OR LESS
LOWEST: 46 ON 1 3 = THUNDER
SNOW, ICE PELLETS, HAIL 4 = ICE PELLETS
TOTAL MONTH: 0.0 INCH 5 = HAIL
GRTST 24HR 0.0 6 = FREEZING RAIN OR DRIZZLE
GRTST DEPTH: 0 7 = DUSTSTORM OR SANDSTORM:
VSBY 1/2 MILE OR LESS
8 = SMOKE OR HAZE
[NO. OF DAYS WITH] [WEATHER - DAYS WITH] 9 = BLOWING SNOW
X = TORNADO
MAX 32 OR BELOW: 0 0.01 INCH OR MORE: 7
MAX 90 OR ABOVE: 9 0.10 INCH OR MORE: 3
MIN 32 OR BELOW: 0 0.50 INCH OR MORE: 0
MIN 0 OR BELOW: 0 1.00 INCH OR MORE: 0
[HDD (BASE 65) ]
TOTAL THIS MO. 16 CLEAR (SCALE 0-3) 23
DPTR FM NORMAL -40 PTCLDY (SCALE 4-7) 8
TOTAL FM JUL 1 2308 CLOUDY (SCALE 8-10) 0
DPTR FM NORMAL -423
[CDD (BASE 65) ]
TOTAL THIS MO. 166
DPTR FM NORMAL 59 [PRESSURE DATA]
TOTAL FM JAN 1 212 HIGHEST SLP 30.21 ON 6
DPTR FM NORMAL 87 LOWEST SLP 29.70 ON 29
[REMARKS]
#FINAL-05-20#