000
CXUS53 KBIS 010830
CF6N60
PRELIMINARY LOCAL CLIMATOLOGICAL DATA (WS FORM: F-6)
STATION: GARRISON (AMOS) ND
MONTH: AUGUST
YEAR: 2021
LATITUDE: 47 39 N
LONGITUDE: 101 23 W
TEMPERATURE IN F: :PCPN: SNOW: WIND :SUNSHINE: SKY :PK WND
================================================================================
1 2 3 4 5 6A 6B 7 8 9 10 11 12 13 14 15 16 17 18
12Z AVG MX 2MIN
DY MAX MIN AVG DEP HDD CDD WTR SNW DPTH SPD SPD DIR MIN PSBL S-S WX SPD DR
================================================================================
1 88 52 70 1 0 5 0.00 M M 4.1 12 210 M M 0 17 270
2 91 55 73 4 0 8 0.00 M M 3.5 10 90 M M 0 15 200
3 92 58 75 6 0 10 0.00 M M 5.0 16 190 M M 0 23 200
4 92 64 78 9 0 13 0.04 M M 9.2 23 340 M M 0 36 340
5 82 56 69 0 0 4 0.00 M M 5.5 13 350 M M 0 17 30
6 83 56 70 1 0 5 0.00 M M 8.1 18 130 M M 0 24 130
7 86 65 76 7 0 11 0.01 M M 5.2 12 200 M M 0 17 200
8 99 60 80 11 0 15 0.00 M M 6.1 16 210 M M 0 24 210
9 77 55 66 -3 0 1 0.18 M M 11.8 26 80 M M 0 41 80
10 85 53 69 0 0 4 0.00 M M 12.2 26 270 M M 0 37 270
11 88 51 70 1 0 5 0.00 M M 15.8 36 300 M M 0 47 300
12 79 48 64 -5 1 0 0.00 M M 15.2 35 320 M M 0 44 320
13 86 45 66 -2 0 1 0.00 M M 8.0 22 310 M M 0 34 300
14 96 59 78 10 0 13 0.00 M M 5.5 16 250 M M 0 26 270
15 102 52 77 9 0 12 0.00 M M 4.8 16 270 M M 0 23 290
16 104 61 83 15 0 18 0.00 M M 6.0 23 260 M M 0 29 260
17 89 65 77 9 0 12 0.00 M M 9.6 21 90 M M 0 29 80
18 96 59 78 10 0 13 0.00 M M 11.0 25 340 M M 0 36 360
19 77 58 68 1 0 3 0.00 M M 7.6 17 320 M M 0 23 80
20 64 51 58 -9 7 0 1.10 M M 12.6 28 310 M M 0 39 310
21 74 50 62 -5 3 0 0.00 M M 11.3 26 320 M M 0 36 320
22 77 57 67 0 0 2 0.02 M M 17.6 36 260 M M 0 50 260
23 80 49 65 -1 0 0 0.00 M M 11.1 24 100 M M 0 31 90
24 75 49 62 -4 3 0 0.00 M M 13.1 25 320 M M 0 32 320
25 71 43 57 -9 8 0 0.00 M M 8.2 14 80 M M 0 19 90
26 65 53 59 -7 6 0 0.00 M M 13.8 25 100 M M 0 33 100
27 71 55 63 -2 2 0 0.00 M M 6.5 18 90 M M 0 25 80
28 79 50 65 0 0 0 0.01 M M 8.3 22 300 M M 0 32 300
29 82 51 67 2 0 2 0.00 M M 9.2 22 300 M M 0 30 310
30 79 52 66 2 0 1 0.38 M M 7.9 20 320 M M 0 27 150
31 82 56 69 5 0 4 0.00 M M 13.4 25 140 M M 0 33 160
================================================================================
SM 2591 1688 30 162 1.74 M 287.2 M 0
================================================================================
AV 83.6 54.5 9.3 FASTST M M 0 MAX(MPH)
MISC ----> # 36 300 50 260
================================================================================
NOTES:
# LAST OF SEVERAL OCCURRENCES
COLUMN 17 PEAK WIND IN M.P.H.
PRELIMINARY LOCAL CLIMATOLOGICAL DATA (WS FORM: F-6) , PAGE 2
STATION: GARRISON (AMOS) ND
MONTH: AUGUST
YEAR: 2021
LATITUDE: 47 39 N
LONGITUDE: 101 23 W
[TEMPERATURE DATA] [PRECIPITATION DATA] SYMBOLS USED IN COLUMN 16
AVERAGE MONTHLY: 69.0 TOTAL FOR MONTH: 1.74 1 = FOG OR MIST
DPTR FM NORMAL: 1.5 DPTR FM NORMAL: -0.03 2 = FOG REDUCING VISIBILITY
HIGHEST: 104 ON 16 GRTST 24HR 1.10 ON 20-20 TO 1/4 MILE OR LESS
LOWEST: 43 ON 25 3 = THUNDER
SNOW, ICE PELLETS, HAIL 4 = ICE PELLETS
TOTAL MONTH: M 5 = HAIL
GRTST 24HR M ON M 6 = FREEZING RAIN OR DRIZZLE
GRTST DEPTH: M ON M 7 = DUSTSTORM OR SANDSTORM:
VSBY 1/2 MILE OR LESS
8 = SMOKE OR HAZE
[NO. OF DAYS WITH] [WEATHER - DAYS WITH] 9 = BLOWING SNOW
X = TORNADO
MAX 32 OR BELOW: 0 0.01 INCH OR MORE: 7
MAX 90 OR ABOVE: 8 0.10 INCH OR MORE: 3
MIN 32 OR BELOW: 0 0.50 INCH OR MORE: 1
MIN 0 OR BELOW: 0 1.00 INCH OR MORE: 1
[HDD (BASE 65) ]
TOTAL THIS MO. 30 CLEAR (SCALE 0-3) 31
DPTR FM NORMAL -18 PTCLDY (SCALE 4-7) 0
TOTAL FM JUL 1 35 CLOUDY (SCALE 8-10) 0
DPTR FM NORMAL -47
[CDD (BASE 65) ]
TOTAL THIS MO. 162
DPTR FM NORMAL 35 [PRESSURE DATA]
TOTAL FM JAN 1 644 HIGHEST SLP 30.29 ON 1
DPTR FM NORMAL 339 LOWEST SLP 29.50 ON 22
[REMARKS]
#FINAL-08-21#