000
CDUS41 KOKX 170618
CLINYC


CLIMATE REPORT
NATIONAL WEATHER SERVICE NEW YORK NY
218 AM EDT TUE APR 17 2018


...................................

...THE CENTRAL PARK NY CLIMATE SUMMARY FOR APRIL 16 2018...

CLIMATE NORMAL PERIOD 1981 TO 2010
CLIMATE RECORD PERIOD 1869 TO 2018


WEATHER ITEM   OBSERVED TIME   RECORD YEAR NORMAL DEPARTURE LAST
                VALUE   (LST)  VALUE       VALUE  FROM      YEAR
                                                  NORMAL
..................................................................
TEMPERATURE (F)
 YESTERDAY
  MAXIMUM         60   1157 AM  92    2002  62     -2       87
  MINIMUM         39   1238 AM  29    1928  45     -6       59
  AVERAGE         50                        53     -3       73

PRECIPITATION (IN)
  YESTERDAY        2.82          3.29 1983   0.14   2.68      T
  MONTH TO DATE    4.30                      2.52   1.78     1.96
  SINCE MAR 1      9.47                      6.88   2.59     7.21
  SINCE JAN 1     17.48                     13.62   3.86    14.52

SNOWFALL (IN)
  YESTERDAY        0.0           T    2014   0.0    0.0      0.0
                                      2000
                                      2000
  MONTH TO DATE    5.5                       0.5    5.0      0.0
  SINCE OCT 1     40.9                      25.7   15.2     30.2
  SINCE JUL 1     40.9                      25.7   15.2     30.2
  SNOW DEPTH       0

DEGREE DAYS
 HEATING
  YESTERDAY       15                        12      3        0
  MONTH TO DATE  287                       234     53      157
  SINCE MAR 1   1052                       934    118      950
  SINCE JUL 1   4298                      4456   -158     3933

 COOLING
  YESTERDAY        0                         0      0        8
  MONTH TO DATE    6                         0      6       16
  SINCE MAR 1      6                         1      5       16
  SINCE JAN 1      8                         1      7       16
..................................................................


WIND (MPH)
  HIGHEST WIND SPEED    28   HIGHEST WIND DIRECTION    NE (60)
  HIGHEST GUST SPEED    43   HIGHEST GUST DIRECTION    NE (50)
  AVERAGE WIND SPEED    11.3


SKY COVER
  AVERAGE SKY COVER 0.9


WEATHER CONDITIONS
 THE FOLLOWING WEATHER WAS RECORDED YESTERDAY.
  HEAVY RAIN
  RAIN
  LIGHT RAIN
  FOG


RELATIVE HUMIDITY (PERCENT)
 HIGHEST    96           800 AM
 LOWEST     65          1100 PM
 AVERAGE    81

..........................................................


THE CENTRAL PARK NY CLIMATE NORMALS FOR TODAY
                         NORMAL    RECORD    YEAR
 MAXIMUM TEMPERATURE (F)   62        96      2002
 MINIMUM TEMPERATURE (F)   45        28      1875


SUNRISE AND SUNSET
APRIL 17 2018.........SUNRISE   614 AM EDT   SUNSET   737 PM EDT
APRIL 18 2018.........SUNRISE   613 AM EDT   SUNSET   739 PM EDT


-  INDICATES NEGATIVE NUMBERS.
R  INDICATES RECORD WAS SET OR TIED.
MM INDICATES DATA IS MISSING.
T  INDICATES TRACE AMOUNT.




$$
