000
CDUS41 KOKX 140617
CLINYC


CLIMATE REPORT
NATIONAL WEATHER SERVICE NEW YORK NY
217 AM EDT SAT APR 14 2018


...................................

...THE CENTRAL PARK NY CLIMATE SUMMARY FOR APRIL 13 2018...

CLIMATE NORMAL PERIOD 1981 TO 2010
CLIMATE RECORD PERIOD 1869 TO 2018


WEATHER ITEM   OBSERVED TIME   RECORD YEAR NORMAL DEPARTURE LAST
                VALUE   (LST)  VALUE       VALUE  FROM      YEAR
                                                  NORMAL
..................................................................
TEMPERATURE (F)
 YESTERDAY
  MAXIMUM         82    411 PM  88    1977  60     22       65
  MINIMUM         60    153 AM  25    1874  44     16       48
  AVERAGE         71                        52     19       57

PRECIPITATION (IN)
  YESTERDAY        0.00          1.26 1920   0.16  -0.16     0.00
  MONTH TO DATE    1.01                      2.07  -1.06     1.96
  SINCE MAR 1      6.18                      6.43  -0.25     7.21
  SINCE JAN 1     14.19                     13.17   1.02    14.52

SNOWFALL (IN)
  YESTERDAY        0.0          10.0  1875   0.0    0.0      0.0
  MONTH TO DATE    5.5                       0.4    5.1      0.0
  SINCE OCT 1     40.9                      25.6   15.3     30.2
  SINCE JUL 1     40.9                      25.6   15.3     30.2
  SNOW DEPTH       0

DEGREE DAYS
 HEATING
  YESTERDAY        0                        13    -13        8
  MONTH TO DATE  244                       197     47      142
  SINCE MAR 1   1009                       897    112      935
  SINCE JUL 1   4255                      4419   -164     3918

 COOLING
  YESTERDAY        6                         0      6        0
  MONTH TO DATE    6                         0      6        8
  SINCE MAR 1      6                         1      5        8
  SINCE JAN 1      8                         1      7        8
..................................................................


WIND (MPH)
  HIGHEST WIND SPEED    18   HIGHEST WIND DIRECTION     W (250)
  HIGHEST GUST SPEED    31   HIGHEST GUST DIRECTION     W (250)
  AVERAGE WIND SPEED     5.5


SKY COVER
  AVERAGE SKY COVER 0.0


WEATHER CONDITIONS
 THE FOLLOWING WEATHER WAS RECORDED YESTERDAY.
  NO SIGNIFICANT WEATHER WAS OBSERVED.


RELATIVE HUMIDITY (PERCENT)
 HIGHEST    49          1200 AM
 LOWEST     22           400 PM
 AVERAGE    36

..........................................................


THE CENTRAL PARK NY CLIMATE NORMALS FOR TODAY
                         NORMAL    RECORD    YEAR
 MAXIMUM TEMPERATURE (F)   61        85      1941
 MINIMUM TEMPERATURE (F)   44        26      1950


SUNRISE AND SUNSET
APRIL 14 2018.........SUNRISE   619 AM EDT   SUNSET   734 PM EDT
APRIL 15 2018.........SUNRISE   617 AM EDT   SUNSET   735 PM EDT


-  INDICATES NEGATIVE NUMBERS.
R  INDICATES RECORD WAS SET OR TIED.
MM INDICATES DATA IS MISSING.
T  INDICATES TRACE AMOUNT.




$$
