453
CDUS41 KOKX 210627
CLINYC


CLIMATE REPORT
NATIONAL WEATHER SERVICE NEW YORK NY
227 AM EDT SAT APR 21 2018


...................................

...THE CENTRAL PARK NY CLIMATE SUMMARY FOR APRIL 20 2018...

CLIMATE NORMAL PERIOD 1981 TO 2010
CLIMATE RECORD PERIOD 1869 TO 2018


WEATHER ITEM   OBSERVED TIME   RECORD YEAR NORMAL DEPARTURE LAST
                VALUE   (LST)  VALUE       VALUE  FROM      YEAR
                                                  NORMAL
..................................................................
TEMPERATURE (F)
 YESTERDAY
  MAXIMUM         50    433 PM  90    1927  63    -13       66
  MINIMUM         37    644 AM  24    1897  46     -9       50
  AVERAGE         44                        55    -11       58

PRECIPITATION (IN)
  YESTERDAY        0.00          1.96 1893   0.14  -0.14     0.17
  MONTH TO DATE    4.45                      3.10   1.35     2.13
  SINCE MAR 1      9.62                      7.46   2.16     7.38
  SINCE JAN 1     17.63                     14.20   3.43    14.69

SNOWFALL (IN)
  YESTERDAY        0.0           T    1953   0.0    0.0      0.0
                                      2000
                                      2000
  MONTH TO DATE    5.5                       0.6    4.9      0.0
  SINCE OCT 1     40.9                      25.8   15.1     30.2
  SINCE JUL 1     40.9                      25.8   15.1     30.2
  SNOW DEPTH       0

DEGREE DAYS
 HEATING
  YESTERDAY       21                        11     10        7
  MONTH TO DATE  370                       279     91      188
  SINCE MAR 1   1135                       979    156      981
  SINCE JUL 1   4381                      4501   -120     3964

 COOLING
  YESTERDAY        0                         0      0        0
  MONTH TO DATE    6                         0      6       17
  SINCE MAR 1      6                         1      5       17
  SINCE JAN 1      8                         1      7       17
..................................................................


WIND (MPH)
  HIGHEST WIND SPEED    20   HIGHEST WIND DIRECTION    NW (310)
  HIGHEST GUST SPEED    30   HIGHEST GUST DIRECTION    NW (300)
  AVERAGE WIND SPEED     8.5


SKY COVER
  AVERAGE SKY COVER 0.2


WEATHER CONDITIONS
 THE FOLLOWING WEATHER WAS RECORDED YESTERDAY.
  NO SIGNIFICANT WEATHER WAS OBSERVED.


RELATIVE HUMIDITY (PERCENT)
 HIGHEST    59           300 AM
 LOWEST     33           400 PM
 AVERAGE    46

..........................................................


THE CENTRAL PARK NY CLIMATE NORMALS FOR TODAY
                         NORMAL    RECORD    YEAR
 MAXIMUM TEMPERATURE (F)   63        87      1923
 MINIMUM TEMPERATURE (F)   47        26      1875


SUNRISE AND SUNSET
APRIL 21 2018.........SUNRISE   608 AM EDT   SUNSET   742 PM EDT
APRIL 22 2018.........SUNRISE   607 AM EDT   SUNSET   743 PM EDT


-  INDICATES NEGATIVE NUMBERS.
R  INDICATES RECORD WAS SET OR TIED.
MM INDICATES DATA IS MISSING.
T  INDICATES TRACE AMOUNT.




$$
