173
CDUS41 KOKX 190625
CLINYC


CLIMATE REPORT
NATIONAL WEATHER SERVICE NEW YORK NY
225 AM EDT SAT MAY 19 2018


...................................

...THE CENTRAL PARK NY CLIMATE SUMMARY FOR MAY 18 2018...

CLIMATE NORMAL PERIOD 1981 TO 2010
CLIMATE RECORD PERIOD 1869 TO 2018


WEATHER ITEM   OBSERVED TIME   RECORD YEAR NORMAL DEPARTURE LAST
                VALUE   (LST)  VALUE       VALUE  FROM      YEAR
                                                  NORMAL
..................................................................
TEMPERATURE (F)
 YESTERDAY
  MAXIMUM         67    115 AM  92    2017  71     -4       92
  MINIMUM         56   1159 PM  41    1973  55      1       75
  AVERAGE         62                        63     -1       84

PRECIPITATION (IN)
  YESTERDAY        0.00          2.18 2011   0.13  -0.13     0.00
  MONTH TO DATE    1.76                      2.29  -0.53     4.84
  SINCE MAR 1     12.71                     11.15   1.56    13.93
  SINCE JAN 1     20.72                     17.89   2.83    21.24

SNOWFALL (IN)
  YESTERDAY        0.0           0.0  2002   0.0    0.0      0.0
                                      2001
  MONTH TO DATE    0.0                       0.0    0.0      0.0
  SINCE OCT 1     40.9                      25.8   15.1     30.2
  SINCE JUL 1     40.9                      25.8   15.1     30.2
  SNOW DEPTH       0

DEGREE DAYS
 HEATING
  YESTERDAY        3                         4     -1        0
  MONTH TO DATE   43                       101    -58      124
  SINCE MAR 1   1274                      1172    102     1178
  SINCE JUL 1   4520                      4694   -174     4161

 COOLING
  YESTERDAY        0                         2     -2       19
  MONTH TO DATE   60                        22     38       39
  SINCE MAR 1     66                        34     32       73
  SINCE JAN 1     68                        34     34       73
..................................................................


WIND (MPH)
  HIGHEST WIND SPEED    16   HIGHEST WIND DIRECTION     E (70)
  HIGHEST GUST SPEED    25   HIGHEST GUST DIRECTION     E (70)
  AVERAGE WIND SPEED     5.9


SKY COVER
  AVERAGE SKY COVER 0.5


WEATHER CONDITIONS
 THE FOLLOWING WEATHER WAS RECORDED YESTERDAY.
  FOG


RELATIVE HUMIDITY (PERCENT)
 HIGHEST    93          1200 AM
 LOWEST     37           800 PM
 AVERAGE    65

..........................................................


THE CENTRAL PARK NY CLIMATE NORMALS FOR TODAY
                         NORMAL    RECORD    YEAR
 MAXIMUM TEMPERATURE (F)   72        99      1962
 MINIMUM TEMPERATURE (F)   55        38      1976


SUNRISE AND SUNSET
MAY 19 2018...........SUNRISE   535 AM EDT   SUNSET   810 PM EDT
MAY 20 2018...........SUNRISE   534 AM EDT   SUNSET   811 PM EDT


-  INDICATES NEGATIVE NUMBERS.
R  INDICATES RECORD WAS SET OR TIED.
MM INDICATES DATA IS MISSING.
T  INDICATES TRACE AMOUNT.




$$
