000
CDUS41 KOKX 110621
CLINYC


CLIMATE REPORT
NATIONAL WEATHER SERVICE NEW YORK NY
221 AM EDT WED APR 11 2018


...................................

...THE CENTRAL PARK NY CLIMATE SUMMARY FOR APRIL 10 2018...

CLIMATE NORMAL PERIOD 1981 TO 2010
CLIMATE RECORD PERIOD 1869 TO 2018


WEATHER ITEM   OBSERVED TIME   RECORD YEAR NORMAL DEPARTURE LAST
                VALUE   (LST)  VALUE       VALUE  FROM      YEAR
                                                  NORMAL
..................................................................
TEMPERATURE (F)
 YESTERDAY
  MAXIMUM         51    258 PM  86    1922  59     -8       74
  MINIMUM         38    722 AM  28    1997  43     -5       53
                                      1985
                                      1974
  AVERAGE         45                        51     -6       64

PRECIPITATION (IN)
  YESTERDAY        0.01          4.31 1983   0.17  -0.16     0.00
  MONTH TO DATE    1.01                      1.59  -0.58     1.94
  SINCE MAR 1      6.18                      5.95   0.23     7.19
  SINCE JAN 1     14.19                     12.69   1.50    14.50

SNOWFALL (IN)
  YESTERDAY        0.0           0.5  1882   0.1   -0.1      0.0
  MONTH TO DATE    5.5                       0.4    5.1      0.0
  SINCE OCT 1     40.9                      25.6   15.3     30.2
  SINCE JUL 1     40.9                      25.6   15.3     30.2
  SNOW DEPTH       0

DEGREE DAYS
 HEATING
  YESTERDAY       20                        14      6        1
  MONTH TO DATE  213                       157     56      134
  SINCE MAR 1    978                       857    121      927
  SINCE JUL 1   4224                      4379   -155     3910

 COOLING
  YESTERDAY        0                         0      0        0
  MONTH TO DATE    0                         0      0        0
  SINCE MAR 1      0                         1     -1        0
  SINCE JAN 1      2                         1      1        0
..................................................................


WIND (MPH)
  HIGHEST WIND SPEED    12   HIGHEST WIND DIRECTION     N (10)
  HIGHEST GUST SPEED    20   HIGHEST GUST DIRECTION    NW (320)
  AVERAGE WIND SPEED     4.8


SKY COVER
  AVERAGE SKY COVER 0.7


WEATHER CONDITIONS
 THE FOLLOWING WEATHER WAS RECORDED YESTERDAY.
  LIGHT RAIN
  FOG
  HAZE


RELATIVE HUMIDITY (PERCENT)
 HIGHEST    79           300 AM
 LOWEST     31           500 PM
 AVERAGE    55

..........................................................


THE CENTRAL PARK NY CLIMATE NORMALS FOR TODAY
                         NORMAL    RECORD    YEAR
 MAXIMUM TEMPERATURE (F)   60        84      1955
 MINIMUM TEMPERATURE (F)   43        24      1909


SUNRISE AND SUNSET
APRIL 11 2018.........SUNRISE   623 AM EDT   SUNSET   731 PM EDT
APRIL 12 2018.........SUNRISE   622 AM EDT   SUNSET   732 PM EDT


-  INDICATES NEGATIVE NUMBERS.
R  INDICATES RECORD WAS SET OR TIED.
MM INDICATES DATA IS MISSING.
T  INDICATES TRACE AMOUNT.




$$
